Select a Year or Month report
Report for 2022 Sep
Monthly Climatological Summary for Sep 2022
Name: Meteo Sarzana City: Sarzana State: Italy
Elevation: 21 m Lat: N 44� 06' 03" Lon: E 009� 59' 08"
Temperature (�C), Rain (mm), Wind Speed (km/h)
Heat Cool Avg
Mean Deg Deg Wind Dom
Day Temp High Time Low Time Days Days Rain Speed High Time Dir
----------------------------------------------------------------------------------
01 24.4 30.6 15:24 19.7 07:03 0.0 6.1 0.0 2.3 19.0 12:26 SSE
02 22.9 28.4 12:57 18.8 04:33 0.0 4.6 0.2 2.5 23.0 13:52 S
03 20.5 27.0 17:39 18.3 06:07 0.0 1.5 0.4 1.3 19.0 21:47 W
04 23.0 30.2 14:00 16.7 07:18 0.1 4.8 0.0 2.4 21.0 15:06 SSW
05 23.8 31.8 15:12 17.1 07:05 0.2 5.7 0.0 0.1 5.0 01:33 NW
06 23.1 30.6 13:45 16.0 07:00 0.4 5.2 0.0 0.2 5.0 04:20 SE
07 24.8 31.8 14:35 19.3 07:31 0.0 6.5 0.0 2.0 19.0 13:23 S
08 24.9 29.0 15:05 21.6 23:58 0.0 6.6 1.2 3.4 34.0 14:24 S
09 24.3 29.3 14:52 19.2 06:44 0.0 6.0 0.0 4.2 31.0 16:59 S
10 24.5 27.7 15:23 19.4 23:59 0.0 6.2 0.0 4.6 26.0 12:49 SSE
11 22.0 28.4 14:43 16.7 07:08 0.3 4.1 0.0 0.1 8.0 04:29 S
12 22.0 29.7 14:45 14.9 07:20 0.7 4.4 0.0 0.1 5.0 05:23 SSE
13 21.2 28.5 15:01 14.3 06:59 1.0 3.9 0.0 1.7 21.0 14:39 SE
14 23.2 28.4 14:29 18.0 04:08 0.0 4.8 0.4 4.4 40.0 14:18 SSE
15 25.1 27.7 17:06 21.6 23:59 0.0 6.8 0.2 5.1 40.0 12:34 SSE
16 23.9 26.6 12:21 20.9 01:56 0.0 5.6 2.4 4.8 29.0 10:56 SSE
17 21.3 23.3 16:46 12.9 23:42 0.0 1.8 0.0 10.4 64.0 10:30 NNE
18 16.8 25.3 14:53 8.2 06:39 0.6 0.3 0.0 8.6 23.0 12:53 SW
19 18.9 25.8 14:39 12.1 02:47 2.2 2.8 0.0 2.8 23.0 12:50 SSW
20 18.8 26.3 14:50 10.7 07:33 2.1 2.6 0.0 4.3 26.0 13:44 SW
21 18.5 25.2 12:50 12.5 06:45 1.7 1.8 0.0 6.2 27.0 11:45 N
22 16.3 23.4 15:06 7.6 07:24 3.4 1.4 0.0 3.3 21.0 16:18 SSW
23 15.5 23.9 14:57 8.2 07:20 4.1 1.3 0.0 2.5 23.0 13:56 S
24 15.1 20.1 12:21 10.9 06:16 3.2 0.1 1.8 1.9 19.0 23:48 W
25 18.2 24.0 13:53 15.2 23:56 1.2 1.1 1.0 2.9 24.0 15:37 SW
26 17.1 23.5 15:23 13.7 03:05 2.0 1.0 6.2 2.5 27.0 16:02 S
27 17.6 21.8 12:34 12.9 23:58 1.2 0.7 1.8 3.9 32.0 11:16 SSE
28 17.4 20.7 12:33 12.2 04:38 1.9 1.0 1.6 5.4 35.0 12:47 SSE
29 19.5 22.0 12:27 17.5 20:32 0.0 1.2 0.4 6.3 39.0 02:22 SSW
30 15.1 17.8 00:00 12.3 23:59 3.1 0.0 9.8 2.7 26.0 13:39 WNW
----------------------------------------------------------------------------------
20.7 31.8 5 7.6 22 29.4 99.9 27.4 3.2 64.0 17 S
Max >= 27.0 15
Max <= 0.0 0
Min <= 0.0 0
Min <= -18.0 0
Max Rain: 9.8 on day 30
Days of Rain: 13 (>= 0.2 mm) 3 (>= 2.0 mm) 0 (>= 20.0 mm)
Heat Base: 18.3 Cool Base: 18.3 Method: Integration