Select a Year or Month report
Report for 2022
Annual Climatological Summary for 2022
Name: Meteo Sarzana City: Sarzana State: Italy
Elevation: 21 m Lat: N 44� 06' 03" Lon: E 009� 59' 08"
Temperature (�C), Heat Base: 18.3 Cool Base: 18.3
Dep. Heat Cool Max Max Min Min
Mean Mean From Deg Deg >= <= <= <=
YR MO Max Min Mean Norm Days Days Hi Date Low Date 27.0 0.0 0.0 -18.0
------------------------------------------------------------------------------------
22 1
22 2
22 3
22 4
22 5
22 6 26.5 18.1 20.9 0.0 0 548 34.8 27 17.4 30 3 0 0 0
22 7 32.9 19.6 26.5 0.0 2 222 37.7 19 14.8 1 31 0 0 0
22 8 32.2 19.0 25.1 0.0 2 190 36.3 7 15.4 23 25 0 0 0
22 9 26.3 15.3 20.7 0.0 29 100 31.8 5 7.6 22 15 0 0 0
22 10 24.7 13.3 18.0 0.0 61 54 27.0 17 9.1 31 1 0 0 0
22 11 19.9 9.7 14.5 0.0 42 2 22.3 11 4.4 6 0 0 0 0
22 12 31.1 16.6 24.2 0.0 0 6 31.1 5 16.6 5 1 0 0 0
------------------------------------------------------------------------------------
27.9 16.1 21.6 0.0 135 1122 37.7 Jul 4.4 Nov 76 0 0 0
Precipitation (mm)
Dep. Max Days of Rain
From Obs. >=
YR MO Total Norm Day Date 0.2 2.0 20.0
---------------------------------------------
22 6 22.4 0.0 21.4 28 2 1 1
22 7 3.8 0.0 3.2 29 2 1 0
22 8 40.2 0.0 16.8 31 8 4 0
22 9 27.4 0.0 9.8 30 13 3 0
22 10 1.4 0.0 0.8 1 3 0 0
22 11 39.2 0.0 14.4 4 8 3 0
22 12 0.0 0.0 0.0 0 0 0 0
---------------------------------------------
134.4 0.0 21.4 Jun 36 12 1
Wind Speed (km/h)
Dom
YR MO Avg. Hi Date Dir
------------------------------
22 1
22 2
22 3
22 4
22 5
22 6 2.8 79.0 28 S
22 7 1.8 29.0 27 SSE
22 8 2.7 47.0 18 SSE
22 9 3.2 64.0 17 S
22 10 1.6 39.0 24 SSE
22 11 3.1 40.0 13 S
22 12 1.0 18.0 5 N
------------------------------
2.4 79.0 Jun S