Select a Year or Month report
Report for 2022 Mar
Monthly Climatological Summary for Mar 2022
Name: Meteo Sarzana City: Sarzana State: Italy
Elevation: 21 m Lat: N 44� 06' 03" Lon: E 009� 59' 08"
Temperature (�C), Rain (mm), Wind Speed (km/h)
Heat Cool Avg
Mean Deg Deg Wind Dom
Day Temp High Time Low Time Days Days Rain Speed High Time Dir
----------------------------------------------------------------------------------
01 6.7 11.6 13:49 0.4 23:38 11.6 0.0 0.0 7.1 39.0 03:33 NNE
02 4.9 13.8 13:01 -2.8 07:09 13.4 0.0 0.0 2.3 21.0 13:34 SSW
03 7.7 14.2 11:39 2.3 00:00 10.4 0.0 0.0 2.1 21.0 13:57 SSE
04 9.0 14.3 11:26 4.8 23:14 9.3 0.0 0.0 2.5 21.0 13:35 SSW
05 7.9 11.8 14:20 3.6 03:07 10.4 0.0 0.0 9.9 39.0 12:06 NNE
06 7.3 11.9 12:42 2.3 05:34 11.0 0.0 0.0 8.4 34.0 11:29 NNE
07 6.4 12.3 11:48 1.1 03:04 11.9 0.0 0.0 4.9 31.0 04:06 SE
08 5.7 13.1 13:21 -1.4 06:17 12.6 0.0 0.0 3.7 29.0 13:53 SSW
09 5.3 14.2 15:12 -2.3 06:55 12.7 0.0 0.0 2.6 21.0 12:08 SW
10 6.4 15.8 13:19 -1.7 07:05 11.8 0.0 0.0 2.3 23.0 13:39 SSW
11 8.5 15.9 12:23 0.6 06:51 9.8 0.0 0.2 2.8 16.0 12:56 SE
12 10.0 15.1 13:52 5.6 05:56 8.3 0.0 0.0 5.1 26.0 19:25 ESE
13 8.7 14.8 11:55 2.2 05:55 9.6 0.0 0.0 3.2 24.0 13:21 SW
14 10.0 14.9 16:22 5.2 23:51 8.3 0.0 0.4 3.9 24.0 15:25 NNW
15 9.9 16.3 12:43 3.7 03:53 8.4 0.0 0.0 1.7 19.0 13:08 S
16 12.3 15.4 14:22 9.7 00:44 6.0 0.0 0.0 1.7 21.0 15:13 SSE
17 12.5 17.9 13:37 6.6 06:09 5.8 0.0 0.0 3.8 29.0 20:02 NNE
18 14.2 17.3 13:54 11.0 01:42 4.1 0.0 0.0 8.3 42.0 18:09 NE
19 13.6 18.1 15:12 10.8 01:19 4.7 0.0 0.0 9.0 39.0 07:24 NNE
20 11.8 17.2 12:25 5.9 06:16 6.5 0.0 0.0 6.7 32.0 19:55 NW
21 10.7 17.0 12:11 5.7 07:03 7.6 0.0 0.0 4.2 24.0 01:05 WNW
22 8.5 17.4 15:34 -0.4 06:42 9.8 0.0 0.0 2.7 19.0 11:45 SSW
23 10.0 21.2 13:21 0.1 06:15 8.7 0.4 0.0 2.6 19.0 13:44 SSW
24 9.8 19.9 14:11 0.8 06:38 8.6 0.1 0.0 2.5 23.0 15:23 SE
25 10.0 19.6 14:27 0.5 06:28 8.5 0.2 0.0 2.2 19.0 13:26 SSE
26 9.7 22.1 17:18 1.6 06:42 7.2 0.2 0.0 1.0 14.0 09:49 SSE
27 15.2 24.2 14:57 7.3 01:58 4.2 1.2 0.0 4.4 29.0 14:59 N
28 15.4 23.6 12:53 7.2 07:44 4.1 1.2 0.0 3.7 24.0 15:53 SW
29 11.1 17.4 15:06 5.1 05:08 7.2 0.0 0.0 2.3 24.0 14:12 SSE
30 11.1 13.3 14:50 9.2 02:55 7.2 0.0 9.2 2.0 16.0 23:44 W
31 11.6 15.5 16:19 9.4 10:01 6.7 0.0 12.8 4.7 32.0 07:21 N
----------------------------------------------------------------------------------
9.7 24.2 27 -2.8 2 266.4 3.3 22.6 4.0 42.0 18 NE
Max >= 27.0 0
Max <= 0.0 0
Min <= 0.0 5
Min <= -18.0 0
Max Rain: 12.8 on day 31
Days of Rain: 4 (>= 0.2 mm) 2 (>= 2.0 mm) 0 (>= 20.0 mm)
Heat Base: 18.3 Cool Base: 18.3 Method: Integration