Select a Year or Month report
Report for 2021 Aug
Monthly Climatological Summary for Aug 2021
Name: Meteo Sarzana City: Sarzana State: Italy
Elevation: 21 m Lat: N 44� 06' 03" Lon: E 009� 59' 08"
Temperature (�C), Rain (mm), Wind Speed (km/h)
Heat Cool Avg
Mean Deg Deg Wind Dom
Day Temp High Time Low Time Days Days Rain Speed High Time Dir
----------------------------------------------------------------------------------
01 25.2 27.3 15:22 23.0 22:08 0.0 6.9 0.0 8.2 45.0 13:04 SSW
02 22.7 25.4 17:54 17.7 23:56 0.0 4.4 0.2 4.5 31.0 10:32 S
03 21.4 27.6 15:17 15.3 06:46 0.7 3.7 0.0 2.9 23.0 12:59 S
04 22.8 28.9 14:49 17.7 06:07 0.1 4.6 0.0 2.7 24.0 12:59 S
05 22.7 25.8 14:29 19.8 07:05 0.0 4.2 6.0 4.8 32.0 16:40 SSE
06 23.5 26.9 12:40 19.4 23:56 0.0 5.2 0.0 4.0 27.0 09:39 SE
07 23.4 29.4 13:16 17.0 06:44 0.2 5.3 0.0 3.7 32.0 15:51 SSE
08 25.0 28.1 16:05 17.5 23:57 0.0 6.7 0.0 4.9 27.0 12:08 SSE
09 23.0 31.2 17:11 14.6 06:28 1.0 5.7 0.0 2.2 21.0 13:06 S
10 24.6 32.8 14:19 17.7 06:25 0.0 6.4 0.0 2.8 19.0 15:06 SSW
11 27.4 35.5 13:25 20.4 04:16 0.0 9.1 0.0 2.1 23.0 04:56 SSW
16 29.1 29.9 17:55 21.4 02:37 0.0 54.1 0.0 3.7 24.0 18:35 ESE
17 25.8 32.3 16:53 19.7 06:01 0.0 7.5 0.0 1.6 24.0 15:51 SSE
18 25.5 33.1 15:33 17.1 06:59 0.1 7.3 0.0 1.7 21.0 13:48 ESE
19 24.9 31.3 17:26 17.7 06:53 0.0 6.6 0.0 2.6 21.0 14:22 WSW
20 24.3 31.8 17:27 16.7 06:45 0.2 6.2 0.0 1.9 19.0 13:03 SE
21 24.6 31.8 14:29 18.1 07:09 0.0 6.3 0.0 1.5 23.0 13:55 SE
22 23.1 29.9 14:05 16.4 06:54 0.3 5.1 0.0 2.2 24.0 15:57 S
23 25.1 29.7 17:13 22.2 00:01 0.0 6.8 0.0 2.8 24.0 12:32 SSE
24 24.7 32.2 15:43 17.6 06:58 0.0 6.5 0.0 4.1 26.0 17:51 N
25 25.0 30.3 14:55 20.1 07:38 0.0 6.7 0.0 4.2 26.0 15:14 WSW
26 22.8 29.3 11:39 15.8 07:08 0.4 4.9 0.0 3.0 24.0 12:32 SSW
27 24.2 30.4 14:56 19.7 07:22 0.0 5.9 0.8 3.4 27.0 19:34 N
28 22.6 27.6 15:10 17.9 23:59 0.0 4.3 0.8 7.1 35.0 11:52 NNE
29 20.0 26.6 11:42 13.0 07:07 1.3 3.0 0.0 3.8 27.0 14:24 SW
30 19.7 27.2 15:48 13.5 07:00 1.2 2.6 0.0 2.2 19.0 16:15 SW
31 20.6 28.1 14:59 14.3 06:31 1.2 3.4 0.0 1.7 26.0 16:21 SW
----------------------------------------------------------------------------------
23.8 35.5 11 13.0 29 6.7 199.4 7.8 3.3 45.0 1 S
Max >= 27.0 23
Max <= 0.0 0
Min <= 0.0 0
Min <= -18.0 0
Max Rain: 6.0 on day 5
Days of Rain: 4 (>= 0.2 mm) 1 (>= 2.0 mm) 0 (>= 20.0 mm)
Heat Base: 18.3 Cool Base: 18.3 Method: Integration