Select a Year or Month report
Report for 2021 Mar
Monthly Climatological Summary for Mar 2021
Name: Meteo Sarzana City: Sarzana State: Italy
Elevation: 21 m Lat: N 44� 06' 03" Lon: E 009� 59' 08"
Temperature (�C), Rain (mm), Wind Speed (km/h)
Heat Cool Avg
Mean Deg Deg Wind Dom
Day Temp High Time Low Time Days Days Rain Speed High Time Dir
----------------------------------------------------------------------------------
01 7.3 16.8 15:54 -0.8 07:13 11.0 0.0 0.0 1.9 17.7 13:07 SSE
02 8.4 18.0 16:40 -0.2 05:26 9.9 0.0 0.0 2.0 19.3 13:57 SE
03 8.7 18.5 12:41 1.6 06:59 9.6 0.0 0.0 2.0 22.5 13:23 SE
04 8.0 15.7 13:32 0.8 06:53 10.3 0.0 0.0 2.2 24.0 11:50 S
05 10.2 14.7 10:51 5.4 23:49 8.1 0.0 0.4 1.9 16.0 11:00 WSW
06 9.7 16.1 11:05 4.1 03:22 8.6 0.0 0.2 5.7 35.0 18:33 NE
07 8.9 15.6 15:35 3.5 07:09 9.4 0.0 0.0 2.8 18.0 11:57 SSW
08 10.3 17.6 12:39 2.9 03:20 8.0 0.0 0.0 2.4 19.0 12:51 S
09 11.6 17.8 14:36 4.7 07:23 6.7 0.0 0.0 6.4 29.0 09:47 NNE
10 10.0 15.5 14:12 4.3 23:40 8.3 0.0 0.0 4.1 24.0 10:07 SSE
11 9.6 14.4 14:28 4.1 00:31 8.7 0.0 5.4 4.3 31.0 20:39 S
12 13.0 15.8 13:19 8.3 23:58 5.3 0.0 9.8 6.4 40.0 05:27 S
13 10.4 15.8 11:47 4.0 06:52 7.9 0.0 0.2 5.4 37.0 23:46 S
14 13.0 16.0 15:04 6.2 22:37 5.3 0.0 1.4 9.1 40.0 00:54 NW
15 8.8 16.3 12:19 1.9 07:12 9.5 0.0 0.0 4.7 29.0 12:19 SW
16 12.8 17.4 15:24 4.1 00:13 5.5 0.0 0.0 10.9 43.0 06:13 N
17 8.6 16.2 11:40 1.8 05:55 9.7 0.0 0.0 3.1 23.0 12:24 SSW
18 7.1 13.4 11:19 2.2 05:36 11.2 0.0 0.0 4.3 27.0 11:07 WNW
19 7.3 13.7 15:06 1.1 07:02 11.0 0.0 0.0 4.5 29.0 18:12 N
20 8.5 13.1 14:58 3.8 01:39 9.8 0.0 0.0 8.6 43.0 11:22 NNE
21 8.2 12.3 14:57 4.8 06:54 10.1 0.0 0.0 13.4 43.0 14:11 NNE
22 9.4 15.1 15:06 3.3 23:59 8.9 0.0 0.0 5.0 27.0 12:02 ENE
23 7.3 14.3 14:37 0.1 06:39 11.0 0.0 0.0 2.2 19.0 13:00 S
24 8.7 16.4 13:41 0.8 06:47 9.6 0.0 0.0 2.2 27.0 13:51 SSW
25 9.5 17.2 13:22 2.6 06:30 8.8 0.0 0.2 2.5 24.0 15:58 SW
26 10.1 16.7 13:38 4.7 03:27 8.2 0.0 0.4 1.7 21.0 12:49 S
27 11.6 15.4 15:54 8.4 00:51 6.7 0.0 0.0 2.4 24.0 09:08 SSE
28 13.4 19.7 14:50 8.4 23:58 4.8 0.1 0.8 2.1 16.0 11:31 S
29 12.9 22.1 15:54 5.3 07:41 6.1 0.7 0.2 1.9 21.0 16:52 S
30 14.7 24.2 15:14 6.4 07:29 5.1 1.5 0.0 1.6 21.0 15:40 SE
31 16.0 25.8 15:21 6.6 07:18 4.5 2.2 0.0 1.5 21.0 15:21 S
----------------------------------------------------------------------------------
10.1 25.8 31 -0.8 1 257.6 4.5 19.0 4.2 43.0 16 ENE
Max >= 27.0 0
Max <= 0.0 0
Min <= 0.0 2
Min <= -18.0 0
Max Rain: 9.8 on day 12
Days of Rain: 10 (>= 0.2 mm) 2 (>= 2.0 mm) 0 (>= 20.0 mm)
Heat Base: 18.3 Cool Base: 18.3 Method: Integration