Select a Year or Month report
Report for 2020 Apr
Monthly Climatological Summary for Apr 2020
Name: Meteo Sarzana City: Sarzana State: Italy
Elevation: 21 m Lat: N 44� 06' 04" Lon: E 009� 59' 08"
Temperature (�C), Rain (mm), Wind Speed (km/h)
Heat Cool Avg
Mean Deg Deg Wind Dom
Day Temp High Time Low Time Days Days Rain Speed High Time Dir
----------------------------------------------------------------------------------
1 8.1 13.6 14:22 1.5 05:11 10.2 0.0 0.0 6.0 29.0 12:43 N
2 7.0 15.1 16:49 -0.9 07:28 11.3 0.0 0.0 2.7 22.5 14:49 S
3 8.8 17.7 16:09 -0.2 07:23 9.5 0.0 0.0 2.5 24.1 14:21 SE
4 11.3 19.6 13:03 2.9 07:35 7.2 0.2 0.0 4.2 25.7 13:41 ESE
5 15.5 21.1 17:33 7.1 02:10 3.1 0.3 0.0 8.8 33.8 20:25 NE
6 17.2 23.7 13:03 9.7 01:40 2.4 1.3 0.0 6.1 30.6 05:54 NNW
7 14.7 21.9 11:28 5.8 07:00 4.4 0.8 0.0 3.8 25.7 14:43 SE
8 14.8 23.7 16:35 4.9 07:21 4.9 1.4 0.0 3.5 24.1 12:50 SSE
9 13.5 23.7 13:41 3.5 07:28 6.1 1.3 0.0 3.4 24.1 16:03 SW
10 12.7 21.9 15:34 3.4 07:05 6.3 0.7 0.0 3.4 24.1 13:58 SE
11 12.5 21.6 16:56 3.7 06:59 6.3 0.6 0.0 2.9 22.5 15:03 SE
12 12.4 21.7 15:07 3.2 07:12 6.4 0.5 0.0 3.0 22.5 14:39 SE
13 13.3 20.7 14:45 6.6 05:55 5.1 0.1 0.0 2.8 25.7 19:55 SSE
14 15.5 21.3 14:21 10.3 07:16 3.4 0.6 0.0 3.3 19.3 13:07 SSE
15 13.9 19.3 16:44 8.3 06:12 4.5 0.1 0.0 4.0 25.7 11:09 S
16 12.7 19.4 12:03 4.3 07:02 5.7 0.1 0.0 3.2 24.1 12:49 SSE
17 12.4 19.9 13:23 4.2 06:18 6.1 0.3 0.0 2.4 19.3 13:45 SSE
18 13.1 18.3 17:39 8.2 04:37 5.2 0.0 0.0 2.0 19.3 14:06 S
19 15.8 20.4 13:54 12.7 00:00 2.7 0.2 0.0 2.6 17.7 10:36 S
20 15.5 18.6 15:19 13.7 23:39 2.8 0.0 5.0 2.7 29.0 17:01 NNW
21 15.4 16.2 23:38 13.8 00:00 2.9 0.0 0.0 14.4 45.1 12:33 NNE
22 16.2 19.6 16:54 10.6 22:47 2.2 0.1 0.0 15.4 48.3 11:35 NE
23 17.1 22.7 11:12 9.8 23:50 2.7 1.5 0.0 5.1 25.7 05:05 SSW
24 13.7 21.1 14:46 5.7 06:59 5.2 0.6 0.0 3.4 24.1 15:19 SSE
25 14.4 21.4 14:52 7.8 03:52 4.6 0.7 0.0 2.7 20.9 13:09 SSW
26 14.2 21.3 16:24 6.9 06:33 4.6 0.6 0.0 2.6 22.5 14:40 S
27 14.5 21.3 14:15 8.1 05:56 4.2 0.5 0.0 2.9 22.5 13:40 SE
28 14.7 17.4 17:14 13.1 03:20 3.6 0.0 23.2 2.5 24.1 20:27 SSE
29 16.3 18.8 13:17 13.5 23:59 2.0 0.0 1.2 6.3 27.4 00:41 S
30 15.8 18.0 14:25 13.3 00:25 2.5 0.0 0.8 3.6 25.7 14:17 SSE
----------------------------------------------------------------------------------
13.8 23.7 6 -0.9 2 148.1 12.5 30.2 4.4 48.3 22 ESE
Max >= 27.0: 0
Max <= 0.0: 0
Min <= 0.0: 2
Min <= -18.0: 0
Max Rain: 23.2 on day 28
Days of Rain: 4 (>= 0.2 mm) 2 (>= 2.0 mm) 1 (>= 20.0 mm)
Heat Base: 18.3 Cool Base: 18.3 Method: Integration