Select a Year or Month report
Report for 2020 Jan
Monthly Climatological Summary for Jan 2020
Name: Meteo Sarzana City: Sarzana State: Italy
Elevation: 21 m Lat: N 44� 06' 04" Lon: E 009� 59' 08"
Temperature (�C), Rain (mm), Wind Speed (km/h)
Heat Cool Avg
Mean Deg Deg Wind Dom
Day Temp High Time Low Time Days Days Rain Speed High Time Dir
----------------------------------------------------------------------------------
1 4.5 13.9 13:47 -0.6 08:15 13.8 0.0 0.0 0.9 11.3 14:01 SW
2 5.0 14.1 13:39 -0.3 06:29 13.3 0.0 0.0 1.0 11.3 15:24 S
3 7.0 10.2 14:20 3.1 00:43 11.3 0.0 0.6 1.2 12.9 18:57 WSW
4 8.8 15.7 14:12 3.6 23:51 9.5 0.0 0.6 1.4 11.3 00:52 SSW
5 6.1 16.0 14:20 1.3 07:58 12.2 0.0 0.4 1.2 9.7 11:04 SSW
6 4.3 12.5 13:10 -0.5 08:26 14.0 0.0 0.0 1.1 14.5 13:18 SE
7 3.3 10.2 15:21 -0.1 05:06 14.9 0.0 0.2 1.1 17.7 11:10 S
8 5.4 15.6 13:52 0.2 08:35 12.9 0.0 0.2 1.6 11.3 02:02 SSE
9 5.1 14.8 14:00 -0.7 07:41 13.2 0.0 0.2 1.2 11.3 15:05 S
10 7.6 13.3 13:07 3.3 04:46 10.7 0.0 0.8 1.6 19.3 19:14 SSW
11 7.9 15.7 13:51 2.9 23:27 10.3 0.0 0.2 2.2 14.5 10:04 SW
12 5.6 15.3 13:05 0.3 08:04 12.7 0.0 0.2 1.9 14.5 13:55 SSE
13 4.7 13.7 13:38 -0.4 08:10 13.6 0.0 0.2 1.0 11.3 13:49 SE
14 5.6 8.4 15:39 2.3 06:32 12.7 0.0 2.8 1.6 16.1 19:55 W
15 8.0 10.3 16:22 5.9 22:09 10.3 0.0 1.2 0.9 9.7 03:43 W
16 7.1 10.3 15:05 2.8 05:59 11.2 0.0 0.6 1.2 14.5 10:56 W
17 6.1 9.3 23:56 1.9 08:08 12.2 0.0 8.6 1.6 17.7 23:58 WSW
18 9.3 12.2 14:57 3.2 23:23 9.0 0.0 3.6 6.2 32.2 08:42 NNE
19 6.6 12.5 12:40 0.7 07:55 11.7 0.0 0.0 10.4 48.3 16:27 NNE
20 9.8 11.4 12:03 8.5 23:19 8.5 0.0 0.0 19.3 54.7 03:11 NNE
21 7.9 12.2 13:40 3.4 23:52 10.4 0.0 0.0 4.7 27.4 00:18 N
22 7.1 16.2 14:10 2.1 07:04 11.2 0.0 0.0 1.6 12.9 13:34 SW
23 7.2 16.6 13:24 1.7 07:54 11.1 0.0 0.0 1.2 19.3 10:15 SSW
24 7.6 11.9 12:43 2.9 02:35 10.7 0.0 2.0 1.4 11.3 10:39 W
25 9.0 11.1 15:09 7.6 05:20 9.3 0.0 6.4 3.8 19.3 01:38 W
26 9.0 15.2 12:40 4.8 23:03 9.3 0.0 0.0 1.3 11.3 12:44 SSW
27 9.6 13.2 14:20 4.8 00:00 8.7 0.0 7.6 2.4 27.4 23:21 S
28 12.9 13.8 14:17 11.2 04:58 5.4 0.0 10.8 10.0 48.3 02:51 S
29 9.7 15.7 13:21 4.3 23:55 8.6 0.0 0.0 2.4 20.9 13:40 S
30 8.2 12.8 16:11 4.3 00:00 10.1 0.0 5.8 1.8 12.9 14:20 S
31 11.1 12.2 15:05 9.9 03:41 7.2 0.0 14.2 0.7 9.7 15:15 SE
----------------------------------------------------------------------------------
7.3 16.6 23 -0.7 9 340.0 0.0 67.2 2.9 54.7 20 ENE
Max >= 27.0: 0
Max <= 0.0: 0
Min <= 0.0: 6
Min <= -18.0: 0
Max Rain: 14.2 on day 31
Days of Rain: 21 (>= 0.2 mm) 9 (>= 2.0 mm) 0 (>= 20.0 mm)
Heat Base: 18.3 Cool Base: 18.3 Method: Integration