Select a Year or Month report
Report for 2019 Apr
Monthly Climatological Summary for Apr 2019
Name: Meteo Sarzana City: Sarzana State: Italy
Elevation: 21 m Lat: N 44� 06' 04" Lon: E 009� 59' 08"
Temperature (�C), Rain (mm), Wind Speed (km/h)
Heat Cool Avg
Mean Deg Deg Wind Dom
Day Temp High Time Low Time Days Days Rain Speed High Time Dir
----------------------------------------------------------------------------------
1 12.5 21.9 16:15 3.7 07:17 6.4 0.6 0.0 2.5 22.5 11:46 SE
2 12.2 19.3 13:53 6.5 07:02 6.1 0.0 0.0 2.6 25.7 14:06 SE
3 12.2 14.2 15:59 9.9 06:51 6.1 0.0 9.8 4.3 30.6 23:53 SSE
4 11.2 14.4 06:29 4.7 23:59 7.1 0.0 33.8 8.5 51.5 10:57 SSE
5 9.5 16.7 16:16 4.7 00:00 8.8 0.0 0.2 3.3 25.7 15:13 SSW
6 9.9 18.2 13:51 3.3 07:18 8.3 0.0 0.0 2.5 17.7 11:14 SE
7 10.4 15.5 17:19 6.1 23:58 7.9 0.0 3.6 2.1 19.3 17:23 SW
8 10.3 17.8 14:28 3.7 06:47 8.0 0.0 0.0 3.7 27.4 14:45 SW
9 11.1 18.4 14:27 4.7 05:36 7.2 0.0 0.0 3.4 24.1 13:29 SSW
10 11.1 19.0 13:42 5.8 04:20 7.2 0.0 1.8 2.7 24.1 14:18 SSW
11 11.7 15.1 13:23 8.7 06:07 6.6 0.0 1.2 1.1 14.5 15:08 S
12 13.9 19.2 11:15 10.0 04:51 4.4 0.0 0.4 3.1 17.7 11:49 E
13 13.9 18.4 14:18 10.7 07:37 4.4 0.0 0.4 4.4 24.1 04:22 ESE
14 10.9 14.0 16:51 8.3 08:20 7.4 0.0 20.2 4.7 32.2 23:08 NNW
15 14.0 19.1 16:30 8.7 23:57 4.3 0.0 0.0 5.8 43.5 11:41 NE
16 12.6 20.1 14:05 4.8 06:59 5.9 0.2 0.0 3.0 29.0 15:25 SSW
17 13.2 20.1 14:35 6.0 07:03 5.3 0.3 0.0 2.9 20.9 12:46 SE
18 15.6 24.1 15:08 5.3 07:04 4.4 1.7 0.0 4.1 29.0 21:47 E
19 16.5 22.8 15:01 8.0 06:23 3.1 1.4 0.0 4.2 22.5 13:28 SSW
20 16.6 24.8 14:13 5.9 07:15 3.7 2.0 0.0 3.8 20.9 11:40 S
21 16.7 24.9 15:44 9.7 05:16 3.2 1.6 0.0 3.1 29.0 15:10 WSW
22 18.1 24.9 13:06 13.0 03:57 1.6 1.5 2.8 4.9 37.0 05:07 NE
23 14.4 16.1 15:27 12.8 04:34 3.9 0.0 5.8 3.6 32.2 20:28 S
24 15.9 20.1 12:41 11.6 23:58 2.6 0.1 5.2 4.6 35.4 13:41 SSE
25 15.3 21.7 15:51 9.6 06:53 3.5 0.6 4.4 1.6 14.5 12:42 W
26 14.6 18.8 13:57 11.0 05:24 3.7 0.0 7.2 4.4 35.4 23:27 SSW
27 13.4 19.7 12:37 6.4 06:33 5.0 0.1 4.6 4.0 22.5 14:08 SSE
28 14.7 20.0 14:19 8.8 23:21 3.7 0.1 1.8 5.0 40.2 17:06 SSE
29 11.5 16.3 14:11 6.4 04:10 6.8 0.0 0.6 6.8 46.7 15:28 NNW
30 11.9 18.6 15:57 4.7 06:16 6.4 0.0 0.4 3.9 32.2 14:01 SW
----------------------------------------------------------------------------------
13.2 24.9 21 3.3 6 163.0 10.2 104.2 3.8 51.5 4 SSE
Max >= 27.0: 0
Max <= 0.0: 0
Min <= 0.0: 0
Min <= -18.0: 0
Max Rain: 33.8 on day 4
Days of Rain: 18 (>= 0.2 mm) 10 (>= 2.0 mm) 2 (>= 20.0 mm)
Heat Base: 18.3 Cool Base: 18.3 Method: Integration