Select a Year or Month report
Report for 2019 Feb
Monthly Climatological Summary for Feb 2019
Name: Meteo Sarzana City: Sarzana State: Italy
Elevation: 21 m Lat: N 44� 06' 04" Lon: E 009� 59' 08"
Temperature (�C), Rain (mm), Wind Speed (km/h)
Heat Cool Avg
Mean Deg Deg Wind Dom
Day Temp High Time Low Time Days Days Rain Speed High Time Dir
----------------------------------------------------------------------------------
1 9.7 13.3 14:32 5.6 00:00 8.6 0.0 41.2 7.0 41.8 17:40 S
2 10.2 14.3 11:47 5.0 22:21 8.1 0.0 23.8 4.7 54.7 00:44 S
3 7.9 12.3 13:54 3.8 07:45 10.4 0.0 0.0 2.9 24.1 16:19 NNW
4 9.9 14.1 13:15 5.1 23:23 8.4 0.0 0.0 9.8 45.1 13:57 N
5 6.7 13.4 12:55 1.2 08:04 11.6 0.0 0.0 3.3 19.3 02:33 SSW
6 7.2 17.7 13:36 0.4 07:50 11.1 0.0 0.0 3.4 37.0 12:30 NNE
7 5.1 14.1 12:47 -2.2 07:44 13.2 0.0 0.0 1.6 12.9 15:16 SSE
8 6.8 15.0 12:48 2.1 00:45 11.5 0.0 0.0 2.2 16.1 13:29 SSE
9 6.6 11.8 12:39 1.2 03:31 11.7 0.0 1.0 1.7 14.5 11:27 WSW
10 11.4 13.3 20:57 9.7 04:03 6.9 0.0 3.4 6.2 51.5 21:22 S
11 11.1 15.1 15:57 4.8 07:44 7.2 0.0 0.0 10.2 49.9 12:14 NNW
12 10.3 16.9 15:32 3.1 08:05 8.0 0.0 0.0 5.7 46.7 00:16 WNW
13 6.1 14.8 14:57 -0.1 07:16 12.2 0.0 0.0 1.7 16.1 13:39 SSE
14 6.6 16.4 13:50 -0.3 05:33 11.7 0.0 0.0 2.2 20.9 15:48 SE
15 7.3 17.0 13:01 0.2 07:37 11.0 0.0 0.0 1.6 14.5 14:12 SE
16 7.6 18.0 13:49 0.4 07:12 10.7 0.0 0.0 1.8 14.5 16:11 SE
17 6.8 15.0 12:14 0.1 07:33 11.5 0.0 0.0 2.0 19.3 14:10 SE
18 7.6 15.4 14:10 3.0 23:56 10.7 0.0 0.0 1.8 17.7 12:29 SW
19 7.2 13.6 16:07 1.8 02:14 11.1 0.0 0.0 1.6 14.5 23:49 SW
20 9.1 16.2 12:33 4.0 23:58 9.2 0.0 0.0 2.4 22.5 14:06 SW
21 7.9 15.8 13:05 1.2 06:50 10.4 0.0 0.0 2.0 19.3 13:42 S
22 10.2 16.3 14:02 5.2 23:21 8.1 0.0 0.0 3.1 20.9 12:11 WSW
23 8.8 15.2 15:36 2.3 06:28 9.5 0.0 0.2 7.2 38.6 19:17 NNE
24 7.9 13.7 15:44 1.5 07:12 10.4 0.0 0.0 3.6 40.2 03:28 NNE
25 9.5 17.9 16:13 0.1 06:49 8.8 0.0 0.0 2.2 24.1 21:16 ENE
26 12.8 21.6 12:58 5.8 23:42 5.7 0.2 0.0 2.2 24.1 03:52 SSE
27 9.5 17.9 15:32 2.5 06:55 8.8 0.0 0.0 2.2 16.1 13:56 SE
28 11.0 17.3 13:13 5.9 00:00 7.3 0.0 0.0 2.6 20.9 15:25 SSW
----------------------------------------------------------------------------------
8.5 21.6 26 -2.2 7 273.8 0.2 69.6 3.5 54.7 2 SSE
Max >= 27.0: 0
Max <= 0.0: 0
Min <= 0.0: 3
Min <= -18.0: 0
Max Rain: 41.2 on day 1
Days of Rain: 5 (>= 0.2 mm) 3 (>= 2.0 mm) 2 (>= 20.0 mm)
Heat Base: 18.3 Cool Base: 18.3 Method: Integration