Select a Year or Month report
Report for 2017 Apr
Monthly Climatological Summary for Apr 2017
Name: Meteo Sarzana City: Sarzana State: Italy
Elevation: 21 m Lat: N 44� 06' 04" Lon: E 009� 59' 08"
Temperature (�C), Rain (mm), Wind Speed (km/h)
Heat Cool Avg
Mean Deg Deg Wind Dom
Day Temp High Time Low Time Days Days Rain Speed High Time Dir
----------------------------------------------------------------------------------
1 13.5 20.6 14:57 7.4 07:27 5.0 0.2 0.0 2.6 22.5 15:21 SSE
2 14.4 20.8 13:11 9.0 02:02 4.1 0.2 0.6 3.6 27.4 20:58 NW
3 19.0 25.7 15:31 10.6 02:13 1.3 2.0 0.0 8.6 35.4 06:43 NE
4 14.7 22.4 12:08 6.9 07:38 4.6 1.0 0.0 2.4 19.3 16:12 SE
5 15.2 23.3 15:24 10.3 01:29 3.7 0.6 0.6 4.8 33.8 17:18 NE
6 13.1 19.3 12:26 7.2 07:05 5.3 0.1 0.0 2.4 22.5 15:40 SE
7 13.5 21.2 12:19 7.2 07:26 5.2 0.4 0.0 2.6 20.9 12:34 SSE
8 13.4 21.0 16:26 6.4 07:09 5.2 0.4 0.0 3.0 22.5 13:11 SE
9 13.8 20.9 13:05 6.4 06:41 5.0 0.5 0.0 2.3 24.1 14:09 ESE
10 14.7 21.1 12:58 8.7 02:52 4.0 0.4 0.0 3.5 22.5 14:36 SE
11 15.9 21.2 13:09 10.4 07:27 2.9 0.5 0.0 2.2 25.7 15:22 S
12 15.8 24.3 13:12 8.3 06:56 4.0 1.5 0.0 2.6 19.3 14:20 SE
13 14.9 20.8 14:08 9.8 03:18 3.9 0.5 0.0 2.4 25.7 14:43 S
14 14.8 22.1 13:56 7.8 06:57 4.3 0.8 0.0 2.4 25.7 16:12 SSW
15 13.9 17.9 16:29 10.3 01:20 4.4 0.0 1.0 1.3 16.1 16:14 SSW
16 14.8 20.9 15:49 8.2 07:04 4.0 0.6 0.0 3.3 22.5 11:52 SE
17 15.7 20.8 10:54 9.6 03:43 3.1 0.5 0.0 5.0 29.0 11:01 SSW
18 11.9 20.5 13:09 5.9 06:24 6.5 0.1 5.0 7.0 53.1 18:17 N
19 11.4 16.8 13:25 4.2 23:58 6.9 0.0 0.0 8.1 33.8 07:59 NNE
20 9.7 16.6 12:24 1.9 06:58 8.6 0.0 0.0 6.0 43.5 13:51 SW
21 9.9 17.1 15:40 1.3 06:53 8.4 0.0 0.0 3.0 25.7 14:10 S
22 11.5 18.6 12:54 2.9 05:59 6.8 0.0 0.0 3.6 29.0 14:23 SSW
23 14.2 16.8 16:07 9.7 23:58 4.1 0.0 0.0 1.6 16.1 03:44 SSW
24 13.6 20.1 15:32 6.7 05:09 4.9 0.2 0.0 2.9 27.4 14:01 SSE
25 15.1 19.2 15:08 11.1 02:38 3.2 0.0 0.0 6.8 40.2 16:31 SSE
26 15.6 16.6 14:58 14.6 06:47 2.7 0.0 27.2 8.7 41.8 11:01 SE
27 14.6 17.3 12:08 11.2 21:14 3.7 0.0 7.0 3.5 33.8 00:22 SSE
28 12.5 15.6 17:40 6.4 23:45 5.8 0.0 2.6 9.7 69.2 05:40 SSW
29 11.9 19.2 15:25 4.9 06:08 6.4 0.0 0.2 2.9 22.5 16:03 SSE
30 12.8 20.6 15:30 4.6 05:51 5.9 0.4 0.0 3.0 25.7 16:44 SW
----------------------------------------------------------------------------------
13.9 25.7 3 1.3 21 143.9 10.9 44.2 4.1 69.2 28 SSE
Max >= 27.0: 0
Max <= 0.0: 0
Min <= 0.0: 0
Min <= -18.0: 0
Max Rain: 27.2 on day 26
Days of Rain: 8 (>= 0.2 mm) 4 (>= 2.0 mm) 1 (>= 20.0 mm)
Heat Base: 18.3 Cool Base: 18.3 Method: Integration