Select a Year or Month report
Report for 2017 Jan
Monthly Climatological Summary for Jan 2017
Name: Meteo Sarzana City: Sarzana State: Italy
Elevation: 21 m Lat: N 44� 06' 04" Lon: E 009� 59' 08"
Temperature (�C), Rain (mm), Wind Speed (km/h)
Heat Cool Avg
Mean Deg Deg Wind Dom
Day Temp High Time Low Time Days Days Rain Speed High Time Dir
----------------------------------------------------------------------------------
1 3.7 11.2 14:40 -2.7 07:53 14.6 0.0 0.2 1.1 19.3 22:51 SSW
2 9.0 13.2 15:37 5.2 02:03 9.3 0.0 20.8 2.9 32.2 23:23 SSE
3 9.4 12.8 14:23 1.8 23:53 8.9 0.0 9.4 7.4 43.5 11:22 N
4 3.5 8.7 15:03 -2.8 07:36 14.8 0.0 0.0 1.2 12.9 13:10 WSW
5 7.8 10.2 14:00 3.7 00:24 10.5 0.0 0.0 11.5 53.1 12:42 N
6 2.4 8.6 13:39 -4.7 23:45 15.9 0.0 0.0 5.1 25.7 05:46 NNE
7 -2.3 5.0 15:57 -7.2 06:15 20.6 0.0 0.0 0.5 8.0 10:43 SSW
8 1.9 8.4 14:49 -2.2 00:00 16.4 0.0 0.0 1.2 12.9 13:30 SW
9 0.9 9.5 15:37 -4.2 06:38 17.4 0.0 0.0 1.0 9.7 12:18 SW
10 2.7 8.3 13:38 -1.8 05:39 15.6 0.0 0.0 3.2 29.0 22:50 NNW
11 2.6 7.6 15:31 -3.1 07:10 15.7 0.0 0.0 2.2 17.7 10:15 WNW
12 5.6 10.5 23:30 3.5 00:00 12.7 0.0 2.0 1.5 24.1 22:42 SW
13 9.9 13.7 03:57 1.9 20:21 8.4 0.0 14.6 8.1 51.5 02:20 WSW
14 3.8 12.8 14:34 -2.9 07:44 14.5 0.0 0.0 2.3 24.1 23:52 WNW
15 7.3 9.4 13:35 5.3 05:19 11.0 0.0 0.0 15.8 53.1 12:37 NNE
16 5.4 6.7 11:47 4.1 23:22 12.9 0.0 0.0 24.6 74.0 22:46 NE
17 4.8 6.0 19:46 3.4 08:26 13.5 0.0 0.0 27.1 82.1 06:09 NE
18 6.5 8.7 12:50 5.2 05:04 11.8 0.0 0.0 22.4 77.2 02:17 NNE
19 7.2 9.4 15:03 4.3 23:19 11.1 0.0 0.0 10.9 54.7 00:56 NNE
20 6.1 11.4 13:28 0.4 23:53 12.2 0.0 0.0 4.3 24.1 11:03 NNE
21 4.1 12.8 13:45 -2.3 07:25 14.2 0.0 0.0 2.3 17.7 14:57 SSW
22 8.5 12.0 13:38 1.1 00:00 9.8 0.0 0.0 6.7 32.2 10:39 NNE
23 9.8 15.3 13:42 5.1 06:25 8.5 0.0 0.0 6.0 30.6 15:38 N
24 8.3 15.9 14:36 2.7 08:32 10.0 0.0 0.0 3.3 22.5 11:27 W
25 8.7 14.7 12:46 2.4 23:59 9.6 0.0 0.0 6.3 29.0 11:32 N
26 4.5 14.1 13:15 -2.2 08:02 13.8 0.0 0.0 1.9 16.1 13:25 S
27 4.5 10.1 14:14 -1.2 03:52 13.8 0.0 0.0 1.0 11.3 10:11 WSW
28 5.9 10.9 15:02 1.1 04:23 12.4 0.0 0.0 2.1 16.1 18:23 W
29 5.9 14.9 12:37 -0.2 07:44 12.4 0.0 0.0 1.6 16.1 13:46 SE
30 5.3 9.4 16:40 0.9 03:55 13.0 0.0 9.4 1.2 16.1 21:59 W
31 10.2 11.7 23:18 8.1 00:15 8.1 0.0 68.8 4.7 33.8 22:12 SE
----------------------------------------------------------------------------------
5.6 15.9 24 -7.2 7 393.4 0.0 125.2 6.2 82.1 17 NNE
Max >= 27.0: 0
Max <= 0.0: 0
Min <= 0.0: 13
Min <= -18.0: 0
Max Rain: 68.8 on day 31
Days of Rain: 7 (>= 0.2 mm) 6 (>= 2.0 mm) 2 (>= 20.0 mm)
Heat Base: 18.3 Cool Base: 18.3 Method: Integration