Select a Year or Month report
Report for 2016 Nov
Monthly Climatological Summary for Nov 2016
Name: Meteo Sarzana City: Sarzana State: Italy
Elevation: 21 m Lat: N 44� 06' 04" Lon: E 009� 59' 08"
Temperature (�C), Rain (mm), Wind Speed (km/h)
Heat Cool Avg
Mean Deg Deg Wind Dom
Day Temp High Time Low Time Days Days Rain Speed High Time Dir
----------------------------------------------------------------------------------
1 13.4 21.3 12:50 7.0 07:19 5.3 0.4 0.0 1.0 14.5 14:38 S
2 15.7 19.7 13:43 12.7 00:56 2.6 0.1 13.0 2.2 20.9 07:55 SSE
3 16.6 22.4 13:13 13.1 23:53 2.5 0.7 1.2 2.5 22.5 17:59 NE
4 14.8 19.7 13:04 12.5 01:51 3.5 0.1 0.4 2.7 14.5 07:02 WSW
5 16.5 20.1 21:47 13.4 00:00 2.0 0.2 64.0 7.8 51.5 10:59 SSE
6 16.6 18.5 00:00 14.7 23:46 1.7 0.0 1.4 11.8 45.1 10:54 SSW
7 13.1 16.3 14:22 5.8 23:53 5.2 0.0 0.0 7.0 37.0 03:34 SW
8 8.1 15.9 14:12 3.7 06:21 10.2 0.0 0.0 1.4 19.3 13:37 S
9 7.2 11.9 11:58 1.8 07:16 11.1 0.0 3.2 1.9 19.3 15:16 W
10 8.1 14.6 15:48 3.7 04:53 10.2 0.0 0.0 1.3 11.3 09:48 WSW
11 10.0 15.8 11:47 5.7 01:30 8.3 0.0 0.4 4.5 43.5 13:48 NNW
12 8.0 16.2 12:24 1.6 06:40 10.3 0.0 0.0 2.1 20.9 00:34 SSW
13 7.7 14.1 14:58 1.8 05:36 10.6 0.0 0.0 0.7 11.3 13:38 SW
14 11.1 16.2 12:55 6.5 22:57 7.2 0.0 0.0 4.9 27.4 16:45 N
15 7.8 15.9 13:09 2.7 07:14 10.5 0.0 0.0 2.0 19.3 10:47 E
16 6.9 15.4 13:39 1.0 07:38 11.4 0.0 0.2 0.9 11.3 10:38 SSW
17 10.5 15.9 14:56 4.8 00:48 7.8 0.0 0.4 0.3 9.7 08:41 WSW
18 14.3 15.9 13:18 12.8 00:00 4.0 0.0 13.8 1.1 19.3 20:03 SW
19 14.2 17.3 12:14 9.1 23:58 4.1 0.0 8.4 2.6 25.7 11:25 S
20 12.4 19.0 14:02 8.1 06:19 6.0 0.0 1.8 0.9 14.5 14:23 SW
21 16.1 18.9 12:36 13.1 04:03 2.3 0.0 2.0 3.5 29.0 09:44 SE
22 16.9 19.2 15:32 13.9 19:57 1.6 0.1 0.0 3.0 27.4 10:30 SE
23 15.2 21.3 13:29 10.8 23:53 3.6 0.4 0.0 1.1 25.7 13:50 SE
24 12.8 15.1 19:31 10.2 02:53 5.5 0.0 11.4 1.2 17.7 19:21 SSW
25 13.9 17.3 14:51 9.8 23:42 4.4 0.0 11.0 2.1 29.0 00:47 SW
26 10.6 17.3 13:54 6.7 23:39 7.7 0.0 0.2 1.3 11.3 12:39 SW
27 8.6 16.3 15:18 4.4 06:33 9.7 0.0 0.2 0.8 11.3 12:40 WSW
28 9.4 15.3 12:38 3.9 07:24 8.9 0.0 0.2 4.8 37.0 19:51 NNE
29 6.8 9.7 00:00 -0.1 23:55 11.5 0.0 0.0 10.2 38.6 01:00 N
30 2.9 12.7 14:20 -3.1 06:57 15.4 0.0 0.0 1.0 11.3 13:27 W
----------------------------------------------------------------------------------
11.5 22.4 3 -3.1 30 205.1 2.0 133.2 3.0 51.5 5 SSW
Max >= 27.0: 0
Max <= 0.0: 0
Min <= 0.0: 2
Min <= -18.0: 0
Max Rain: 64.0 on day 5
Days of Rain: 18 (>= 0.2 mm) 8 (>= 2.0 mm) 1 (>= 20.0 mm)
Heat Base: 18.3 Cool Base: 18.3 Method: Integration