Select a Year or Month report
Report for 2016 Sep
Monthly Climatological Summary for Sep 2016
Name: Meteo Sarzana City: Sarzana State: Italy
Elevation: 21 m Lat: N 44� 06' 04" Lon: E 009� 59' 08"
Temperature (�C), Rain (mm), Wind Speed (km/h)
Heat Cool Avg
Mean Deg Deg Wind Dom
Day Temp High Time Low Time Days Days Rain Speed High Time Dir
----------------------------------------------------------------------------------
1 23.0 29.8 17:03 16.1 06:58 0.3 5.0 0.0 2.2 19.3 13:35 SE
2 23.5 31.1 14:28 16.9 06:53 0.2 5.3 0.0 1.8 20.9 16:21 SE
3 22.8 29.3 15:09 15.9 06:59 0.5 4.9 0.0 2.1 20.9 14:06 SE
4 23.1 28.4 13:07 17.2 07:18 0.1 4.9 0.0 1.9 19.3 13:38 SSE
5 24.3 30.2 15:41 19.4 05:56 0.0 6.0 0.0 2.3 17.7 13:50 SE
6 22.9 29.2 13:43 15.6 07:20 0.3 4.9 0.0 3.6 33.8 20:44 ESE
7 24.0 28.1 16:29 18.4 06:03 0.0 5.7 0.0 9.4 40.2 13:14 NNE
8 23.8 29.6 15:36 16.8 07:13 0.1 5.7 0.0 4.2 22.5 13:17 NNE
9 26.5 31.4 12:50 19.1 07:55 0.0 8.2 0.0 8.2 37.0 12:03 NNE
10 26.0 32.4 14:28 17.9 04:46 0.0 7.7 0.0 5.9 32.2 12:44 NNE
11 23.7 31.9 17:30 17.2 07:26 0.1 5.4 0.0 2.4 25.7 14:23 ESE
12 23.4 31.0 16:12 16.8 06:44 0.2 5.4 0.0 2.0 24.1 13:28 ESE
13 23.0 31.9 13:58 16.5 07:20 0.2 4.9 0.0 2.7 30.6 17:03 N
14 21.5 28.9 12:52 14.8 06:37 0.8 4.0 0.0 2.1 22.5 14:23 SSE
15 20.8 26.6 16:27 18.1 02:54 0.0 2.5 13.0 1.4 16.1 12:57 WSW
16 18.7 22.8 14:01 15.9 05:02 0.6 1.0 9.4 1.3 17.7 13:00 WSW
17 19.1 24.4 12:53 14.2 07:23 1.1 1.9 15.6 4.2 33.8 01:10 SSE
18 17.9 21.3 11:40 14.5 23:56 1.1 0.7 0.4 2.4 24.1 01:31 W
19 18.0 25.3 16:22 11.7 06:30 2.4 2.1 0.0 2.0 19.3 12:42 SSE
20 19.2 26.7 12:13 13.1 07:29 1.7 2.6 0.2 1.2 17.7 14:37 SSW
21 18.8 25.6 12:16 13.2 07:08 1.6 2.1 0.0 2.6 25.7 12:57 NNW
22 19.0 25.3 11:57 12.7 07:12 1.6 2.3 0.0 2.6 24.1 14:05 SW
23 18.8 26.1 14:46 12.5 07:14 1.8 2.3 0.0 1.2 12.9 12:53 SSE
24 18.9 25.9 16:02 12.8 07:16 1.8 2.3 0.0 1.6 14.5 12:34 SSW
25 18.4 26.1 14:31 11.9 07:29 2.3 2.5 0.0 1.8 17.7 13:51 SSW
26 18.4 27.6 13:45 10.4 07:30 2.6 2.7 0.0 1.4 19.3 14:32 SW
27 18.6 27.0 15:32 11.6 06:12 2.5 2.7 0.0 1.3 14.5 14:19 SSW
28 18.3 26.3 11:48 11.3 07:32 2.4 2.4 0.0 1.8 20.9 15:03 SE
29 18.2 25.8 16:23 12.1 07:28 2.3 2.2 0.0 1.5 20.9 13:48 SSE
30 17.5 24.4 14:41 12.5 06:13 2.4 1.5 0.0 1.5 19.3 12:47 SSE
----------------------------------------------------------------------------------
21.0 32.4 10 10.4 26 31.0 111.8 38.6 2.7 40.2 7 E
Max >= 27.0: 16
Max <= 0.0: 0
Min <= 0.0: 0
Min <= -18.0: 0
Max Rain: 15.6 on day 17
Days of Rain: 5 (>= 0.2 mm) 3 (>= 2.0 mm) 0 (>= 20.0 mm)
Heat Base: 18.3 Cool Base: 18.3 Method: Integration