Select a Year or Month report
Report for 2015 Dec
Monthly Climatological Summary for Dec 2015
Name: Meteo Sarzana City: Sarzana State: Italy
Elevation: 21 m Lat: N 44� 06' 04" Lon: E 009� 59' 08"
Temperature (�C), Rain (mm), Wind Speed (km/h)
Heat Cool Avg
Mean Deg Deg Wind Dom
Day Temp High Time Low Time Days Days Rain Speed High Time Dir
----------------------------------------------------------------------------------
1 10.5 15.8 16:05 5.9 23:52 7.8 0.0 0.0 0.6 8.0 09:49 SW
2 10.9 15.1 15:15 5.7 00:45 7.4 0.0 0.2 1.2 14.5 11:26 W
3 11.9 15.6 13:50 8.9 23:59 6.4 0.0 0.0 1.2 17.7 09:06 W
4 8.6 10.9 13:55 5.2 05:24 9.7 0.0 0.0 0.5 8.0 11:04 W
5 9.6 16.3 13:35 5.3 20:54 8.7 0.0 0.0 0.9 14.5 10:30 SW
6 9.1 10.8 15:03 6.4 04:06 9.2 0.0 0.4 0.6 8.0 12:10 W
7 10.2 14.9 12:48 5.3 07:59 8.1 0.0 0.0 0.9 11.3 10:10 WSW
8 10.4 16.2 13:25 6.0 23:33 7.9 0.0 1.2 1.3 12.9 10:10 WSW
9 8.5 15.8 14:06 4.8 04:30 9.8 0.0 0.4 0.9 14.5 15:06 SSW
10 7.6 15.8 13:01 2.8 23:52 10.6 0.0 0.2 0.7 12.9 13:13 SSE
11 6.3 14.6 15:23 0.7 05:50 12.0 0.0 0.2 0.8 8.0 11:06 SW
12 8.5 11.8 15:20 4.7 03:11 9.8 0.0 0.0 0.5 11.3 22:01 WNW
13 11.0 13.9 12:47 7.9 03:44 7.3 0.0 0.2 1.8 17.7 12:36 SE
14 10.6 14.9 14:45 7.6 23:22 7.7 0.0 1.4 1.0 14.5 15:05 SW
15 9.1 11.1 13:19 6.2 02:07 9.2 0.0 0.0 0.4 6.4 00:04 W
16 10.9 15.4 14:42 8.3 22:54 7.4 0.0 0.0 0.5 11.3 12:30 WSW
17 9.5 16.1 13:45 5.2 08:09 8.8 0.0 0.2 0.8 11.3 10:46 SSW
18 10.0 11.6 13:29 6.1 00:05 8.3 0.0 0.0 0.4 11.3 05:34 W
19 10.9 15.5 13:39 7.3 23:43 7.4 0.0 0.2 0.9 12.9 14:21 SSW
20 8.6 16.0 13:54 4.5 07:39 9.7 0.0 0.0 0.8 9.7 16:11 SSW
21 10.3 13.3 15:22 7.7 00:00 8.0 0.0 1.0 1.0 14.5 05:40 WSW
22 12.1 15.4 13:46 10.6 01:02 6.2 0.0 0.0 0.4 9.7 12:01 WSW
23 12.2 15.8 11:12 9.1 04:33 6.1 0.0 0.2 1.2 14.5 13:06 SSE
24 12.4 14.2 13:24 11.1 06:54 5.9 0.0 2.6 0.9 12.9 00:43 S
25 10.8 16.4 14:23 6.0 23:57 7.5 0.0 0.0 0.7 11.3 12:39 SSW
26 7.6 15.6 14:09 3.6 08:05 10.7 0.0 0.2 0.8 11.3 15:04 SSW
27 6.5 14.4 14:08 1.9 07:41 11.8 0.0 0.2 0.8 14.5 14:41 S
28 7.3 13.9 14:14 1.8 06:21 11.0 0.0 0.2 0.9 11.3 23:09 SSW
29 10.9 14.6 13:48 8.4 06:39 7.4 0.0 0.2 1.2 14.5 14:10 WNW
30 10.0 15.1 13:27 3.2 23:20 8.3 0.0 3.2 1.6 12.9 13:30 SSW
31 5.4 8.7 15:19 1.0 05:57 12.9 0.0 0.0 1.4 24.1 07:50 W
----------------------------------------------------------------------------------
9.6 16.4 25 0.7 11 269.0 0.0 12.4 0.9 24.1 31 SW
Max >= 27.0: 0
Max <= 0.0: 0
Min <= 0.0: 0
Min <= -18.0: 0
Max Rain: 3.2 on day 30
Days of Rain: 18 (>= 0.2 mm) 2 (>= 2.0 mm) 0 (>= 20.0 mm)
Heat Base: 18.3 Cool Base: 18.3 Method: Integration