Select a Year or Month report
Report for 2015 Jul
Monthly Climatological Summary for Jul 2015
Name: Meteo Sarzana City: Sarzana State: Italy
Elevation: 21 m Lat: N 44� 06' 04" Lon: E 009� 59' 08"
Temperature (�C), Rain (mm), Wind Speed (km/h)
Heat Cool Avg
Mean Deg Deg Wind Dom
Day Temp High Time Low Time Days Days Rain Speed High Time Dir
----------------------------------------------------------------------------------
1 25.9 31.9 15:20 18.7 06:05 0.0 7.6 0.0 1.9 20.9 14:46 S
2 25.4 32.9 14:32 18.8 05:46 0.0 7.1 0.0 2.0 20.9 12:20 SE
3 25.8 32.2 14:32 19.8 05:33 0.0 7.5 0.8 2.0 41.8 21:55 SSE
4 26.9 34.3 15:25 20.1 05:45 0.0 8.6 0.0 1.9 19.3 18:43 SE
5 26.5 32.4 14:14 20.2 05:48 0.0 8.2 0.0 2.1 20.9 14:26 ESE
6 26.1 31.3 15:37 20.4 05:38 0.0 7.8 0.0 1.9 20.9 14:02 SE
7 26.0 31.8 14:01 19.3 05:43 0.0 7.7 0.0 1.9 19.3 15:12 SE
8 25.9 30.4 14:43 20.6 06:18 0.0 7.6 0.0 2.0 22.5 14:46 S
9 27.3 31.9 17:48 20.8 05:48 0.0 9.0 0.0 2.2 22.5 22:32 SE
10 27.5 31.8 16:58 21.7 23:15 0.0 9.2 0.0 3.3 22.5 00:16 ENE
11 25.3 32.6 14:18 17.3 06:13 0.1 7.1 0.0 2.6 25.7 16:50 SSW
12 24.9 32.1 14:12 17.6 05:56 0.0 6.6 0.0 1.8 19.3 15:35 S
13 24.7 30.8 15:41 18.9 05:51 0.0 6.4 0.0 1.5 19.3 14:59 S
14 26.2 32.2 15:07 20.2 05:53 0.0 7.9 0.0 2.0 22.5 13:56 SE
15 26.6 34.4 16:32 18.8 06:03 0.0 8.3 0.0 1.4 16.1 17:28 SE
16 26.3 34.0 15:30 18.7 05:36 0.0 8.0 0.0 1.8 20.9 16:51 SE
17 26.2 33.6 15:38 17.9 06:14 0.0 8.0 0.0 1.6 20.9 14:18 SE
18 26.3 32.7 16:35 19.2 05:52 0.0 8.0 0.0 2.2 20.9 13:54 SE
19 26.2 33.8 14:19 18.3 05:50 0.0 7.9 0.0 1.6 19.3 13:16 S
20 25.9 32.6 18:11 17.9 06:09 0.0 7.6 0.0 1.8 22.5 14:36 SSE
21 27.0 33.3 16:14 19.4 06:25 0.0 8.7 0.0 1.8 22.5 13:37 SE
22 27.0 32.9 15:27 19.6 06:23 0.0 8.7 0.0 2.7 27.4 13:53 SE
23 27.4 33.2 13:51 20.9 06:32 0.0 9.1 0.0 2.0 22.5 15:38 SE
24 26.7 33.4 13:48 19.4 06:06 0.0 8.4 0.0 2.2 20.9 12:50 SSE
25 24.2 28.3 16:53 20.4 10:59 0.0 5.9 19.4 1.7 25.7 09:47 S
26 25.1 29.8 16:02 20.4 06:37 0.0 6.8 0.0 2.1 20.9 13:12 SW
27 25.3 28.8 14:54 21.7 01:28 0.0 7.0 0.0 4.6 32.2 13:11 SSE
28 24.9 27.5 14:44 20.4 23:36 0.0 6.6 0.0 4.4 32.2 11:02 SSE
29 24.7 27.4 13:44 20.9 00:00 0.0 6.4 0.0 5.4 32.2 11:02 SSE
30 25.1 28.6 14:12 20.2 23:09 0.0 6.8 0.0 4.7 33.8 11:14 SSE
31 25.9 32.6 15:17 17.8 06:15 0.0 7.6 0.0 3.7 22.5 13:57 NNE
----------------------------------------------------------------------------------
26.0 34.4 15 17.3 11 0.1 238.1 20.2 2.4 41.8 3 SSE
Max >= 27.0: 31
Max <= 0.0: 0
Min <= 0.0: 0
Min <= -18.0: 0
Max Rain: 19.4 on day 25
Days of Rain: 2 (>= 0.2 mm) 1 (>= 2.0 mm) 0 (>= 20.0 mm)
Heat Base: 18.3 Cool Base: 18.3 Method: Integration