Select a Year or Month report
Report for 2015 Jun
Monthly Climatological Summary for Jun 2015
Name: Meteo Sarzana City: Sarzana State: Italy
Elevation: 21 m Lat: N 44� 06' 04" Lon: E 009� 59' 08"
Temperature (�C), Rain (mm), Wind Speed (km/h)
Heat Cool Avg
Mean Deg Deg Wind Dom
Day Temp High Time Low Time Days Days Rain Speed High Time Dir
----------------------------------------------------------------------------------
1 19.2 27.1 16:34 12.9 06:17 1.8 2.7 0.0 2.0 20.9 13:41 SSE
2 18.9 25.3 15:57 11.7 05:39 1.9 2.5 0.0 2.3 20.9 14:51 SE
3 20.3 26.3 14:04 13.7 05:28 1.1 3.0 0.0 2.1 22.5 14:19 SE
4 23.2 31.7 16:19 15.2 05:44 0.6 5.6 0.0 1.0 14.5 15:43 SE
5 25.7 34.0 13:59 17.0 05:29 0.1 7.5 0.0 2.5 20.9 14:42 SW
6 25.9 33.4 15:46 18.1 05:47 0.0 7.6 0.0 1.4 19.3 14:50 SSW
7 25.3 33.4 14:15 17.3 05:50 0.1 7.1 0.0 2.0 19.3 16:24 SW
8 24.7 31.3 15:28 18.3 05:36 0.0 6.4 0.8 2.0 20.9 16:24 SSW
9 21.8 27.9 13:41 18.2 03:51 0.0 3.5 26.4 2.2 25.7 04:12 WSW
10 22.8 29.9 15:19 16.2 05:25 0.3 4.8 0.0 2.6 27.4 17:26 N
11 23.3 30.4 16:20 15.3 05:27 0.4 5.4 0.0 1.8 17.7 14:10 SSW
12 22.0 28.2 11:44 16.6 05:31 0.2 4.0 0.0 1.6 24.1 16:18 SSW
13 23.7 30.1 14:14 18.4 02:12 0.0 5.4 0.0 2.4 25.7 17:36 S
14 20.7 24.4 10:43 17.0 06:06 0.2 2.6 1.0 1.4 24.1 14:04 SSE
15 22.0 26.1 14:20 17.9 23:43 0.0 3.7 0.4 3.1 24.1 09:12 SSW
16 20.7 25.3 15:05 15.4 05:48 0.5 3.0 0.0 2.9 24.1 13:36 SW
17 20.6 27.3 16:39 13.8 05:47 1.0 3.4 0.0 4.2 32.2 13:44 N
18 21.2 25.7 12:08 15.7 06:05 0.4 3.3 0.0 2.3 24.1 15:40 S
19 21.2 27.2 16:28 15.4 05:41 0.5 3.4 0.0 1.4 19.3 14:40 SSW
20 21.3 27.4 17:00 14.7 05:21 0.6 3.7 0.2 2.0 20.9 12:45 SW
21 20.9 27.2 13:31 15.3 05:31 0.7 3.3 0.0 2.1 19.3 12:12 SSW
22 20.8 26.6 15:57 14.3 03:41 0.9 3.4 0.0 2.5 22.5 13:26 S
23 22.9 25.4 17:23 16.1 23:52 0.0 4.6 20.0 4.6 48.3 23:45 S
24 21.5 28.0 13:59 15.7 03:17 0.4 3.7 6.6 4.3 29.0 00:09 N
25 21.2 28.4 16:01 12.4 06:30 1.0 4.0 0.0 2.7 19.3 13:33 SW
26 21.9 28.1 17:29 14.1 05:29 0.8 4.4 0.0 2.5 24.1 15:22 SW
27 21.6 28.1 13:54 14.7 05:47 0.7 4.0 0.0 1.9 19.3 13:34 SE
28 23.3 30.7 15:03 15.3 06:12 0.5 5.6 0.0 1.7 19.3 16:18 SW
29 24.0 30.1 15:18 17.4 05:23 0.1 5.7 0.0 1.5 17.7 16:02 SSE
30 24.6 31.2 15:39 17.8 05:36 0.0 6.3 0.0 1.4 19.3 14:09 SE
----------------------------------------------------------------------------------
22.2 34.0 5 11.7 2 14.8 133.6 55.4 2.3 48.3 23 SSW
Max >= 27.0: 22
Max <= 0.0: 0
Min <= 0.0: 0
Min <= -18.0: 0
Max Rain: 26.4 on day 9
Days of Rain: 7 (>= 0.2 mm) 3 (>= 2.0 mm) 2 (>= 20.0 mm)
Heat Base: 18.3 Cool Base: 18.3 Method: Integration