Select a Year or Month report
Report for 2014 Dec
Monthly Climatological Summary for Dec 2014
Name: Meteo Sarzana City: Sarzana State: Italy
Elevation: 21 m Lat: N 44� 06' 04" Lon: E 009� 59' 08"
Temperature (�C), Rain (mm), Wind Speed (km/h)
Heat Cool Avg
Mean Deg Deg Wind Dom
Day Temp High Time Low Time Days Days Rain Speed High Time Dir
----------------------------------------------------------------------------------
1 14.0 15.2 01:27 12.5 23:51 4.3 0.0 15.6 3.4 67.3 01:21 W
2 13.3 18.6 13:41 9.7 23:52 5.0 0.0 0.0 2.4 18.4 04:30 SW
3 13.2 17.9 14:03 9.3 00:45 5.1 0.0 0.0 5.5 33.1 13:14 NNW
4 13.3 16.7 14:53 10.0 07:44 5.0 0.0 0.0 3.5 19.4 18:46 NNW
5 12.6 15.2 15:45 10.2 22:49 5.7 0.0 0.0 2.2 13.3 00:30 WSW
6 13.0 16.5 13:29 10.2 21:30 5.3 0.0 0.0 2.0 13.3 03:41 W
7 10.8 13.9 13:49 7.3 21:51 7.5 0.0 0.6 2.8 23.4 11:13 NW
8 8.8 16.4 12:45 4.6 07:44 9.5 0.0 0.0 1.3 12.2 14:55 SE
9 10.8 13.9 13:42 7.1 00:00 7.5 0.0 0.3 10.2 61.2 10:35 N
10 8.5 14.0 12:13 3.0 08:01 9.8 0.0 0.0 3.8 28.1 00:17 NNE
11 7.0 15.8 14:37 1.8 07:48 11.3 0.0 0.0 1.1 9.7 12:59 SSW
12 7.5 12.8 17:50 2.1 04:26 10.8 0.0 0.0 1.8 15.8 10:16 SW
13 11.6 14.8 13:15 8.5 07:49 6.7 0.0 10.2 1.8 20.9 12:10 SE
14 12.6 15.7 13:35 11.2 06:13 5.7 0.0 0.3 0.9 20.9 13:10 E
15 11.7 13.3 15:30 9.1 08:19 6.6 0.0 7.5 1.5 14.8 11:41 SW
16 11.8 13.7 13:43 10.1 23:46 6.5 0.0 1.8 2.4 15.8 16:19 NW
17 10.7 15.5 13:33 6.0 08:02 7.6 0.0 0.3 1.1 8.6 11:05 ESE
18 9.8 17.5 15:28 4.5 07:54 8.5 0.0 0.0 1.4 12.2 10:59 SW
19 9.4 13.1 13:33 5.4 07:40 8.9 0.0 0.3 0.8 12.2 13:56 SSW
20 11.8 17.2 13:37 9.0 06:53 6.5 0.0 0.3 1.4 14.8 11:08 SSW
21 10.1 18.5 15:29 5.5 08:11 8.2 0.0 0.0 1.1 13.3 12:23 SW
22 7.6 13.4 14:53 2.4 08:02 10.7 0.0 0.3 1.1 19.4 17:15 WSW
23 10.9 12.6 14:09 9.7 03:49 7.4 0.0 0.0 0.8 12.2 11:52 S
24 11.9 15.0 13:20 10.5 02:45 6.4 0.0 0.0 0.9 13.3 14:22 SSE
25 11.1 13.5 14:47 8.1 23:59 7.2 0.0 0.0 0.8 11.2 05:30 SSW
26 8.7 14.1 14:06 0.6 23:58 9.6 0.0 0.0 5.9 27.0 08:17 NNW
27 4.5 11.3 15:18 -0.6 02:07 13.8 0.0 33.0 6.9 47.9 12:06 N
28 5.3 11.4 12:59 -0.2 08:33 13.0 0.0 0.0 5.7 40.3 14:57 NNW
29 6.3 11.0 14:12 -0.2 21:26 12.0 0.0 0.0 7.9 46.4 11:14 NNW
30 4.8 9.0 13:08 -1.2 23:58 13.5 0.0 0.0 7.2 47.9 03:21 N
31 1.8 5.8 13:27 -3.2 06:41 16.5 0.0 0.0 8.8 47.9 14:19 NNW
----------------------------------------------------------------------------------
9.8 18.6 2 -3.2 31 262.1 0.0 70.5 3.2 67.3 1 NNW
Max >= 27.0: 0
Max <= 0.0: 0
Min <= 0.0: 5
Min <= -18.0: 0
Max Rain: 33.0 on day 27
Days of Rain: 12 (>= 0.2 mm) 4 (>= 2.0 mm) 1 (>= 20.0 mm)
Heat Base: 18.3 Cool Base: 18.3 Method: Integration