Select a Year or Month report
Report for 2014 Jun
Monthly Climatological Summary for Jun 2014
Name: Meteo Sarzana City: Sarzana State: Italy
Elevation: 29 m Lat: N 44� 06' 04" Lon: E 009� 59' 08"
Temperature (�C), Rain (mm), Wind Speed (km/h)
Heat Cool Avg
Mean Deg Deg Wind Dom
Day Temp High Time Low Time Days Days Rain Speed High Time Dir
----------------------------------------------------------------------------------
1 18.3 22.6 16:26 13.8 00:14 1.6 1.6 0.0 4.1 29.5 12:29 SSW
2 18.6 25.7 17:01 10.7 05:46 2.4 2.7 0.0 3.2 25.6 15:16 SSW
3 19.2 26.3 14:45 10.8 06:14 2.2 3.1 0.0 2.4 22.0 13:48 SE
4 18.1 23.4 11:46 11.7 05:00 1.8 1.6 0.0 3.2 30.6 15:22 SSE
5 20.3 24.1 16:10 14.9 23:59 0.3 2.3 0.0 4.8 30.6 12:33 S
6 19.9 26.5 12:56 11.5 06:08 1.8 3.4 0.0 2.2 18.4 16:23 SE
7 22.1 29.2 15:52 13.6 05:46 1.0 4.7 0.0 2.1 19.4 15:09 SE
8 24.3 32.4 17:04 15.1 05:29 0.6 6.6 0.0 1.9 18.4 12:42 SE
9 26.7 33.9 15:45 18.2 05:33 0.0 8.4 0.0 2.3 18.4 13:56 S
10 26.1 33.2 15:50 17.5 06:27 0.0 7.9 0.0 2.8 19.4 15:23 S
11 25.0 31.7 16:15 17.2 05:51 0.1 6.8 0.0 2.8 20.9 12:50 ESE
12 25.7 33.1 17:09 18.4 05:47 0.0 7.4 0.0 2.2 22.0 18:59 SE
13 25.8 31.2 16:15 20.1 06:11 0.0 7.5 0.0 2.7 19.4 13:59 SE
14 23.6 29.4 14:04 18.4 22:34 0.0 5.3 33.3 4.9 36.7 15:26 NW
15 20.5 24.3 14:40 17.8 03:04 0.0 2.3 6.0 8.3 39.2 07:21 N
16 21.2 24.9 16:33 17.3 01:23 0.1 3.0 0.0 8.3 45.4 14:59 NNE
17 22.3 26.3 15:35 18.6 01:11 0.0 4.0 0.0 6.9 31.7 10:15 N
18 22.7 26.9 17:04 16.2 01:35 0.1 4.6 0.0 7.2 33.1 13:35 N
19 21.3 26.5 14:54 15.3 06:08 0.5 3.5 0.0 3.9 29.5 18:25 SSW
20 19.6 24.7 16:43 13.2 05:39 1.3 2.6 0.0 3.5 33.1 13:11 S
21 21.0 26.7 15:13 15.0 05:40 0.7 3.4 0.0 3.0 29.5 13:19 SSW
22 20.9 26.2 16:55 15.8 04:10 0.4 3.0 0.6 1.9 18.4 13:54 SE
23 22.1 26.6 16:22 17.0 05:21 0.2 4.1 0.0 3.8 31.7 15:39 SSE
24 22.2 27.6 12:55 15.4 05:42 0.5 4.4 0.0 3.1 25.6 13:15 SSE
25 23.0 26.2 13:58 18.0 08:56 0.0 4.7 12.9 4.8 39.2 17:28 S
26 21.1 26.5 16:09 16.7 05:34 0.2 3.0 0.3 3.1 29.5 12:50 SSW
27 21.3 26.2 15:25 15.6 04:30 0.6 3.6 0.0 3.3 25.6 17:56 SSE
28 22.5 26.6 13:58 18.2 05:17 0.0 4.2 0.0 3.2 25.6 13:17 SSE
29 21.3 26.0 11:43 15.9 05:11 0.5 3.4 2.4 4.9 31.7 12:49 SE
30 21.6 27.3 14:12 15.9 06:13 0.4 3.7 0.0 6.0 35.6 15:00 SW
----------------------------------------------------------------------------------
21.9 33.9 9 10.7 2 17.3 126.8 55.5 3.9 45.4 16 SSE
Max >= 27.0: 10
Max <= 0.0: 0
Min <= 0.0: 0
Min <= -18.0: 0
Max Rain: 33.3 on day 14
Days of Rain: 6 (>= 0.2 mm) 4 (>= 2.0 mm) 1 (>= 20.0 mm)
Heat Base: 18.3 Cool Base: 18.3 Method: Integration