Select a Year or Month report
Report for 2014 Jan
Monthly Climatological Summary for Jan 2014
Name: Meteo Sarzana City: Sarzana State: Italy
Elevation: 29 m Lat: N 44� 06' 04" Lon: E 009� 59' 08"
Temperature (�C), Rain (mm), Wind Speed (km/h)
Heat Cool Avg
Mean Deg Deg Wind Dom
Day Temp High Time Low Time Days Days Rain Speed High Time Dir
----------------------------------------------------------------------------------
1 4.4 9.7 12:07 0.0 05:16 13.8 0.0 0.0 1.2 12.2 07:21 SW
2 8.8 11.5 21:02 6.5 00:48 9.5 0.0 24.0 1.4 15.8 20:15 SW
3 11.5 13.1 15:42 9.6 05:24 6.8 0.0 6.3 0.8 18.4 15:11 SSE
4 13.7 15.5 22:20 11.6 01:53 4.6 0.0 28.8 7.4 46.4 22:48 SE
5 11.8 15.0 01:31 6.6 23:48 6.5 0.0 20.4 4.4 50.0 07:14 SE
6 8.2 16.2 13:56 3.6 07:31 10.1 0.0 0.3 1.3 15.8 10:08 SSE
7 7.8 14.7 13:29 3.7 08:22 10.5 0.0 0.0 0.5 11.2 13:35 S
8 10.2 14.1 14:52 8.1 00:07 8.1 0.0 0.0 0.3 9.7 00:59 SSW
9 10.0 15.0 13:58 6.0 07:45 8.3 0.0 0.0 0.9 18.4 14:27 SSE
10 11.8 14.9 13:10 9.9 01:24 6.5 0.0 0.6 0.4 11.2 21:45 E
11 12.0 15.7 14:34 10.1 18:57 6.3 0.0 0.3 0.7 12.2 13:41 SSW
12 11.6 17.9 14:26 7.1 23:57 6.7 0.0 0.0 1.2 14.8 15:38 SSW
13 8.9 12.0 23:59 4.9 05:35 9.4 0.0 18.9 1.1 23.4 20:45 S
14 11.0 12.6 14:54 7.1 23:51 7.3 0.0 38.4 3.9 34.2 01:06 SE
15 7.7 14.7 15:05 4.1 07:24 10.6 0.0 0.0 1.1 14.8 11:26 S
16 8.2 11.7 21:18 4.4 00:05 10.1 0.0 8.1 1.5 30.6 22:31 SE
17 12.0 12.8 11:09 11.2 00:06 6.3 0.0 71.7 5.7 45.4 04:19 SE
18 11.3 13.8 15:07 10.1 06:42 7.0 0.0 55.2 3.3 34.2 17:41 ESE
19 11.2 13.8 11:16 10.0 16:08 7.1 0.0 55.5 3.2 35.6 16:52 NNW
20 11.1 14.5 15:13 8.0 23:24 7.2 0.0 1.8 2.5 18.4 20:24 W
21 9.8 15.6 13:03 5.8 08:13 8.5 0.0 0.0 1.9 18.4 16:03 SSE
22 8.8 13.4 15:53 3.7 23:30 9.5 0.0 0.6 0.8 17.3 15:21 SSE
23 7.8 13.2 13:44 2.9 01:58 10.5 0.0 0.9 1.5 14.8 13:38 WSW
24 8.0 13.2 15:16 3.5 05:37 10.3 0.0 0.3 5.0 55.1 17:38 NNW
25 6.2 14.5 12:55 0.6 07:02 12.1 0.0 0.0 2.5 22.0 12:54 SE
26 6.8 15.7 13:48 0.3 03:11 11.5 0.0 0.0 5.9 55.1 12:55 NNW
27 7.6 11.7 13:21 4.1 00:00 10.7 0.0 0.0 2.5 23.4 23:57 WNW
28 6.6 10.6 13:20 0.4 23:45 11.7 0.0 0.0 6.9 33.1 11:24 NNW
29 4.0 9.4 14:07 -1.2 08:07 14.3 0.0 9.6 2.9 22.0 20:36 W
30 8.3 12.4 17:29 5.6 02:43 10.0 0.0 51.0 5.7 45.4 18:02 NW
31 10.6 12.6 14:17 8.9 03:13 7.7 0.0 8.1 2.3 14.8 21:47 SW
----------------------------------------------------------------------------------
9.3 17.9 12 -1.2 29 279.5 0.0 400.8 2.6 55.1 24 S
Max >= 27.0: 0
Max <= 0.0: 0
Min <= 0.0: 2
Min <= -18.0: 0
Max Rain: 71.7 on day 17
Days of Rain: 20 (>= 0.2 mm) 13 (>= 2.0 mm) 8 (>= 20.0 mm)
Heat Base: 18.3 Cool Base: 18.3 Method: Integration