Select a Year or Month report
Report for 2013 Dec
Monthly Climatological Summary for Dec 2013
Name: Meteo Sarzana City: Sarzana State: Italy
Elevation: 29 m Lat: N 44� 06' 04" Lon: E 009� 59' 08"
Temperature (�C), Rain (mm), Wind Speed (km/h)
Heat Cool Avg
Mean Deg Deg Wind Dom
Day Temp High Time Low Time Days Days Rain Speed High Time Dir
----------------------------------------------------------------------------------
1 12.0 14.0 21:58 9.0 00:11 6.3 0.0 0.3 22.4 70.9 12:58 N
2 13.0 15.1 15:08 8.4 20:13 5.3 0.0 0.0 13.0 62.3 08:17 N
3 7.3 15.7 13:26 0.6 07:59 11.0 0.0 0.0 1.8 30.6 01:10 NNE
4 4.5 15.3 13:49 -1.7 07:23 13.8 0.0 0.0 0.4 9.7 12:54 SSW
5 5.0 14.4 13:47 -0.9 07:21 13.3 0.0 0.3 0.6 11.2 12:24 S
6 7.5 12.9 13:33 2.0 23:55 10.8 0.0 0.0 0.9 13.3 12:59 SW
7 5.7 15.0 15:04 0.2 05:55 12.6 0.0 0.3 0.8 12.2 13:50 SE
8 6.6 15.5 14:49 1.4 08:02 11.7 0.0 0.0 0.9 12.2 10:29 SSW
9 5.6 13.6 15:21 1.4 06:49 12.7 0.0 0.3 0.5 11.2 14:23 SW
10 6.5 15.0 13:49 2.0 07:57 11.8 0.0 0.0 0.5 11.2 11:57 S
11 6.2 15.9 13:41 0.9 08:01 12.1 0.0 0.3 0.2 7.2 13:27 SSW
12 5.6 15.2 14:01 0.9 07:37 12.7 0.0 0.0 0.6 12.2 12:32 SSW
13 5.6 12.6 13:45 1.0 04:50 12.7 0.0 0.3 0.5 9.7 12:49 S
14 7.3 14.3 13:32 3.0 02:35 11.0 0.0 0.0 1.1 14.8 12:02 SSW
15 8.2 14.6 14:45 2.8 23:45 10.1 0.0 0.0 1.7 24.5 09:53 SE
16 5.5 16.7 14:01 0.1 07:22 12.8 0.0 0.3 0.7 11.2 12:20 SSW
17 4.6 16.1 13:46 -1.1 07:56 13.7 0.0 0.0 0.4 8.6 10:20 SSW
18 4.0 14.1 13:36 -1.6 06:19 14.3 0.0 0.3 0.5 9.7 14:38 SSW
19 5.8 12.1 23:55 0.9 02:17 12.5 0.0 0.0 1.0 17.3 23:40 SSW
20 10.5 13.9 02:28 8.8 06:06 7.8 0.0 1.5 1.8 20.9 00:42 SSW
21 11.9 14.3 14:24 10.3 00:00 6.4 0.0 0.6 0.5 12.2 11:43 SW
22 12.8 14.2 10:23 11.4 22:14 5.5 0.0 0.3 2.3 18.4 08:44 S
23 11.0 12.6 15:46 7.9 23:46 7.3 0.0 0.6 0.4 14.8 10:07 NW
24 10.7 13.2 17:49 7.9 00:00 7.6 0.0 17.4 3.5 34.2 19:41 SE
25 13.8 15.0 12:43 12.5 00:00 4.5 0.0 27.3 10.3 50.0 23:10 SE
26 11.0 14.2 07:41 6.3 22:49 7.3 0.0 36.6 6.6 56.2 08:13 ESE
27 8.0 15.2 15:19 3.5 08:16 10.3 0.0 0.3 0.9 12.2 06:19 SSE
28 8.2 12.8 14:58 2.7 07:32 10.1 0.0 3.9 1.9 34.2 23:15 SE
29 11.4 13.7 05:29 5.7 23:55 6.9 0.0 6.3 2.7 33.1 00:29 ESE
30 8.7 14.0 13:27 3.9 06:17 9.6 0.0 0.3 7.7 35.6 15:16 NNW
31 5.6 13.8 13:51 0.8 07:48 12.7 0.0 0.0 1.5 13.3 09:48 S
----------------------------------------------------------------------------------
8.1 16.7 16 -1.7 4 317.2 0.0 97.5 2.9 70.9 1 NE
Max >= 27.0: 0
Max <= 0.0: 0
Min <= 0.0: 4
Min <= -18.0: 0
Max Rain: 36.6 on day 26
Days of Rain: 19 (>= 0.2 mm) 5 (>= 2.0 mm) 2 (>= 20.0 mm)
Heat Base: 18.3 Cool Base: 18.3 Method: Integration