Select a Year or Month report
Report for 2013 Jul
Monthly Climatological Summary for Jul 2013
Name: Meteo Sarzana City: Sarzana State: Italy
Elevation: 29 m Lat: N 44� 06' 04" Lon: E 009� 59' 08"
Temperature (�C), Rain (mm), Wind Speed (km/h)
Heat Cool Avg
Mean Deg Deg Wind Dom
Day Temp High Time Low Time Days Days Rain Speed High Time Dir
----------------------------------------------------------------------------------
1 20.1 27.2 16:02 11.7 06:18 1.8 3.6 0.0 2.8 19.4 16:18 SE
2 20.9 28.0 16:36 12.4 05:51 1.5 4.1 0.0 2.6 18.4 13:31 SSE
3 20.4 24.9 11:25 14.4 05:58 0.9 3.0 0.0 2.5 25.6 12:11 SE
4 22.7 28.8 16:49 15.8 06:25 0.3 4.7 0.0 3.4 27.0 12:51 SSE
5 24.7 30.8 16:09 17.3 06:07 0.1 6.5 0.0 3.7 27.0 12:41 SE
6 25.3 32.0 15:31 17.5 05:47 0.0 7.1 0.0 2.7 24.5 12:22 ESE
7 26.3 32.1 16:06 20.1 02:42 0.0 8.0 0.0 6.9 35.6 14:18 N
8 28.4 31.6 14:32 23.5 04:36 0.0 10.1 0.0 10.8 37.8 10:42 N
9 25.4 31.6 15:38 19.4 06:09 0.0 7.1 0.0 3.6 30.6 15:50 E
10 23.9 30.0 15:10 18.0 05:56 0.0 5.6 0.0 3.5 33.1 16:02 N
11 23.4 28.7 15:16 17.6 05:34 0.1 5.2 0.0 3.2 24.5 13:52 SE
12 23.6 29.0 11:48 17.9 06:21 0.0 5.3 0.0 4.0 31.7 15:30 SSW
13 23.1 28.0 17:27 18.8 05:41 0.0 4.8 0.0 2.5 17.3 15:16 SW
14 24.2 30.2 16:25 17.6 05:57 0.0 5.9 0.0 3.1 27.0 12:17 SSE
15 24.5 30.7 15:29 17.4 05:55 0.1 6.3 0.0 3.0 19.4 13:42 SSE
16 24.5 32.1 16:01 17.0 05:53 0.1 6.4 0.0 2.8 23.4 16:53 ESE
17 25.7 32.1 17:41 18.8 05:35 0.0 7.4 0.0 3.3 20.9 12:36 SW
18 23.6 29.7 11:26 19.0 06:09 0.0 5.3 1.5 3.0 34.2 14:20 WSW
19 24.0 29.9 16:29 19.1 05:29 0.0 5.7 21.0 3.7 25.6 17:39 SE
20 24.0 29.6 15:23 18.1 05:53 0.0 5.7 0.0 2.7 19.4 13:58 SE
21 25.5 33.3 16:10 17.8 06:15 0.0 7.2 0.0 2.2 17.3 11:54 S
22 26.2 32.8 18:44 18.9 06:05 0.0 7.9 0.0 1.6 18.4 11:59 SSE
23 25.1 30.7 12:58 18.9 06:09 0.0 6.8 0.0 2.6 22.0 12:22 ESE
24 24.6 29.6 15:40 18.9 05:38 0.0 6.3 0.0 2.6 28.1 13:12 SSE
25 25.0 30.3 14:24 18.8 06:02 0.0 6.7 0.0 2.7 25.6 15:33 SSE
26 26.0 30.6 14:33 20.9 06:24 0.0 7.7 0.0 2.7 20.9 17:28 SE
27 25.9 32.2 16:56 19.9 06:01 0.0 7.6 0.0 2.3 20.9 14:16 SE
28 25.8 32.8 12:53 18.8 05:29 0.0 7.6 0.0 3.4 27.0 14:59 SSE
29 24.1 28.4 16:20 20.7 23:55 0.0 5.8 5.1 4.3 35.6 16:24 S
30 23.7 30.9 16:02 16.0 06:47 0.2 5.6 0.0 3.1 24.5 12:30 SSE
31 24.9 32.4 13:39 16.3 06:12 0.2 6.9 0.0 3.3 24.5 17:57 SE
----------------------------------------------------------------------------------
24.4 33.3 21 11.7 1 5.3 193.9 27.6 3.4 37.8 8 SE
Max >= 27.0: 30
Max <= 0.0: 0
Min <= 0.0: 0
Min <= -18.0: 0
Max Rain: 21.0 on day 19
Days of Rain: 3 (>= 0.2 mm) 2 (>= 2.0 mm) 1 (>= 20.0 mm)
Heat Base: 18.3 Cool Base: 18.3 Method: Integration