Select a Year or Month report
Report for 2013 May
Monthly Climatological Summary for May 2013
Name: Meteo Sarzana City: Sarzana State: Italy
Elevation: 29 m Lat: N 44� 06' 04" Lon: E 009� 59' 08"
Temperature (�C), Rain (mm), Wind Speed (km/h)
Heat Cool Avg
Mean Deg Deg Wind Dom
Day Temp High Time Low Time Days Days Rain Speed High Time Dir
----------------------------------------------------------------------------------
5 14.5 17.6 15:10 10.2 05:25 3.5 0.0 19.5 2.9 22.0 16:13 WNW
6 16.5 22.0 16:56 10.8 06:32 2.6 0.9 0.3 3.4 22.0 19:24 ESE
7 17.0 20.7 13:34 13.7 06:19 1.7 0.3 0.0 3.0 28.1 13:38 SSE
8 17.5 22.5 15:03 11.3 05:59 2.1 1.3 0.0 3.1 28.1 15:15 SSE
9 18.6 24.5 15:40 12.2 05:55 1.8 2.1 0.0 2.9 22.0 13:58 ESE
10 17.7 20.7 14:02 15.1 23:31 1.2 0.6 3.0 3.0 19.4 14:00 SSE
11 16.8 20.8 15:25 14.0 23:03 1.9 0.4 2.4 3.7 28.1 15:32 SSE
12 17.0 21.9 15:02 11.5 23:57 2.2 0.9 0.0 4.2 28.1 18:39 SSE
13 15.6 21.2 14:11 8.9 06:33 3.4 0.7 0.0 3.5 28.1 14:57 SE
14 16.4 22.8 14:45 9.6 05:56 3.2 1.3 0.0 2.9 22.0 14:59 SE
15 16.5 21.6 11:40 11.1 05:22 2.6 0.8 2.7 3.0 27.0 13:24 SSE
16 16.1 18.8 17:09 14.1 03:23 2.2 0.0 46.5 3.9 41.8 10:27 SSE
17 15.7 18.2 15:39 13.4 23:43 2.6 0.0 41.4 6.0 36.7 14:36 SSW
18 15.2 20.6 11:47 9.5 06:04 3.3 0.2 6.3 2.9 23.4 10:03 SE
19 15.5 18.9 16:13 12.7 07:20 2.8 0.0 13.8 5.2 39.2 15:17 S
20 15.8 18.6 13:11 12.2 23:57 2.5 0.0 0.0 7.1 39.2 12:14 S
21 14.3 19.7 15:30 9.3 06:11 4.1 0.1 0.3 3.1 25.6 16:54 S
22 16.5 24.6 15:03 7.0 06:17 3.6 1.9 0.0 5.8 34.2 16:39 NNW
23 17.6 23.1 12:01 11.6 06:03 1.8 1.2 0.0 4.1 24.5 14:01 SE
24 14.7 17.4 15:04 9.3 23:51 3.6 0.0 0.0 10.5 58.7 08:02 SSE
25 11.4 14.8 10:33 9.2 23:49 6.9 0.0 2.1 5.3 47.9 09:34 S
26 13.3 18.9 14:35 6.2 06:29 5.0 0.0 0.0 4.5 30.6 15:53 S
27 14.6 18.2 13:43 11.0 23:52 3.7 0.0 0.0 5.2 39.2 12:44 S
28 13.8 20.4 18:10 10.0 03:51 4.5 0.1 0.9 1.8 15.8 17:50 WSW
29 15.4 17.6 13:43 14.0 07:05 2.9 0.0 3.6 8.9 43.9 04:50 S
30 13.5 16.7 15:07 10.5 08:31 4.8 0.0 6.9 5.8 36.7 00:44 SSW
31 13.5 18.4 15:48 7.8 05:45 4.8 0.0 0.0 4.0 39.2 14:09 S
----------------------------------------------------------------------------------
15.6 24.6 22 6.2 26 85.3 12.8 149.7 4.4 58.7 24 S
Max >= 27.0: 0
Max <= 0.0: 0
Min <= 0.0: 0
Min <= -18.0: 0
Max Rain: 46.5 on day 16
Days of Rain: 14 (>= 0.2 mm) 11 (>= 2.0 mm) 2 (>= 20.0 mm)
Heat Base: 18.3 Cool Base: 18.3 Method: Integration