Select a Year or Month report
Report for 2013 Apr
Monthly Climatological Summary for Apr 2013
Name: Meteo Sarzana City: Sarzana State: Italy
Elevation: 29 m Lat: N 44� 06' 04" Lon: E 009� 59' 08"
Temperature (�C), Rain (mm), Wind Speed (km/h)
Heat Cool Avg
Mean Deg Deg Wind Dom
Day Temp High Time Low Time Days Days Rain Speed High Time Dir
----------------------------------------------------------------------------------
1 11.9 15.5 15:01 8.3 07:37 6.4 0.0 0.3 4.9 30.6 21:55 NNE
2 11.4 14.3 16:24 7.8 23:59 6.9 0.0 3.0 6.7 37.8 05:13 NW
3 10.9 16.1 16:38 5.4 06:43 7.4 0.0 0.0 3.0 28.1 13:22 SSE
4 11.2 14.2 13:33 8.3 00:00 7.1 0.0 2.4 4.8 36.7 18:14 NNE
5 10.6 13.7 19:00 8.0 23:33 7.7 0.0 15.3 6.3 40.3 01:44 NNW
6 13.5 19.1 16:26 8.2 00:00 4.8 0.0 0.3 3.9 29.5 18:57 SW
7 14.2 17.5 15:39 10.1 23:25 4.1 0.0 0.0 5.2 28.1 01:00 E
8 10.0 12.8 16:01 8.5 02:45 8.3 0.0 33.6 3.1 27.0 13:12 SSE
9 11.5 15.6 13:59 6.7 07:03 6.8 0.0 4.8 3.4 30.6 11:35 SE
10 14.2 16.8 13:00 12.4 05:39 4.1 0.0 0.9 6.6 36.7 13:10 ESE
11 14.1 17.8 14:09 9.7 07:11 4.2 0.0 0.0 3.1 20.9 00:13 SE
12 14.4 17.7 17:53 10.0 22:44 3.9 0.0 12.0 6.0 42.8 09:00 SE
13 14.6 17.5 15:02 9.3 23:57 3.7 0.0 0.0 4.9 29.5 12:24 SE
14 13.6 21.0 15:10 6.6 06:13 5.1 0.4 0.0 2.8 23.4 16:04 ESE
15 14.5 21.5 11:27 7.2 06:56 4.5 0.7 0.0 3.6 28.1 14:10 ESE
16 14.6 20.8 12:05 8.7 03:46 4.2 0.5 0.0 3.1 29.5 14:03 ESE
17 17.3 26.1 16:40 10.5 05:43 3.1 2.1 0.0 2.3 20.9 13:57 SE
18 15.8 21.7 14:14 10.2 06:33 3.2 0.7 0.0 3.7 34.2 16:41 ESE
19 15.3 21.1 12:19 10.2 05:15 3.4 0.5 0.0 3.2 24.5 13:45 ESE
20 13.7 16.4 01:12 11.7 23:58 4.6 0.0 9.6 2.7 19.4 17:21 SE
21 12.3 16.9 14:48 6.7 06:19 6.0 0.0 0.0 3.0 30.6 15:09 SSE
22 12.3 17.9 15:21 8.2 02:46 6.0 0.0 3.6 3.4 29.5 12:59 W
23 13.2 19.5 17:44 6.6 06:48 5.2 0.0 0.0 2.7 20.9 13:06 ESE
24 16.4 24.6 16:51 7.6 06:14 3.7 1.8 0.0 3.6 19.4 14:42 S
25 18.2 25.1 10:52 12.1 03:40 1.6 1.5 0.0 3.6 28.1 09:20 SE
26 18.5 24.4 14:12 15.3 05:37 1.1 1.3 0.0 3.0 28.1 12:09 SE
27 15.6 17.6 01:08 14.4 05:43 2.7 0.0 35.4 4.6 29.5 12:18 SE
28 16.0 21.3 14:16 13.7 23:41 2.4 0.2 1.2 2.5 24.5 10:47 ESE
29 19.2 26.1 15:54 13.2 00:46 1.2 2.1 8.1 6.5 43.9 09:39 NNW
----------------------------------------------------------------------------------
14.1 26.1 17 5.4 3 133.4 11.8 130.5 4.0 43.9 29 ESE
Max >= 27.0: 0
Max <= 0.0: 0
Min <= 0.0: 0
Min <= -18.0: 0
Max Rain: 35.4 on day 27
Days of Rain: 14 (>= 0.2 mm) 10 (>= 2.0 mm) 2 (>= 20.0 mm)
Heat Base: 18.3 Cool Base: 18.3 Method: Integration