Select a Year or Month report
Report for 2022 Nov
Monthly Climatological Summary for Nov 2022
Name: Meteo Sarzana City: Sarzana State: Italy
Elevation: 21 m Lat: N 44� 06' 03" Lon: E 009� 59' 08"
Temperature (�C), Rain (mm), Wind Speed (km/h)
Heat Cool Avg
Mean Deg Deg Wind Dom
Day Temp High Time Low Time Days Days Rain Speed High Time Dir
----------------------------------------------------------------------------------
01 14.3 20.6 14:04 8.0 06:46 4.3 0.4 0.2 1.4 14.0 12:58 SW
02 17.0 20.0 14:31 14.9 05:33 1.3 0.2 0.2 1.6 19.0 16:50 WSW
03 16.5 21.9 13:01 13.5 02:27 1.8 0.4 12.8 2.4 32.0 22:16 SSE
04 17.2 20.3 13:41 12.2 23:59 1.5 0.3 14.4 5.8 35.0 03:35 S
05 14.1 20.4 13:36 6.7 23:54 4.1 0.3 0.0 5.8 34.0 07:00 NNW
06 11.0 19.7 12:25 4.4 07:42 7.0 0.1 0.0 2.0 14.0 08:57 S
07 12.5 20.3 13:43 6.7 03:49 5.8 0.3 0.0 1.3 16.0 12:25 S
08 14.8 20.7 11:26 10.3 00:59 3.6 0.4 0.6 1.5 23.0 12:47 S
09 17.6 18.6 22:07 15.7 00:00 0.4 0.0 1.2 3.8 24.0 23:03 SE
10 16.4 21.4 12:05 12.9 23:57 0.6 0.0 9.6 3.2 21.0 01:55 ESE
11 14.8 22.3 13:06 9.1 07:39 1.1 0.1 0.0 1.6 11.0 13:06 SE
12 10.0 14.7 13:46 6.9 06:15 2.9 0.0 0.2 1.1 8.0 14:29 NNE
13 12.8 19.3 12:12 7.1 06:30 4.8 0.0 0.0 7.2 40.0 13:12 NNE
14 13.7 18.3 13:08 7.1 07:52 2.3 0.0 0.0 2.9 19.0 13:24 WSW
----------------------------------------------------------------------------------
14.5 22.3 11 4.4 6 41.5 2.5 39.2 3.1 40.0 13 SSE
Max >= 27.0 0
Max <= 0.0 0
Min <= 0.0 0
Min <= -18.0 0
Max Rain: 14.4 on day 4
Days of Rain: 8 (>= 0.2 mm) 3 (>= 2.0 mm) 0 (>= 20.0 mm)
Heat Base: 18.3 Cool Base: 18.3 Method: Integration