Select a Year or Month report
Report for 2022 Aug
Monthly Climatological Summary for Aug 2022
Name: Meteo Sarzana City: Sarzana State: Italy
Elevation: 21 m Lat: N 44� 06' 03" Lon: E 009� 59' 08"
Temperature (�C), Rain (mm), Wind Speed (km/h)
Heat Cool Avg
Mean Deg Deg Wind Dom
Day Temp High Time Low Time Days Days Rain Speed High Time Dir
----------------------------------------------------------------------------------
01 27.5 34.8 14:16 18.5 06:23 0.0 7.9 0.0 2.3 23.0 13:24 SE
02 27.8 34.7 17:20 18.7 06:50 0.0 7.7 0.0 2.7 23.0 13:42 SSE
03 27.9 35.4 14:11 19.7 06:12 0.0 9.4 0.0 2.9 19.0 13:09 SSW
04 28.4 35.7 14:41 19.6 06:19 0.0 9.8 0.0 2.0 21.0 15:02 SE
05 27.2 33.8 13:58 20.4 06:44 0.0 8.9 0.0 2.5 24.0 12:53 SE
06 28.0 35.9 16:25 20.3 06:37 0.0 9.7 0.0 1.7 24.0 14:20 SE
07 29.5 36.3 15:24 24.1 06:16 0.0 11.1 0.4 7.3 40.0 07:32 N
08 27.1 34.2 15:30 20.2 07:14 0.0 8.5 3.2 4.7 39.0 01:28 NE
09 27.2 33.6 16:17 20.8 06:58 0.0 8.9 0.0 4.1 24.0 14:06 SE
10 26.2 33.9 16:15 20.6 06:57 0.0 5.5 0.0 3.5 19.0 10:57 SSE
13 29.4 33.7 00:00 19.6 00:00 0.0 36.6 0.0 1.6 21.0 16:11 SSE
14 23.6 31.1 12:36 15.5 06:51 0.5 5.8 0.0 2.7 26.0 11:39 SSW
15 25.5 30.7 15:40 21.0 05:42 0.0 7.2 1.0 3.5 32.0 21:28 S
16 25.7 31.4 16:56 20.0 06:24 0.0 7.4 0.4 2.0 24.0 13:11 SE
17 24.5 31.7 11:31 18.2 06:29 0.0 6.2 0.0 2.4 42.0 18:17 WNW
18 23.9 27.8 16:58 18.7 12:13 0.0 3.8 15.6 4.3 47.0 03:19 W
19 21.9 27.6 17:15 19.6 23:57 0.0 3.1 0.2 2.2 19.0 18:07 WSW
20 18.3 27.4 19:29 16.8 07:17 0.1 0.1 0.0 1.2 8.0 01:02 S
21 18.8 29.6 15:39 17.5 07:01 0.0 0.2 0.0 0.0 5.0 07:32 N
22 26.3 32.5 13:20 19.7 22:47 0.0 4.6 2.6 2.5 31.0 14:16 NW
23 19.3 31.3 15:07 15.4 07:08 0.5 1.0 0.0 0.0 5.0 00:09 N
24 24.2 31.3 14:13 15.4 07:21 0.4 5.9 0.0 2.0 23.0 14:21 SSE
25 24.9 31.9 14:01 17.7 07:16 0.0 5.6 0.0 2.9 23.0 15:30 S
30 20.3 30.8 15:04 18.2 07:08 0.0 10.0 0.0 0.4 13.0 16:59 W
31 23.4 28.9 14:36 19.8 09:45 0.0 5.1 16.8 1.7 26.0 08:58 SSE
----------------------------------------------------------------------------------
25.1 36.3 7 15.4 23 1.5 190.0 40.2 2.7 47.0 18 SSE
Max >= 27.0 25
Max <= 0.0 0
Min <= 0.0 0
Min <= -18.0 0
Max Rain: 16.8 on day 31
Days of Rain: 8 (>= 0.2 mm) 4 (>= 2.0 mm) 0 (>= 20.0 mm)
Heat Base: 18.3 Cool Base: 18.3 Method: Integration