Select a Year or Month report
Report for 2022 Jul
Monthly Climatological Summary for Jul 2022
Name: Meteo Sarzana City: Sarzana State: Italy
Elevation: 21 m Lat: N 44� 06' 03" Lon: E 009� 59' 08"
Temperature (�C), Rain (mm), Wind Speed (km/h)
Heat Cool Avg
Mean Deg Deg Wind Dom
Day Temp High Time Low Time Days Days Rain Speed High Time Dir
----------------------------------------------------------------------------------
01 23.0 30.5 15:12 14.8 05:51 0.9 5.6 0.0 2.3 19.0 12:38 SSE
02 24.9 33.3 17:08 15.7 06:09 0.4 7.0 0.0 1.9 21.0 12:11 SSE
03 26.6 35.2 16:07 18.2 06:02 0.0 8.3 0.0 0.7 18.0 14:47 SE
04 25.9 34.1 14:34 18.4 06:05 0.0 7.5 0.0 2.3 21.0 14:55 SSE
05 25.4 31.4 16:32 18.3 05:56 0.0 7.1 0.0 2.1 23.0 13:47 SE
06 26.8 33.2 17:13 19.7 06:10 0.0 8.5 0.0 0.4 13.0 20:52 E
07 26.4 31.8 13:24 20.1 05:57 0.0 8.1 0.0 2.2 24.0 14:16 S
08 25.6 31.0 12:18 18.3 06:35 0.0 7.1 0.0 2.2 24.0 13:12 SSE
09 23.9 30.5 12:50 15.8 06:05 0.3 5.8 0.0 2.3 21.0 13:44 S
10 24.3 30.3 16:46 16.4 06:50 0.2 6.2 0.0 3.7 24.0 13:42 SW
11 24.3 30.9 15:25 15.9 06:02 0.3 6.3 0.0 2.7 23.0 13:11 SSE
12 25.2 30.8 15:32 19.3 02:36 0.0 6.9 0.0 2.4 26.0 15:52 S
13 26.7 33.4 16:53 19.2 06:04 0.0 8.4 0.0 2.2 24.0 15:01 SW
14 26.2 32.9 16:46 19.0 06:22 0.0 7.8 0.0 2.7 23.0 13:56 SE
15 25.2 32.4 15:10 16.9 06:12 0.1 7.0 0.0 1.4 24.0 13:10 SSE
16 26.1 33.1 17:17 18.7 05:42 0.0 7.7 0.0 0.8 23.0 14:39 SSE
17 27.4 36.4 16:08 17.9 05:56 0.0 9.1 0.0 1.1 18.0 13:09 S
18 29.6 36.6 16:38 21.4 06:23 0.0 11.3 0.0 1.5 23.0 12:18 SE
19 29.8 37.7 17:59 21.7 06:32 0.0 11.5 0.0 1.3 21.0 12:58 SSW
20 29.1 36.9 16:03 20.2 06:35 0.0 10.8 0.0 1.7 19.0 13:03 SE
21 27.2 33.9 14:26 19.7 06:16 0.0 8.9 0.0 2.6 21.0 15:23 SE
22 27.2 35.1 14:22 19.1 06:25 0.0 8.8 0.0 1.6 24.0 14:22 ESE
23 27.0 33.7 16:49 19.7 07:00 0.0 7.1 0.0 0.0 3.0 00:15 ESE
24 29.6 29.6 00:00 29.6 00:00 0.0 0.0 0.0 ---- 0.0 00:00 N
25 29.6 29.6 00:00 29.6 00:00 0.0 0.0 0.0 ---- 0.0 00:00 N
26 26.5 29.6 00:00 24.8 23:52 0.0 1.0 0.0 0.4 10.0 21:07 SE
27 27.9 33.4 13:57 23.2 23:58 0.0 9.6 0.0 3.5 29.0 03:42 WSW
28 26.3 33.6 16:58 19.3 06:34 0.0 7.4 0.0 1.6 23.0 11:17 SSE
29 25.2 32.2 15:20 19.9 06:21 0.0 5.5 3.2 2.0 27.0 14:59 SSE
30 26.0 32.0 16:59 20.1 06:51 0.0 7.7 0.6 0.2 10.0 01:05 NW
31 26.2 33.3 13:55 18.0 06:18 0.0 7.9 0.0 2.2 24.0 15:55 SSE
----------------------------------------------------------------------------------
26.5 37.7 19 14.8 1 2.2 221.9 3.8 1.8 29.0 27 SSE
Max >= 27.0 31
Max <= 0.0 0
Min <= 0.0 0
Min <= -18.0 0
Max Rain: 3.2 on day 29
Days of Rain: 2 (>= 0.2 mm) 1 (>= 2.0 mm) 0 (>= 20.0 mm)
Heat Base: 18.3 Cool Base: 18.3 Method: Integration