Select a Year or Month report
Report for 2022 Apr
Monthly Climatological Summary for Apr 2022
Name: Meteo Sarzana City: Sarzana State: Italy
Elevation: 21 m Lat: N 44� 06' 03" Lon: E 009� 59' 08"
Temperature (�C), Rain (mm), Wind Speed (km/h)
Heat Cool Avg
Mean Deg Deg Wind Dom
Day Temp High Time Low Time Days Days Rain Speed High Time Dir
----------------------------------------------------------------------------------
01 11.9 16.2 13:31 8.7 23:57 6.4 0.0 2.4 7.8 43.0 15:20 S
02 7.1 12.1 15:27 4.0 21:42 10.9 0.0 12.0 7.0 50.0 05:16 SE
03 7.9 14.0 12:45 1.4 07:17 10.2 0.0 0.0 4.4 26.0 12:27 SW
04 9.5 15.2 15:36 4.8 23:59 8.6 0.0 6.4 3.2 21.0 00:36 S
05 8.8 16.5 15:29 1.4 07:33 9.4 0.0 0.0 3.2 24.0 11:39 SSE
07 10.5 17.7 14:19 1.9 06:50 14.6 0.0 0.0 5.5 40.0 15:35 SSE
08 15.2 17.2 15:54 14.2 07:05 3.1 0.0 0.0 7.5 37.0 15:12 SSE
09 14.4 17.4 13:45 10.3 23:56 3.9 0.0 0.4 8.9 39.0 04:00 SE
12 9.4 18.2 14:06 1.2 06:52 7.0 0.0 0.0 1.0 50.0 00:11 NNW
14 13.3 24.9 14:51 5.4 05:47 0.9 0.2 0.0 2.7 18.0 13:09 SE
----------------------------------------------------------------------------------
12.4 26.1 18 1.2 12 115.6 5.8 71.2 5.8 61.0 18 SSE
Max >= 27.0 0
Max <= 0.0 0
Min <= 0.0 0
Min <= -18.0 0
Max Rain: 49.8 on day 25
Days of Rain: 6 (>= 0.2 mm) 4 (>= 2.0 mm) 1 (>= 20.0 mm)
Heat Base: 18.3 Cool Base: 18.3 Method: Integration