Select a Year or Month report
Report for 2022 Feb
Monthly Climatological Summary for Feb 2022
Name: Meteo Sarzana City: Sarzana State: Italy
Elevation: 21 m Lat: N 44� 06' 03" Lon: E 009� 59' 08"
Temperature (�C), Rain (mm), Wind Speed (km/h)
Heat Cool Avg
Mean Deg Deg Wind Dom
Day Temp High Time Low Time Days Days Rain Speed High Time Dir
----------------------------------------------------------------------------------
01 11.1 17.2 15:23 2.7 23:57 7.2 0.0 0.0 10.8 68.0 03:02 NNW
02 6.7 16.3 14:29 -0.4 08:04 11.6 0.0 0.0 1.1 18.0 16:20 SSE
03 8.6 15.7 12:12 2.6 08:08 9.7 0.0 0.0 1.8 14.0 12:27 SE
04 10.8 13.1 15:02 9.1 00:00 7.5 0.0 2.0 1.2 14.0 13:28 SSE
05 10.8 15.9 12:17 5.7 23:59 7.5 0.0 1.8 1.6 18.0 13:32 SSE
06 8.6 14.6 12:41 2.4 07:21 9.7 0.0 0.4 2.7 27.0 23:40 S
07 11.8 16.8 12:07 3.1 23:59 6.5 0.0 0.0 7.0 53.0 15:00 NNE
08 5.9 15.6 14:40 -1.0 06:47 12.4 0.0 0.0 1.4 21.0 13:50 SSW
09 7.1 16.7 13:11 0.4 06:32 11.2 0.0 0.0 1.6 18.0 14:12 SW
10 8.5 14.8 13:46 3.6 23:58 9.8 0.0 0.0 1.6 19.0 11:18 SSE
11 7.0 11.6 15:49 3.3 02:20 11.3 0.0 0.2 1.0 10.0 10:50 WNW
12 9.9 14.8 12:59 3.2 01:58 8.4 0.0 0.0 8.6 47.0 06:27 NNE
----------------------------------------------------------------------------------
8.9 19.3 22 -1.0 8 255.6 0.1 59.0 3.4 68.0 1 NNE
Max >= 27.0 0
Max <= 0.0 0
Min <= 0.0 3
Min <= -18.0 0
Max Rain: 23.8 on day 15
Days of Rain: 12 (>= 0.2 mm) 5 (>= 2.0 mm) 1 (>= 20.0 mm)
Heat Base: 18.3 Cool Base: 18.3 Method: Integration