Select a Year or Month report
Report for 2022 Jan
Monthly Climatological Summary for Jan 2022
Name: Meteo Sarzana City: Sarzana State: Italy
Elevation: 21 m Lat: N 44� 06' 03" Lon: E 009� 59' 08"
Temperature (�C), Rain (mm), Wind Speed (km/h)
Heat Cool Avg
Mean Deg Deg Wind Dom
Day Temp High Time Low Time Days Days Rain Speed High Time Dir
----------------------------------------------------------------------------------
01 10.8 12.0 14:52 10.1 05:36 7.5 0.0 0.0 1.4 13.0 23:16 WSW
02 10.5 11.3 12:41 9.9 03:59 7.8 0.0 0.2 1.1 11.0 00:52 W
03 10.9 12.4 15:25 9.9 03:07 7.4 0.0 1.0 0.9 14.0 18:10 S
04 12.7 13.4 12:31 12.0 00:00 5.6 0.0 9.4 4.1 31.0 12:40 S
05 11.7 14.4 12:26 7.9 17:10 6.6 0.0 21.2 6.6 51.0 18:02 NNE
06 9.6 12.1 13:40 7.7 02:07 8.7 0.0 0.6 10.7 55.0 11:54 NE
07 7.8 12.4 14:02 2.6 23:58 10.5 0.0 0.0 4.2 29.0 03:16 N
08 3.4 10.4 16:17 -1.6 08:44 14.9 0.0 0.0 2.1 18.0 13:19 SSW
09 7.1 11.1 15:25 2.7 01:20 11.2 0.0 0.0 5.3 32.0 13:21 NNW
10 7.1 12.2 13:31 1.6 06:08 11.2 0.0 0.0 6.6 39.0 14:41 N
11 7.6 13.4 12:24 1.0 08:47 10.7 0.0 0.0 4.5 34.0 12:02 NE
12 7.3 12.7 14:07 -1.3 23:53 11.0 0.0 0.0 4.8 43.0 09:11 NNE
13 3.0 13.6 13:35 -3.1 08:44 15.3 0.0 0.0 0.2 11.0 13:41 S
14 4.1 14.7 14:27 -2.1 05:45 14.2 0.0 0.0 0.0 0.0 00:00 N
15 5.0 14.7 13:32 -0.7 05:34 13.3 0.0 0.0 0.2 8.0 14:32 SSE
16 6.3 13.4 13:46 1.6 01:51 12.0 0.0 0.0 1.1 13.0 09:16 SW
17 5.4 14.4 14:32 -0.3 08:31 12.9 0.0 0.4 1.2 16.0 15:41 SSE
18 6.1 15.1 15:10 1.3 04:47 12.2 0.0 0.4 1.0 11.0 10:52 SW
19 5.8 14.2 14:07 -0.7 08:36 12.5 0.0 1.0 1.2 19.0 23:55 SSW
20 8.4 13.9 12:45 3.3 23:57 9.9 0.0 11.4 2.0 16.0 14:29 SW
21 4.3 13.9 13:29 -0.8 23:51 14.0 0.0 0.2 2.1 24.0 12:46 ENE
22 2.9 11.7 15:10 -2.9 08:21 15.4 0.0 0.0 1.7 16.0 13:04 WSW
23 5.5 13.5 14:05 0.0 01:56 12.8 0.0 0.0 0.9 16.0 15:16 S
24 5.6 13.4 15:05 0.3 08:25 12.7 0.0 0.0 1.1 14.0 13:38 S
25 4.4 12.8 12:52 0.2 04:42 13.9 0.0 0.0 1.1 16.0 14:45 SE
26 6.9 10.7 15:40 3.8 00:00 8.7 0.0 0.0 1.1 19.0 04:52 WSW
27 9.4 12.7 14:50 7.4 03:17 8.9 0.0 0.0 1.0 13.0 11:52 W
28 9.8 18.6 15:28 5.1 23:34 8.5 0.0 0.0 2.8 26.0 14:22 WNW
29 6.8 14.4 12:31 1.8 08:14 11.5 0.0 0.0 1.6 18.0 13:00 S
30 8.7 14.2 15:05 3.6 01:05 9.6 0.0 0.0 2.3 26.0 15:24 W
31 9.5 13.1 15:47 6.0 19:50 8.8 0.0 0.0 4.3 51.0 23:25 NW
----------------------------------------------------------------------------------
7.2 18.6 28 -3.1 13 340.2 0.0 45.8 2.6 55.0 6 N
Max >= 27.0 0
Max <= 0.0 0
Min <= 0.0 10
Min <= -18.0 0
Max Rain: 21.2 on day 5
Days of Rain: 10 (>= 0.2 mm) 3 (>= 2.0 mm) 1 (>= 20.0 mm)
Heat Base: 18.3 Cool Base: 18.3 Method: Integration