Select a Year or Month report
Report for 2021 Dec
Monthly Climatological Summary for Dec 2021
Name: Meteo Sarzana City: Sarzana State: Italy
Elevation: 21 m Lat: N 44� 06' 03" Lon: E 009� 59' 08"
Temperature (�C), Rain (mm), Wind Speed (km/h)
Heat Cool Avg
Mean Deg Deg Wind Dom
Day Temp High Time Low Time Days Days Rain Speed High Time Dir
----------------------------------------------------------------------------------
01 9.9 14.1 23:21 4.1 00:00 8.3 0.0 5.6 6.1 42.0 22:45 SSW
02 10.8 13.8 01:04 5.8 22:25 7.2 0.0 16.2 4.0 47.0 03:27 SSW
03 8.6 12.8 12:55 2.1 23:53 9.7 0.0 0.0 7.5 42.0 10:10 N
04 3.3 10.7 23:52 1.2 04:24 15.0 0.0 0.0 0.5 14.0 23:55 W
05 8.6 14.0 15:25 2.8 21:49 8.3 0.0 0.0 2.4 19.0 10:33 SSW
06 6.0 12.1 15:30 -0.6 23:55 12.3 0.0 0.0 4.5 37.0 13:14 NNW
07 3.7 11.9 15:23 -2.2 05:52 14.4 0.0 0.0 1.7 14.0 13:01 S
08 7.8 11.0 16:08 4.8 00:00 10.5 0.0 28.0 3.2 51.0 11:57 SSE
09 6.1 10.7 14:37 1.0 23:58 12.2 0.0 0.0 3.0 21.0 11:44 NNW
10 3.2 6.3 23:56 -0.6 03:35 15.0 0.0 13.4 3.5 29.0 21:40 N
11 8.4 13.0 13:46 4.4 23:59 9.9 0.0 0.0 6.6 27.0 04:07 NW
12 5.2 14.5 13:39 -0.8 08:28 13.1 0.0 0.0 2.1 27.0 03:15 SSW
13 4.7 14.9 14:52 -0.4 04:26 13.6 0.0 0.0 1.2 11.0 14:01 SSW
14 5.3 15.0 14:17 0.4 07:13 12.9 0.0 0.0 1.1 13.0 12:37 SW
15 5.6 15.4 14:45 0.2 08:16 12.7 0.0 0.2 0.1 5.0 18:50 SW
16 5.5 15.9 14:43 0.3 07:51 12.8 0.0 0.4 1.2 13.0 15:25 S
17 6.2 16.5 15:27 0.7 04:24 11.8 0.0 0.4 1.3 11.0 06:22 WSW
18 5.1 15.4 14:36 0.4 08:35 13.2 0.0 0.2 1.2 16.0 15:01 SSW
19 4.7 13.7 13:56 -0.6 08:30 13.6 0.0 0.2 0.8 10.0 14:06 SSE
20 5.3 5.6 05:32 2.2 00:03 13.0 0.0 0.0 0.2 6.0 00:51 SW
21 8.5 13.4 13:55 5.5 00:00 9.8 0.0 1.6 1.5 14.0 19:07 WSW
22 7.5 14.2 14:56 1.6 23:56 10.8 0.0 0.0 2.0 16.0 00:54 WSW
23 6.0 9.8 14:16 0.7 02:35 12.3 0.0 0.4 1.5 18.0 11:38 WSW
24 11.8 14.2 11:42 8.5 00:00 6.5 0.0 6.6 5.6 39.0 15:24 SW
25 13.2 13.9 00:40 12.4 15:44 5.1 0.0 18.4 2.2 24.0 01:14 S
26 11.9 12.6 00:00 10.3 23:58 6.4 0.0 3.4 0.6 8.0 12:49 W
27 9.6 11.8 14:42 7.0 04:38 8.7 0.0 12.0 1.4 19.0 22:47 WNW
28 10.2 12.5 14:23 8.2 02:09 8.1 0.0 0.0 1.3 11.0 13:36 WSW
29 10.2 15.7 15:47 6.2 23:48 8.1 0.0 0.2 1.4 13.0 11:09 SW
30 8.3 15.3 15:15 4.6 05:22 10.0 0.0 0.0 1.0 8.0 13:12 W
31 9.2 16.8 13:43 3.7 08:37 9.1 0.0 0.2 1.3 13.0 14:09 SSE
----------------------------------------------------------------------------------
7.4 16.8 31 -2.2 7 334.4 0.0 107.4 2.3 51.0 8 WSW
Max >= 27.0 0
Max <= 0.0 0
Min <= 0.0 6
Min <= -18.0 0
Max Rain: 28.0 on day 8
Days of Rain: 17 (>= 0.2 mm) 8 (>= 2.0 mm) 1 (>= 20.0 mm)
Heat Base: 18.3 Cool Base: 18.3 Method: Integration