Select a Year or Month report
Report for 2021 Sep
Monthly Climatological Summary for Sep 2021
Name: Meteo Sarzana City: Sarzana State: Italy
Elevation: 21 m Lat: N 44� 06' 03" Lon: E 009� 59' 08"
Temperature (�C), Rain (mm), Wind Speed (km/h)
Heat Cool Avg
Mean Deg Deg Wind Dom
Day Temp High Time Low Time Days Days Rain Speed High Time Dir
----------------------------------------------------------------------------------
01 21.7 29.4 16:30 13.9 06:48 1.1 4.5 0.0 2.3 23.0 12:03 SSW
02 22.7 31.3 16:01 14.8 07:32 0.6 5.0 0.0 3.3 24.0 15:03 SW
03 22.4 29.9 15:03 16.3 02:44 0.4 4.6 0.0 3.4 23.0 15:21 SW
04 22.3 28.6 15:42 17.3 23:59 0.0 4.1 0.0 2.9 24.0 14:01 S
05 22.1 30.2 16:36 14.1 07:17 0.9 4.7 0.0 2.7 21.0 14:33 SW
06 22.9 31.6 15:32 15.3 07:32 0.5 5.0 0.0 3.4 21.0 13:42 SSE
07 21.7 31.7 13:34 13.4 07:36 0.9 4.3 0.0 3.4 24.0 17:22 SSE
08 21.9 30.0 12:45 14.6 06:55 0.9 4.5 0.0 3.3 27.0 15:42 SW
09 21.3 29.0 14:17 14.1 06:39 1.0 4.0 0.0 2.9 24.0 13:20 S
10 21.1 30.1 13:38 12.9 06:34 1.5 4.3 0.0 2.3 23.0 14:44 S
11 21.9 30.2 17:39 13.9 06:07 1.2 4.8 0.0 2.6 21.0 12:44 S
12 21.4 29.2 14:50 14.2 07:21 1.0 4.1 0.0 2.3 21.0 12:20 SE
13 21.5 29.9 14:47 14.7 07:04 0.8 4.0 0.0 2.1 19.0 15:54 SE
14 21.0 28.3 12:06 13.7 07:18 1.1 3.8 0.0 0.9 16.0 16:23 ESE
15 21.5 26.5 15:28 17.9 01:51 0.0 3.2 0.4 2.3 24.0 12:23 SSE
16 22.1 24.8 13:29 19.5 03:56 0.0 3.8 39.2 3.6 34.0 14:15 SSE
17 21.8 26.4 15:43 18.8 08:53 0.0 3.5 29.6 2.0 24.0 05:16 SSE
18 20.6 24.3 17:48 17.7 23:59 0.0 2.3 23.4 1.2 21.0 13:51 ESE
19 19.8 24.6 15:14 16.4 04:40 0.5 2.0 1.4 3.9 40.0 13:55 SSW
20 19.0 25.3 14:18 13.6 07:34 1.4 2.1 0.0 2.4 31.0 13:24 SSE
21 20.3 26.3 15:36 14.3 07:25 1.0 2.9 0.0 4.2 24.0 21:17 WNW
22 19.2 27.1 14:53 12.1 07:26 1.7 2.6 0.0 2.0 18.0 13:04 S
23 18.7 26.3 14:17 12.4 07:27 2.1 2.5 0.0 1.3 18.0 12:55 SSE
24 18.5 26.4 15:10 11.1 06:11 2.5 2.7 0.0 1.9 21.0 16:01 S
25 21.1 27.0 15:28 15.7 06:38 0.5 3.3 0.0 1.0 14.0 10:33 SW
26 19.1 22.8 10:53 14.6 23:58 0.4 1.2 59.6 4.0 60.0 16:04 N
27 18.6 26.2 13:22 13.2 06:42 1.9 2.2 0.2 0.1 6.0 08:59 WNW
28 20.1 28.8 15:22 13.8 06:20 1.4 3.2 0.2 0.0 5.0 00:20 ESE
29 19.8 26.6 13:51 14.9 07:42 1.0 2.5 0.0 0.0 6.0 05:21 SE
30 20.2 28.4 15:54 13.6 07:11 1.4 3.3 0.2 0.1 5.0 08:08 E
----------------------------------------------------------------------------------
20.9 31.7 7 11.1 24 27.7 105.0 154.2 2.3 60.0 26 S
Max >= 27.0 18
Max <= 0.0 0
Min <= 0.0 0
Min <= -18.0 0
Max Rain: 59.6 on day 26
Days of Rain: 9 (>= 0.2 mm) 4 (>= 2.0 mm) 4 (>= 20.0 mm)
Heat Base: 18.3 Cool Base: 18.3 Method: Integration