Select a Year or Month report
Report for 2021 Jul
Monthly Climatological Summary for Jul 2021
Name: Meteo Sarzana City: Sarzana State: Italy
Elevation: 21 m Lat: N 44� 06' 03" Lon: E 009� 59' 08"
Temperature (�C), Rain (mm), Wind Speed (km/h)
Heat Cool Avg
Mean Deg Deg Wind Dom
Day Temp High Time Low Time Days Days Rain Speed High Time Dir
----------------------------------------------------------------------------------
01 23.3 26.9 13:56 20.4 06:14 0.0 5.0 0.0 4.7 31.0 13:13 SE
02 22.4 26.7 12:59 17.2 05:55 0.1 4.2 0.0 2.8 24.0 13:05 SSE
03 23.1 28.3 14:01 18.4 06:37 0.0 4.6 0.0 2.3 23.0 14:11 SSE
04 22.8 25.8 17:54 19.4 06:28 0.0 4.5 0.0 1.6 16.0 10:15 S
05 22.8 29.1 14:34 16.6 06:08 0.2 4.7 0.0 2.8 24.0 16:27 S
06 24.4 31.8 15:18 17.2 06:01 0.1 6.3 0.0 0.0 3.0 03:08 N
07 24.9 32.9 16:07 16.7 05:44 0.2 6.8 0.0 2.0 24.0 14:21 SSE
08 23.8 29.9 12:24 19.1 05:41 0.0 5.5 1.4 2.9 31.0 18:07 SSW
09 23.3 28.3 16:56 18.1 06:28 0.0 5.0 0.0 2.7 23.0 10:14 SSE
10 22.4 30.0 13:40 13.2 05:55 1.1 5.0 0.0 2.1 21.0 16:13 SE
11 22.8 27.9 15:09 16.8 06:21 0.2 4.6 0.0 2.8 23.0 13:49 S
12 23.9 30.1 15:50 17.8 06:14 0.0 5.6 0.0 2.5 21.0 08:00 SSE
13 22.6 27.7 11:53 18.5 05:06 0.0 4.3 0.0 4.7 34.0 11:16 S
14 21.2 24.9 14:03 17.5 23:55 0.0 2.9 0.4 6.3 39.0 11:06 SSW
15 21.8 27.4 15:53 16.8 01:09 0.3 3.8 0.0 2.5 19.0 15:22 SW
16 23.2 28.5 13:51 17.9 06:47 0.0 4.3 0.0 3.3 23.0 14:11 W
17 24.5 29.5 19:46 18.9 04:05 0.0 6.2 0.0 3.7 27.0 23:52 NNW
18 25.6 34.9 14:57 17.2 05:56 0.1 7.3 0.0 3.5 27.0 11:59 NNE
19 29.0 34.5 16:18 22.5 23:59 0.0 10.6 0.0 5.4 26.0 00:46 NE
20 25.9 32.4 11:39 18.2 06:20 0.0 7.6 0.0 4.0 27.0 14:54 WSW
21 24.9 31.2 14:51 17.7 06:32 0.0 6.6 0.0 2.4 23.0 16:03 SE
22 24.5 30.6 15:14 18.4 06:46 0.0 6.2 0.0 1.9 19.0 13:10 SSE
23 25.3 30.7 15:15 21.2 03:21 0.0 7.0 0.0 2.2 21.0 12:59 S
24 25.4 31.3 14:49 20.5 03:30 0.0 7.1 0.0 2.2 21.0 14:54 S
25 25.1 32.0 16:03 17.9 05:59 0.0 6.9 0.0 3.9 26.0 10:14 SSE
26 26.5 31.8 12:59 21.9 06:40 0.0 8.2 0.0 3.8 32.0 13:27 SSE
27 26.2 30.9 13:04 22.7 06:50 0.0 7.9 6.2 2.9 34.0 13:29 SSE
28 26.2 29.8 17:30 22.7 23:59 0.0 7.9 0.0 3.5 27.0 12:51 SSE
29 25.6 31.7 13:01 19.9 06:07 0.0 7.3 0.0 2.0 24.0 15:58 SSE
30 24.9 31.7 14:04 18.1 06:24 0.0 6.6 0.0 1.3 24.0 15:24 SE
31 25.2 32.8 17:06 17.2 05:51 0.1 7.0 0.0 1.9 21.0 13:39 SSE
----------------------------------------------------------------------------------
24.3 34.9 18 13.2 10 2.4 187.5 8.0 2.9 39.0 14 SSE
Max >= 27.0 27
Max <= 0.0 0
Min <= 0.0 0
Min <= -18.0 0
Max Rain: 6.2 on day 27
Days of Rain: 3 (>= 0.2 mm) 1 (>= 2.0 mm) 0 (>= 20.0 mm)
Heat Base: 18.3 Cool Base: 18.3 Method: Integration