Select a Year or Month report
Report for 2021 May
Monthly Climatological Summary for May 2021
Name: Meteo Sarzana City: Sarzana State: Italy
Elevation: 21 m Lat: N 44� 06' 03" Lon: E 009� 59' 08"
Temperature (�C), Rain (mm), Wind Speed (km/h)
Heat Cool Avg
Mean Deg Deg Wind Dom
Day Temp High Time Low Time Days Days Rain Speed High Time Dir
----------------------------------------------------------------------------------
01 15.4 23.3 12:22 11.2 04:38 3.4 0.5 16.0 3.5 23.0 23:41 S
02 14.7 16.7 15:36 13.1 06:08 3.6 0.0 2.0 8.0 53.0 01:16 SSW
03 15.0 18.8 17:37 8.8 23:59 3.3 0.0 0.0 4.4 35.0 10:28 SSE
04 13.0 19.5 14:33 5.5 06:25 5.4 0.1 0.0 3.4 29.0 15:33 SSE
05 15.0 16.3 16:57 12.8 03:57 3.3 0.0 0.0 5.5 26.0 08:23 SE
06 16.4 19.1 14:04 14.4 07:36 2.0 0.0 0.6 7.6 35.0 12:46 SE
07 16.1 17.2 10:48 13.8 23:57 2.2 0.0 0.8 5.8 27.0 10:27 S
08 16.5 23.3 15:04 9.7 06:43 3.1 1.4 0.0 3.9 23.0 12:44 SW
09 17.5 25.2 15:47 9.4 06:15 3.2 2.4 0.0 1.8 19.0 12:36 SE
10 17.2 24.1 12:55 10.9 06:22 2.6 1.5 0.0 3.7 31.0 15:19 SSE
11 14.8 15.7 13:48 13.8 21:35 3.5 0.0 25.4 2.7 29.0 13:10 SE
12 15.7 19.8 12:05 13.1 07:05 2.7 0.1 2.0 5.9 32.0 15:15 SSW
13 14.9 19.1 12:04 11.6 07:15 3.4 0.0 21.0 4.8 35.0 15:42 S
14 14.3 17.6 13:44 10.8 23:57 4.0 0.0 1.0 3.6 29.0 14:43 SSE
15 13.6 18.5 13:08 8.1 06:10 4.7 0.0 1.2 4.3 37.0 22:02 S
16 15.7 16.2 15:36 15.3 13:42 2.6 0.0 10.8 5.2 27.0 00:45 SSE
17 17.1 20.6 13:34 12.5 23:58 1.6 0.4 0.8 5.2 32.0 03:34 SSE
18 14.5 19.0 11:53 8.7 06:01 3.8 0.0 0.0 6.0 42.0 23:56 SSE
19 17.4 21.9 14:22 12.3 23:57 1.7 0.8 0.4 5.5 32.0 00:07 SSW
20 15.4 21.5 15:44 8.2 06:35 3.7 0.9 0.0 3.4 24.0 14:58 SSE
21 15.0 21.2 12:22 8.3 04:35 3.8 0.6 0.0 4.3 24.0 15:08 S
22 17.5 19.9 12:57 15.8 01:20 0.9 0.2 0.4 7.3 37.0 13:49 SSE
23 18.4 21.7 13:36 14.1 23:48 0.9 0.9 0.0 5.2 27.0 14:53 SSE
24 14.1 15.2 16:18 12.4 07:25 4.2 0.0 24.6 3.2 35.0 07:45 WNW
25 16.6 19.9 14:16 12.6 23:56 2.0 0.2 0.6 5.0 26.0 12:58 SSE
26 15.4 21.7 14:09 8.8 05:47 3.6 0.7 0.0 2.0 24.0 12:42 S
27 15.6 21.6 12:49 9.3 05:49 3.5 0.8 0.0 2.7 26.0 13:57 SSE
28 18.0 26.1 17:19 10.0 06:12 2.8 2.5 0.0 0.4 11.0 05:02 NNE
29 18.2 24.5 14:08 10.7 06:09 2.2 2.0 0.0 2.3 21.0 16:45 SE
30 20.0 26.0 12:19 14.7 23:57 0.9 2.6 0.0 3.6 26.0 15:33 SW
31 18.5 25.0 16:06 11.4 06:04 2.1 2.3 0.0 2.7 23.0 14:12 SSW
----------------------------------------------------------------------------------
16.0 26.1 28 5.5 4 90.7 20.9 107.6 4.3 53.0 2 S
Max >= 27.0 0
Max <= 0.0 0
Min <= 0.0 0
Min <= -18.0 0
Max Rain: 25.4 on day 11
Days of Rain: 15 (>= 0.2 mm) 7 (>= 2.0 mm) 3 (>= 20.0 mm)
Heat Base: 18.3 Cool Base: 18.3 Method: Integration