Select a Year or Month report
Report for 2021 Apr
Monthly Climatological Summary for Apr 2021
Name: Meteo Sarzana City: Sarzana State: Italy
Elevation: 21 m Lat: N 44� 06' 03" Lon: E 009� 59' 08"
Temperature (�C), Rain (mm), Wind Speed (km/h)
Heat Cool Avg
Mean Deg Deg Wind Dom
Day Temp High Time Low Time Days Days Rain Speed High Time Dir
----------------------------------------------------------------------------------
01 13.7 20.8 12:17 6.8 07:35 4.9 0.3 0.0 2.6 23.0 13:55 SE
02 13.0 21.2 16:36 5.7 06:38 5.8 0.5 0.2 2.3 23.0 14:14 SSE
03 13.5 20.4 17:39 7.3 02:35 5.2 0.3 0.0 2.4 23.0 13:18 SSE
04 10.8 12.5 00:22 9.3 01:46 0.7 0.0 0.0 2.6 14.0 00:00 N
05 10.3 10.3 00:00 10.3 00:00 0.0 0.0 0.0 ---- 3.0 00:00 N
06 10.3 10.3 00:00 10.3 00:00 0.0 0.0 0.0 ---- 3.0 00:00 N
07 10.3 10.3 00:00 10.3 00:00 0.0 0.0 0.0 ---- 3.0 00:00 N
08 10.3 10.3 00:00 10.3 00:00 0.0 0.0 0.0 ---- 3.0 00:00 N
09 7.3 10.3 00:00 7.2 23:25 0.5 0.0 1.0 0.0 3.0 00:00 N
10 10.9 15.8 14:37 6.8 01:12 7.4 0.0 10.2 3.0 26.0 20:15 SSE
11 13.4 15.6 17:14 10.9 00:00 4.9 0.0 26.2 5.7 43.0 07:36 SE
12 13.3 14.2 13:00 10.2 23:55 5.0 0.0 25.6 4.6 35.0 14:55 SSE
13 11.3 15.9 14:58 5.4 00:13 2.2 0.0 0.4 3.5 29.0 12:38 NNW
14 11.3 15.4 18:37 1.8 07:10 4.2 0.0 0.0 4.4 24.0 15:24 SW
15 10.7 14.8 15:43 8.0 07:24 7.6 0.0 0.0 6.2 37.0 09:54 N
16 12.0 18.0 14:26 5.8 04:35 6.3 0.0 0.0 7.6 34.0 21:25 NNE
17 12.3 17.5 14:21 6.8 07:11 6.0 0.0 0.0 7.1 31.0 18:58 NE
18 11.8 17.3 14:42 5.5 07:17 6.5 0.0 0.0 5.4 32.0 12:24 N
19 12.2 17.4 13:55 6.7 23:56 6.1 0.0 0.2 4.5 27.0 00:18 NNW
20 10.2 17.4 14:42 3.3 06:30 8.1 0.0 0.2 3.3 29.0 13:20 WSW
21 11.5 18.7 13:08 4.4 06:10 6.8 0.0 0.2 2.8 23.0 14:02 SSE
22 13.9 20.8 15:41 8.9 06:40 4.7 0.3 0.0 2.1 23.0 14:11 SSE
23 14.9 23.3 13:12 6.3 06:26 4.8 1.4 0.0 2.8 24.0 14:45 S
24 14.8 23.4 14:03 5.5 06:53 4.8 1.3 0.0 3.8 27.0 15:53 SW
25 14.1 21.7 15:16 6.1 06:36 5.0 0.8 0.0 2.8 23.0 13:36 SE
26 14.0 22.1 16:40 7.3 04:13 4.8 0.4 0.0 3.7 29.0 17:26 WSW
27 13.8 16.2 20:02 12.7 07:45 2.2 0.0 0.8 5.4 29.0 07:31 N
28 15.1 17.9 13:08 12.8 06:54 3.2 0.0 0.6 1.9 16.0 14:13 S
29 15.3 17.3 12:53 14.3 10:04 3.0 0.0 10.4 3.6 19.0 22:58 SSE
30 17.7 21.8 13:35 14.1 23:59 1.5 0.8 0.6 3.7 21.0 00:21 SSE
----------------------------------------------------------------------------------
12.5 23.4 24 1.8 14 122.2 6.1 76.6 3.9 43.0 11 ESE
Max >= 27.0 0
Max <= 0.0 0
Min <= 0.0 0
Min <= -18.0 0
Max Rain: 26.2 on day 11
Days of Rain: 13 (>= 0.2 mm) 4 (>= 2.0 mm) 2 (>= 20.0 mm)
Heat Base: 18.3 Cool Base: 18.3 Method: Integration