Select a Year or Month report
Report for 2021 Feb
Monthly Climatological Summary for Feb 2021
Name: Meteo Sarzana City: Sarzana State: Italy
Elevation: 21 m Lat: N 44� 06' 03" Lon: E 009� 59' 08"
Temperature (�C), Rain (mm), Wind Speed (km/h)
Heat Cool Avg
Mean Deg Deg Wind Dom
Day Temp High Time Low Time Days Days Rain Speed High Time Dir
----------------------------------------------------------------------------------
01 7.1 9.6 16:20 4.0 01:37 11.2 0.0 4.2 1.5 12.9 07:13 W
02 8.0 16.0 14:13 2.6 07:46 10.3 0.0 0.0 2.4 22.5 12:03 WSW
03 11.2 13.5 15:20 8.2 00:00 7.1 0.0 5.6 3.2 24.1 14:44 S
04 12.8 14.9 16:24 11.3 08:04 5.5 0.0 2.2 1.5 22.5 00:05 SSW
05 12.1 17.1 13:01 8.9 08:13 6.2 0.0 0.0 1.0 11.3 09:51 WNW
06 11.2 17.7 13:23 6.2 07:44 7.1 0.0 0.0 2.0 14.5 12:14 W
07 12.1 14.6 11:10 10.6 01:02 6.2 0.0 1.6 5.4 35.4 03:06 S
08 11.1 13.8 13:48 6.2 07:52 7.2 0.0 18.0 6.3 48.3 01:41 SSW
09 11.5 14.4 13:58 9.2 07:49 6.8 0.0 16.0 5.6 40.2 21:53 S
10 10.8 14.7 15:03 5.8 23:50 7.5 0.0 38.0 6.2 40.2 05:05 S
11 8.2 14.6 12:39 2.6 07:07 10.1 0.0 0.2 2.6 19.3 16:13 S
12 6.9 10.0 00:21 2.6 23:56 11.4 0.0 8.6 8.1 30.6 21:12 NNE
13 2.9 5.2 13:31 1.2 23:33 15.4 0.0 1.0 16.1 56.3 06:49 NNE
14 3.1 8.1 13:51 -2.8 23:59 15.2 0.0 0.0 7.5 32.2 11:57 N
15 1.7 9.9 12:19 -5.3 07:07 16.6 0.0 0.0 1.5 22.5 14:58 SSW
16 4.7 7.8 17:05 -0.5 01:17 13.6 0.0 7.8 0.9 9.7 08:03 W
17 9.3 10.4 14:53 7.7 00:00 9.0 0.0 6.4 1.3 12.9 08:51 ESE
18 10.5 13.7 13:25 8.1 07:29 7.8 0.0 0.8 1.5 17.7 13:37 SSE
19 11.6 14.3 14:42 9.3 04:27 6.7 0.0 0.0 3.1 25.7 14:56 SE
20 11.8 17.1 14:02 7.7 23:52 6.5 0.0 0.0 1.9 22.5 15:08 SSE
21 9.8 17.9 13:07 4.1 07:27 8.5 0.0 0.0 2.2 19.3 16:01 S
22 9.6 16.7 14:23 4.1 06:09 8.7 0.0 0.2 2.0 17.7 09:34 W
23 9.9 18.7 12:45 3.8 07:08 8.4 0.0 0.2 0.8 16.1 13:59 SE
24 9.9 18.8 12:02 3.9 07:19 8.4 0.0 0.0 1.1 14.5 12:47 SE
25 9.8 19.0 13:14 3.2 07:05 8.5 0.0 0.4 1.2 14.5 16:12 SE
26 9.2 16.2 12:08 3.1 07:32 9.1 0.0 0.0 2.1 17.7 12:55 SE
27 9.9 18.0 14:41 5.5 07:21 8.4 0.0 0.0 2.0 12.9 13:25 SSW
28 11.5 18.1 16:14 5.0 23:59 6.8 0.0 0.0 4.4 25.7 19:11 ENE
----------------------------------------------------------------------------------
9.2 19.0 25 -5.3 15 254.2 0.0 111.2 3.4 56.3 13 SSE
Max >= 27.0 0
Max <= 0.0 0
Min <= 0.0 3
Min <= -18.0 0
Max Rain: 38.0 on day 10
Days of Rain: 16 (>= 0.2 mm) 9 (>= 2.0 mm) 1 (>= 20.0 mm)
Heat Base: 18.3 Cool Base: 18.3 Method: Integration