Select a Year or Month report
Report for 2020 Dec
Monthly Climatological Summary for Dec 2020
Name: Meteo Sarzana City: Sarzana State: Italy
Elevation: 21 m Lat: N 44� 06' 03" Lon: E 009� 59' 08"
Temperature (�C), Rain (mm), Wind Speed (km/h)
Heat Cool Avg
Mean Deg Deg Wind Dom
Day Temp High Time Low Time Days Days Rain Speed High Time Dir
----------------------------------------------------------------------------------
02 13.4 17.9 13:59 9.4 07:48 4.3 0.0 0.0 ---- 27.4 11:14 N
03 4.3 7.1 18:13 0.0 18:12 3.4 0.0 0.0 0.6 14.5 14:38 SE
04 9.3 14.2 23:43 3.1 00:37 9.0 0.0 44.0 7.4 54.7 14:24 SE
05 11.7 14.4 20:38 8.8 11:53 6.6 0.0 29.4 6.4 48.3 17:29 SSE
06 9.8 13.8 00:13 7.3 21:35 8.4 0.0 0.2 2.4 38.6 00:54 ENE
07 9.4 12.5 14:46 6.3 17:46 8.9 0.0 21.8 8.3 45.1 09:10 SW
08 7.6 9.8 13:46 6.6 00:00 10.7 0.0 24.2 8.6 43.5 09:32 NNE
09 7.7 9.5 14:34 6.5 06:33 10.6 0.0 5.0 2.6 17.7 22:53 NW
10 7.7 13.0 13:54 3.4 23:14 10.6 0.0 0.8 2.8 16.1 11:06 W
11 5.7 9.8 13:30 0.9 08:11 12.6 0.0 0.2 1.4 12.9 10:54 W
12 7.8 10.3 15:37 4.5 23:59 10.5 0.0 6.2 3.3 20.9 12:59 NW
13 5.8 15.1 13:26 1.2 07:53 12.5 0.0 0.2 1.3 12.9 11:44 WSW
14 5.1 14.7 14:37 0.2 07:41 13.2 0.0 0.2 0.9 11.3 15:08 S
15 6.7 13.8 15:36 3.1 00:00 11.6 0.0 0.0 1.4 12.9 10:52 W
16 7.9 9.4 23:19 5.8 00:00 10.4 0.0 5.6 1.9 16.1 23:25 WSW
17 11.1 12.6 14:43 9.4 00:00 7.2 0.0 5.6 0.9 8.0 03:24 W
18 11.9 15.8 14:38 7.8 23:14 6.4 0.0 16.0 1.8 12.9 11:05 W
19 9.3 10.8 13:33 6.9 06:04 9.0 0.0 8.4 1.2 9.7 15:57 WNW
20 11.1 15.2 14:35 8.1 23:56 7.2 0.0 0.2 0.9 11.3 10:51 WSW
21 9.3 13.7 14:14 4.8 07:53 9.0 0.0 0.2 0.9 9.7 12:30 W
22 11.1 12.6 14:09 9.7 01:26 7.2 0.0 0.4 0.9 9.7 06:00 WSW
23 12.3 13.6 13:28 11.3 00:04 6.0 0.0 10.0 1.7 16.1 19:57 SE
24 13.4 14.9 16:59 12.4 21:56 4.9 0.0 16.0 6.2 41.8 02:36 SSE
25 11.2 13.7 12:38 7.0 22:17 7.1 0.0 3.4 7.2 38.6 10:36 S
26 8.9 11.1 14:37 7.3 23:48 9.4 0.0 0.0 11.7 49.9 12:51 NNE
27 5.3 10.4 13:46 -0.4 07:40 13.0 0.0 5.0 4.0 32.2 02:17 NNW
28 8.2 11.8 23:58 5.7 00:00 10.1 0.0 29.0 6.5 54.7 08:56 SE
29 10.4 13.1 11:54 0.0 00:00 7.6 0.0 2.4 9.1 61.2 00:41 SSW
30 4.9 7.1 11:26 2.1 23:52 13.4 0.0 8.2 2.6 24.1 12:42 NNW
31 4.3 8.3 14:43 -0.2 08:06 14.0 0.0 13.4 1.9 24.1 21:12 WSW
----------------------------------------------------------------------------------
8.8 17.9 2 -0.4 27 274.8 0.0 256.0 3.8 61.2 29 SSW
Max >= 27.0 0
Max <= 0.0 0
Min <= 0.0 4
Min <= -18.0 0
Max Rain: 44.0 on day 4
Days of Rain: 26 (>= 0.2 mm) 18 (>= 2.0 mm) 5 (>= 20.0 mm)
Heat Base: 18.3 Cool Base: 18.3 Method: Integration