Select a Year or Month report
Report for 2020 Nov
Monthly Climatological Summary for Nov 2020
Name: Meteo Sarzana City: Sarzana State: Italy
Elevation: 21 m Lat: N 44� 06' 04" Lon: E 009� 59' 08"
Temperature (�C), Rain (mm), Wind Speed (km/h)
Heat Cool Avg
Mean Deg Deg Wind Dom
Day Temp High Time Low Time Days Days Rain Speed High Time Dir
----------------------------------------------------------------------------------
1 15.2 17.4 14:32 14.1 06:40 3.1 0.0 0.0 1.2 11.3 09:10 W
3 14.1 14.2 00:00 13.9 03:18 1.3 0.0 0.0 ---- 16.1 03:58 NNW
4 12.4 13.0 22:58 0.0 22:55 0.2 0.0 0.0 2.1 9.7 22:48 NNW
5 13.6 21.8 12:40 8.9 07:08 5.0 0.3 0.2 1.4 16.1 13:46 ESE
11 13.2 20.6 11:47 8.0 07:26 3.7 0.2 0.0 ---- 17.7 10:35 SE
12 11.1 12.3 23:50 0.0 23:50 0.0 0.0 0.0 0.2 19.3 14:26 ---
14 12.3 12.3 00:00 12.2 00:09 0.1 0.0 0.0 ---- 4.8 00:16 N
15 13.8 14.8 19:05 0.0 19:05 0.9 0.0 0.0 0.2 14.5 11:53 ENE
16 15.1 17.9 14:32 13.2 21:06 3.2 0.0 10.4 4.2 46.7 23:31 N
21 13.8 20.2 12:45 7.6 21:54 4.2 0.2 0.0 ---- 43.5 00:04 NNE
22 7.3 13.9 14:27 0.0 11:47 5.6 0.0 0.0 1.2 16.1 11:26 SSW
23 4.9 14.7 13:50 -1.2 07:35 13.4 0.0 0.0 0.7 11.3 13:06 SSW
24 6.6 16.7 14:00 1.8 04:40 11.7 0.0 0.2 0.8 11.3 11:12 SSW
26 1.7 2.2 00:00 1.1 02:35 1.9 0.0 0.0 ---- 1.6 01:51 ---
27 11.4 17.7 15:55 0.0 15:54 2.3 0.0 0.2 0.7 11.3 23:22 W
28 12.5 16.6 12:58 9.8 05:40 5.8 0.0 0.6 3.9 22.5 13:03 NNW
----------------------------------------------------------------------------------
11.2 21.8 5 -1.2 23 62.4 0.7 11.6 1.9 46.7 16 NW
Max >= 27.0: 0
Max <= 0.0: 0
Min <= 0.0: 6
Min <= -18.0: 0
Max Rain: 10.4 on day 16
Days of Rain: 5 (>= 0.2 mm) 1 (>= 2.0 mm) 0 (>= 20.0 mm)
Heat Base: 18.3 Cool Base: 18.3 Method: Integration