Select a Year or Month report
Report for 2020 Sep
Monthly Climatological Summary for Sep 2020
Name: Meteo Sarzana City: Sarzana State: Italy
Elevation: 21 m Lat: N 44� 06' 04" Lon: E 009� 59' 08"
Temperature (�C), Rain (mm), Wind Speed (km/h)
Heat Cool Avg
Mean Deg Deg Wind Dom
Day Temp High Time Low Time Days Days Rain Speed High Time Dir
----------------------------------------------------------------------------------
1 18.6 26.1 13:33 11.9 06:46 2.1 2.4 0.2 2.6 22.5 14:03 SSW
2 20.0 27.8 14:50 13.2 06:00 1.4 3.1 0.0 2.8 19.3 15:09 W
3 20.7 28.5 13:18 14.3 04:01 1.2 3.6 0.0 1.1 17.7 15:42 SE
4 21.8 30.3 14:08 14.4 06:48 1.0 4.5 0.0 0.3 11.3 23:29 S
5 22.2 30.1 14:26 15.3 07:03 0.5 4.4 0.0 1.5 17.7 13:13 SE
6 20.6 28.0 14:43 13.4 06:56 1.3 3.5 0.0 0.1 4.8 00:08 SE
7 22.8 29.1 13:46 16.3 06:14 0.4 4.9 0.0 2.9 27.4 21:23 W
8 25.6 31.5 14:49 19.3 07:26 0.0 7.3 0.0 6.1 27.4 12:08 N
9 24.0 32.4 15:13 17.1 07:08 0.1 5.8 0.0 2.0 17.7 00:03 SW
10 22.8 29.5 15:22 17.1 07:13 0.1 4.6 0.0 1.6 16.1 12:31 SW
11 25.6 32.1 16:06 20.9 00:00 0.0 7.3 0.0 4.9 25.7 19:00 NNW
12 24.6 33.2 14:28 17.3 07:37 0.0 6.4 0.0 2.7 25.7 16:14 S
13 25.7 34.4 15:42 17.2 06:32 0.1 7.5 0.0 4.3 27.4 14:50 N
14 25.8 32.7 14:26 18.6 07:31 0.0 7.5 0.0 4.4 29.0 17:25 NNE
15 25.5 31.7 15:06 18.9 06:04 0.0 7.2 0.0 6.1 30.6 19:14 NNW
16 24.0 31.8 15:15 17.7 07:24 0.0 5.7 0.0 2.4 17.7 15:19 SW
17 22.9 31.6 14:34 15.8 07:31 0.4 5.0 0.0 1.7 20.9 15:08 SE
18 24.1 30.7 12:00 17.7 07:04 0.0 5.9 0.0 3.3 24.1 13:57 SE
19 22.2 29.2 15:17 15.6 07:27 0.4 4.3 0.0 2.1 16.1 02:33 S
20 20.7 26.4 12:40 16.5 04:36 0.3 2.7 2.0 2.2 20.9 18:39 WNW
21 20.7 26.9 17:03 16.3 05:41 0.6 3.0 0.0 1.7 20.9 13:02 SSW
22 18.6 24.1 16:09 15.7 02:53 0.9 1.2 4.8 1.3 12.9 16:09 SW
23 18.2 20.9 15:24 16.6 06:28 0.7 0.5 18.8 2.1 22.5 15:58 SSE
24 18.3 20.5 11:41 16.6 06:31 0.4 0.4 32.2 1.8 24.1 21:27 S
25 18.2 22.4 09:56 9.1 23:59 1.4 1.3 4.2 9.0 54.7 09:48 SW
26 13.6 22.6 13:53 5.9 07:23 5.5 0.8 1.8 6.3 45.1 20:20 NW
27 13.3 18.8 17:23 6.9 07:45 5.1 0.0 0.0 5.4 32.2 18:16 WNW
28 13.5 20.7 17:06 6.8 07:38 5.0 0.2 0.4 2.0 19.3 13:43 SSW
29 15.8 23.0 13:58 9.2 07:38 3.5 1.1 0.0 1.8 16.1 12:31 S
30 16.7 23.4 12:46 10.7 07:10 3.0 1.4 0.0 0.2 3.2 00:00 SSE
----------------------------------------------------------------------------------
20.9 34.4 13 5.9 26 35.4 113.5 64.4 2.9 54.7 25 W
Max >= 27.0: 18
Max <= 0.0: 0
Min <= 0.0: 0
Min <= -18.0: 0
Max Rain: 32.2 on day 24
Days of Rain: 8 (>= 0.2 mm) 5 (>= 2.0 mm) 1 (>= 20.0 mm)
Heat Base: 18.3 Cool Base: 18.3 Method: Integration