Select a Year or Month report
Report for 2020 Aug
Monthly Climatological Summary for Aug 2020
Name: Meteo Sarzana City: Sarzana State: Italy
Elevation: 21 m Lat: N 44� 06' 04" Lon: E 009� 59' 08"
Temperature (�C), Rain (mm), Wind Speed (km/h)
Heat Cool Avg
Mean Deg Deg Wind Dom
Day Temp High Time Low Time Days Days Rain Speed High Time Dir
----------------------------------------------------------------------------------
1 26.5 33.1 13:59 20.6 06:25 0.0 8.2 0.0 1.7 17.7 13:12 SE
2 27.3 33.1 13:47 22.2 06:49 0.0 9.0 0.0 2.3 19.3 13:51 SE
3 23.5 26.7 17:04 18.8 06:05 0.0 5.2 30.0 6.2 67.6 04:33 SSW
4 21.9 25.8 13:42 17.7 03:42 0.0 3.6 0.2 7.1 33.8 16:11 NNW
5 23.2 29.4 15:08 16.4 03:33 0.2 5.2 0.0 7.1 33.8 09:52 NNE
6 25.4 30.9 17:25 17.2 07:05 0.1 7.2 0.0 5.5 37.0 21:13 NE
7 28.5 33.7 15:23 22.4 02:08 0.0 10.2 0.0 5.9 29.0 12:22 NNE
8 28.7 35.4 14:57 20.0 05:45 0.0 10.4 0.0 6.0 30.6 14:20 NNE
9 27.3 35.9 14:42 18.6 07:02 0.0 9.0 0.0 2.4 24.1 16:22 SW
10 26.4 35.1 13:31 18.3 06:31 0.0 8.0 0.0 1.6 17.7 15:09 SSE
11 25.5 31.9 15:31 19.9 06:05 0.0 7.2 0.0 2.0 24.1 16:08 SE
12 24.8 32.4 16:23 17.6 06:42 0.1 6.6 0.0 1.6 24.1 14:29 SE
13 24.5 33.2 15:57 17.8 06:07 0.0 6.2 0.0 1.4 17.7 17:39 S
14 24.7 31.7 13:19 17.7 06:18 0.0 6.4 0.0 0.9 19.3 15:43 SE
15 24.8 30.9 12:48 19.1 06:48 0.0 6.5 0.0 1.4 20.9 16:03 SSE
16 25.1 32.1 14:43 19.2 06:25 0.0 6.8 0.0 1.4 19.3 14:47 SSE
17 21.4 27.8 10:45 18.1 03:34 0.0 3.1 9.2 1.8 38.6 11:39 WSW
18 22.9 28.1 15:07 18.7 02:11 0.0 4.6 0.4 2.7 27.4 13:23 S
19 23.9 29.9 12:22 18.8 06:51 0.0 5.6 0.0 2.0 22.5 15:07 SSW
20 23.9 30.6 18:43 16.9 06:49 0.2 5.7 0.0 0.8 24.1 14:39 SE
21 24.9 33.9 16:06 16.9 06:24 0.2 6.8 0.0 0.2 6.4 00:20 SSE
22 24.0 30.9 14:48 16.8 06:16 0.2 5.9 0.0 1.6 20.9 13:52 SSE
23 24.4 31.3 13:42 18.3 07:03 0.0 6.1 0.0 1.5 22.5 15:15 SSE
24 24.8 32.1 14:33 18.3 04:31 0.0 6.5 0.0 1.8 20.9 12:27 E
25 24.4 31.0 12:49 18.0 07:07 0.0 6.1 0.0 2.1 25.7 13:50 SW
26 23.7 29.7 12:29 18.1 06:41 0.0 5.4 0.0 1.7 20.9 14:09 SSE
27 24.6 29.5 14:15 20.3 06:58 0.0 6.3 0.0 2.5 24.1 15:37 SSE
28 24.2 29.4 14:46 19.9 07:17 0.0 5.9 0.0 2.4 22.5 13:04 S
29 23.9 28.2 10:57 20.2 04:05 0.0 5.6 8.0 5.6 43.5 15:57 SSE
30 22.2 25.8 15:08 19.6 05:42 0.0 3.9 30.6 5.0 37.0 12:20 S
31 18.4 21.4 13:03 14.6 23:57 0.5 0.6 1.4 2.1 24.1 13:54 SSW
----------------------------------------------------------------------------------
24.5 35.9 9 14.6 31 1.5 193.8 79.8 2.8 67.6 3 SE
Max >= 27.0: 27
Max <= 0.0: 0
Min <= 0.0: 0
Min <= -18.0: 0
Max Rain: 30.6 on day 30
Days of Rain: 7 (>= 0.2 mm) 4 (>= 2.0 mm) 2 (>= 20.0 mm)
Heat Base: 18.3 Cool Base: 18.3 Method: Integration