Select a Year or Month report
Report for 2020 Jul
Monthly Climatological Summary for Jul 2020
Name: Meteo Sarzana City: Sarzana State: Italy
Elevation: 21 m Lat: N 44� 06' 04" Lon: E 009� 59' 08"
Temperature (�C), Rain (mm), Wind Speed (km/h)
Heat Cool Avg
Mean Deg Deg Wind Dom
Day Temp High Time Low Time Days Days Rain Speed High Time Dir
----------------------------------------------------------------------------------
1 23.6 29.6 17:49 18.6 04:38 0.0 5.3 0.0 1.8 19.3 13:38 SSW
2 24.4 30.8 13:40 17.8 05:22 0.0 6.1 0.0 2.5 22.5 14:54 S
3 24.5 29.2 12:39 21.1 05:04 0.0 6.2 0.0 3.0 24.1 16:11 SSE
4 25.7 31.6 16:16 20.6 23:52 0.0 7.4 0.0 5.5 41.8 05:33 NNE
5 24.6 32.1 16:06 16.9 06:20 0.1 6.5 0.0 2.0 19.3 12:13 S
6 24.9 31.7 12:40 18.3 05:49 0.0 6.6 0.0 2.5 24.1 17:31 SE
7 24.7 31.1 17:32 17.7 05:52 0.0 6.4 0.0 5.2 48.3 10:46 NNE
8 24.2 30.8 17:34 15.8 06:31 0.2 6.1 0.0 2.7 19.3 12:54 SSW
9 23.8 31.6 17:08 15.3 05:55 0.5 6.0 0.0 2.0 19.3 12:49 SSE
10 23.8 30.6 15:29 16.2 06:28 0.3 5.8 0.0 2.2 19.3 13:46 SE
11 23.8 29.7 15:16 16.9 05:51 0.2 5.7 0.0 2.7 22.5 16:24 SSE
12 26.5 32.9 14:17 19.6 06:16 0.0 8.2 0.0 5.8 33.8 22:15 NNE
13 25.7 30.2 13:45 18.3 06:41 0.0 7.4 0.0 4.4 22.5 16:16 SE
14 23.6 29.1 14:24 16.2 06:36 0.2 5.5 0.0 3.4 29.0 12:19 SW
15 21.6 28.3 12:24 15.9 06:06 0.3 3.6 0.0 2.6 24.1 16:57 WNW
16 22.3 29.4 14:48 15.6 06:16 0.5 4.5 0.0 3.2 25.7 12:05 SW
17 22.4 29.4 12:55 16.4 05:59 0.3 4.4 0.0 2.1 24.1 13:43 S
18 23.0 28.4 14:47 18.6 23:56 0.0 4.7 0.0 2.9 25.7 15:52 SW
19 22.9 29.6 15:46 15.1 06:36 0.5 5.1 0.0 2.7 22.5 11:46 SSE
20 23.1 29.2 12:21 15.6 06:18 0.4 5.2 0.0 2.2 22.5 15:29 S
21 23.6 29.8 15:20 16.7 05:53 0.2 5.5 0.0 2.3 22.5 13:26 S
22 24.9 31.2 12:53 19.8 06:35 0.0 6.6 0.0 2.1 22.5 15:24 SSE
23 26.1 30.4 14:18 22.4 23:58 0.0 7.8 0.0 2.8 22.5 15:06 S
24 21.7 24.3 19:33 16.9 23:55 0.0 3.4 29.2 4.2 56.3 15:25 N
25 22.2 30.3 16:02 14.4 06:28 1.0 5.0 0.0 1.9 19.3 13:15 SSE
26 22.4 29.2 13:08 15.1 06:06 0.7 4.9 0.0 2.1 20.9 16:45 SSE
27 24.4 31.1 14:09 17.6 06:23 0.0 6.2 0.0 1.6 19.3 15:14 SSE
28 25.4 31.8 16:52 18.6 06:05 0.0 7.1 0.0 1.3 19.3 13:33 SE
29 25.8 32.2 15:27 19.9 06:19 0.0 7.5 0.0 1.6 19.3 14:57 SE
30 26.1 32.9 16:44 19.5 06:17 0.0 7.8 0.0 1.2 17.7 13:17 SSE
31 26.3 33.7 13:45 20.3 06:21 0.0 8.0 0.0 1.8 22.5 14:43 SE
----------------------------------------------------------------------------------
24.1 33.7 31 14.4 25 5.4 186.5 29.2 2.7 56.3 24 SSE
Max >= 27.0: 30
Max <= 0.0: 0
Min <= 0.0: 0
Min <= -18.0: 0
Max Rain: 29.2 on day 24
Days of Rain: 1 (>= 0.2 mm) 1 (>= 2.0 mm) 1 (>= 20.0 mm)
Heat Base: 18.3 Cool Base: 18.3 Method: Integration