Select a Year or Month report
Report for 2020 Jun
Monthly Climatological Summary for Jun 2020
Name: Meteo Sarzana City: Sarzana State: Italy
Elevation: 21 m Lat: N 44� 06' 04" Lon: E 009� 59' 08"
Temperature (�C), Rain (mm), Wind Speed (km/h)
Heat Cool Avg
Mean Deg Deg Wind Dom
Day Temp High Time Low Time Days Days Rain Speed High Time Dir
----------------------------------------------------------------------------------
1 19.3 26.4 12:45 12.0 05:50 2.0 3.0 0.0 2.6 22.5 14:33 SW
2 20.3 27.8 13:01 13.2 06:05 1.4 3.4 0.0 2.9 25.7 15:32 SW
3 18.0 21.7 17:13 12.6 05:49 1.2 0.9 5.0 2.8 25.7 01:17 SW
4 17.7 19.7 17:14 14.6 01:55 0.9 0.3 25.8 5.4 37.0 16:49 SSE
5 20.6 23.9 14:43 16.4 23:58 0.1 2.3 0.2 4.9 27.4 01:13 SSE
6 18.6 23.3 15:58 13.6 03:06 1.4 1.7 0.0 4.5 30.6 11:41 SSE
7 20.1 23.1 15:51 17.1 06:47 0.1 1.9 0.6 4.5 32.2 13:44 SSE
8 20.7 24.3 14:10 17.7 07:45 0.0 2.4 4.0 4.1 25.7 05:37 SSE
9 18.8 22.7 16:12 14.7 23:42 0.8 1.4 0.6 4.7 27.4 17:38 SW
11 16.3 20.9 16:47 13.8 01:53 1.5 0.3 0.2 2.2 19.3 16:47 SSE
12 18.5 25.5 15:44 11.5 06:15 2.2 2.4 0.2 3.1 24.1 13:54 S
13 18.4 25.3 13:42 13.5 03:53 1.7 1.8 10.0 3.6 38.6 19:07 S
14 19.2 24.2 16:45 15.2 03:52 1.1 2.0 9.8 2.7 24.1 14:40 S
15 20.2 25.3 16:17 15.6 06:27 0.7 2.6 0.0 2.9 24.1 12:44 SSE
16 21.1 27.2 16:08 15.6 06:15 0.5 3.3 0.0 2.7 22.5 14:15 SSE
17 20.3 23.7 11:16 18.1 05:57 0.0 2.0 5.0 3.4 24.1 16:50 S
18 20.0 23.2 11:39 15.9 23:28 0.2 1.9 0.0 3.7 25.7 14:26 S
19 19.4 25.2 15:12 13.2 05:23 1.4 2.6 0.0 3.0 22.5 12:37 S
20 19.8 25.8 16:17 12.7 05:48 1.5 3.0 0.0 2.7 19.3 13:17 SSE
21 20.8 27.4 13:29 14.1 05:55 1.1 3.6 0.0 2.2 24.1 14:47 SE
22 22.6 29.9 16:36 15.2 05:38 0.6 4.9 0.0 2.2 19.3 15:19 SE
23 24.0 32.4 14:17 15.4 05:33 0.5 6.2 0.0 1.9 20.9 19:04 SSE
24 24.1 31.2 16:42 16.7 06:10 0.2 6.0 0.0 2.0 20.9 13:34 SE
25 23.1 29.1 17:44 15.9 05:45 0.4 5.2 0.0 1.8 17.7 13:25 SE
26 22.7 30.9 13:29 15.0 05:46 0.7 5.1 0.0 2.2 17.7 14:23 S
27 23.3 31.1 14:50 14.7 06:02 0.7 5.7 0.0 2.3 17.7 14:29 SSW
28 23.9 31.3 13:13 15.9 05:56 0.4 6.0 0.0 1.9 20.9 14:48 SE
29 21.9 26.6 18:03 16.6 04:25 0.3 3.9 0.0 2.4 27.4 13:36 SSE
30 25.2 29.0 16:00 19.9 23:49 0.0 6.9 0.0 4.3 27.4 14:01 SSE
----------------------------------------------------------------------------------
20.7 32.4 23 11.5 12 23.6 92.7 61.4 3.1 38.6 13 S
Max >= 27.0: 11
Max <= 0.0: 0
Min <= 0.0: 0
Min <= -18.0: 0
Max Rain: 25.8 on day 4
Days of Rain: 11 (>= 0.2 mm) 6 (>= 2.0 mm) 1 (>= 20.0 mm)
Heat Base: 18.3 Cool Base: 18.3 Method: Integration