Select a Year or Month report
Report for 2020 May
Monthly Climatological Summary for May 2020
Name: Meteo Sarzana City: Sarzana State: Italy
Elevation: 21 m Lat: N 44� 06' 04" Lon: E 009� 59' 08"
Temperature (�C), Rain (mm), Wind Speed (km/h)
Heat Cool Avg
Mean Deg Deg Wind Dom
Day Temp High Time Low Time Days Days Rain Speed High Time Dir
----------------------------------------------------------------------------------
1 16.3 19.3 12:03 13.6 05:02 2.0 0.0 0.4 5.5 32.2 11:26 SE
2 17.2 23.1 12:35 13.0 05:14 2.0 1.0 0.2 3.4 24.1 13:01 SSE
3 17.5 24.3 17:24 10.2 06:36 2.8 2.0 0.0 2.6 25.7 13:47 SE
4 16.8 24.2 13:25 9.5 06:35 3.2 1.8 0.0 2.6 20.9 13:20 SE
5 15.4 21.2 17:15 9.2 03:27 3.2 0.3 0.0 2.8 24.1 13:33 SSE
6 19.4 24.7 14:00 15.3 00:00 1.0 2.1 0.0 2.4 19.3 15:09 S
7 18.3 24.8 15:36 10.4 06:45 2.2 2.2 0.0 2.8 24.1 16:17 SSW
8 17.2 24.8 15:06 9.7 06:12 3.1 2.0 0.0 2.7 20.9 11:19 SE
9 16.4 23.4 16:12 8.1 06:35 3.2 1.3 0.0 2.8 22.5 12:01 SSE
10 19.3 23.7 13:40 15.4 05:40 0.6 1.7 0.0 3.9 25.7 06:22 SE
11 15.9 18.8 10:19 13.6 04:10 2.4 0.0 31.6 5.3 33.8 22:27 SSE
12 17.2 20.7 14:54 13.4 23:52 1.6 0.5 5.4 4.6 32.2 01:27 S
13 17.8 25.7 12:55 12.2 05:17 2.1 1.5 0.0 4.1 33.8 14:38 SSE
14 20.6 27.3 16:13 14.7 06:26 0.9 3.2 0.4 2.6 22.5 17:52 SW
15 18.2 20.8 18:05 13.4 23:58 0.5 0.4 0.0 8.0 40.2 00:56 SW
16 17.6 23.6 16:34 11.1 06:16 2.4 1.7 0.0 4.0 29.0 18:29 NNW
17 22.2 27.3 15:29 17.1 23:13 0.1 4.0 0.0 6.1 35.4 03:11 NE
18 21.7 27.6 11:59 15.0 05:30 0.7 4.1 0.2 4.1 27.4 19:19 ENE
19 20.3 23.1 00:07 17.3 05:06 0.1 2.1 5.4 8.6 43.5 06:26 NNE
20 21.6 26.9 15:50 15.9 02:26 0.3 3.6 0.0 6.7 35.4 04:04 NNE
21 20.5 28.5 12:14 13.4 06:30 1.0 3.3 0.0 3.2 29.0 14:41 SE
22 21.0 28.3 14:52 13.7 05:05 1.4 4.0 0.0 1.9 17.7 14:11 SSW
23 16.7 24.7 12:20 12.8 06:02 1.5 0.6 0.0 1.4 20.9 12:21 SSE
24 22.3 27.8 15:38 17.8 23:20 0.0 4.0 0.0 2.6 19.3 11:39 S
25 20.7 26.8 18:43 12.9 06:24 1.1 3.5 0.0 2.8 20.9 14:35 SW
26 20.2 27.2 14:57 13.0 06:37 1.5 3.3 0.0 2.7 24.1 11:43 S
27 19.5 25.2 13:39 14.3 23:55 1.1 2.3 0.0 3.6 24.1 15:53 SSW
28 18.2 26.2 11:38 10.6 06:04 2.4 2.3 0.0 3.3 25.7 15:27 SW
29 17.1 22.3 16:36 11.9 01:42 2.1 1.0 3.4 5.4 43.5 14:03 NE
30 17.3 24.1 13:35 9.2 05:52 2.9 1.9 0.0 3.4 27.4 13:07 ESE
31 17.8 23.9 15:13 12.3 03:04 2.1 1.6 0.0 2.5 20.9 16:11 SSW
----------------------------------------------------------------------------------
18.7 28.5 21 8.1 9 51.5 63.3 47.0 3.9 43.5 19 SSE
Max >= 27.0: 7
Max <= 0.0: 0
Min <= 0.0: 0
Min <= -18.0: 0
Max Rain: 31.6 on day 11
Days of Rain: 8 (>= 0.2 mm) 4 (>= 2.0 mm) 1 (>= 20.0 mm)
Heat Base: 18.3 Cool Base: 18.3 Method: Integration