Select a Year or Month report
Report for 2020 Mar
Monthly Climatological Summary for Mar 2020
Name: Meteo Sarzana City: Sarzana State: Italy
Elevation: 21 m Lat: N 44� 06' 04" Lon: E 009� 59' 08"
Temperature (�C), Rain (mm), Wind Speed (km/h)
Heat Cool Avg
Mean Deg Deg Wind Dom
Day Temp High Time Low Time Days Days Rain Speed High Time Dir
----------------------------------------------------------------------------------
1 12.0 13.3 09:52 10.4 19:04 6.3 0.0 30.6 6.1 37.0 10:16 S
2 12.1 13.1 10:26 10.4 22:36 6.2 0.0 31.6 8.5 51.5 16:33 SSE
3 10.2 14.5 15:07 6.4 22:43 8.1 0.0 1.8 5.4 38.6 15:33 WSW
4 8.2 14.9 11:17 2.5 06:41 10.1 0.0 0.0 3.1 25.7 09:49 SE
5 6.9 12.2 23:35 2.3 03:07 11.4 0.0 22.6 3.2 40.2 21:50 S
6 9.8 14.1 12:48 4.3 23:58 8.5 0.0 0.6 4.1 33.8 12:59 SSW
7 10.0 16.7 14:35 3.3 01:55 8.3 0.0 0.0 5.9 32.2 08:07 NNE
8 10.0 15.9 11:49 3.4 07:08 8.3 0.0 0.0 4.6 25.7 14:32 WSW
9 6.7 10.4 14:10 2.8 05:21 11.6 0.0 1.4 4.2 24.1 14:34 NNW
10 8.1 16.3 13:22 2.1 06:27 10.2 0.0 0.2 2.0 17.7 15:29 SE
11 9.1 17.0 11:53 2.1 06:47 9.2 0.0 0.0 2.5 20.9 13:38 SE
12 9.5 14.4 12:24 3.8 06:26 8.8 0.0 0.4 1.2 14.5 14:05 SSW
13 12.3 13.9 16:38 10.8 02:56 6.0 0.0 0.2 1.1 14.5 12:16 SE
14 13.0 18.9 14:40 9.3 03:14 5.3 0.0 0.2 4.0 27.4 19:42 NNE
15 12.1 16.8 14:53 6.8 23:46 6.2 0.0 0.0 4.7 27.4 04:57 N
16 10.7 19.1 16:28 2.4 06:41 7.6 0.0 0.0 2.8 20.9 13:00 SSW
17 10.1 18.9 11:59 3.4 06:05 8.2 0.0 0.0 2.0 19.3 12:43 SE
18 12.2 21.2 16:20 3.2 06:48 6.6 0.5 0.0 2.0 17.7 13:09 SE
19 12.9 22.3 13:27 5.2 06:51 6.2 0.8 0.0 2.6 19.3 15:15 SSE
20 10.5 16.9 12:18 5.5 06:19 7.8 0.0 0.0 1.9 14.5 08:59 SSW
21 10.7 18.7 13:47 3.4 06:43 7.6 0.0 0.0 2.2 19.3 12:02 SE
22 13.1 20.1 15:43 6.6 02:50 5.5 0.2 0.0 5.4 33.8 23:19 NE
23 9.5 12.3 00:14 3.7 23:26 8.8 0.0 0.0 12.8 45.1 03:04 NNE
24 7.4 12.5 14:50 -0.1 06:51 10.9 0.0 0.0 8.6 37.0 10:55 NNE
25 7.1 9.4 14:50 4.9 07:17 11.2 0.0 0.0 17.9 70.8 10:00 NE
26 8.2 10.3 23:39 5.7 03:57 10.1 0.0 0.0 20.3 56.3 21:56 NNE
27 12.3 15.8 15:28 10.1 02:52 6.0 0.0 0.0 18.2 62.8 01:36 NNE
28 12.4 18.4 13:52 6.5 23:59 5.9 0.0 0.0 3.4 20.9 12:59 ESE
29 11.4 18.2 12:59 3.6 07:09 6.6 0.0 0.0 2.7 24.1 14:14 SSE
30 12.3 18.3 15:12 5.7 07:12 6.0 0.0 0.0 3.3 20.9 13:36 SE
31 10.3 14.2 14:42 6.9 23:55 8.0 0.0 3.0 11.2 40.2 08:44 NNE
----------------------------------------------------------------------------------
10.4 22.3 19 -0.1 24 247.5 1.5 92.6 5.7 70.8 25 NE
Max >= 27.0: 0
Max <= 0.0: 0
Min <= 0.0: 1
Min <= -18.0: 0
Max Rain: 31.6 on day 2
Days of Rain: 11 (>= 0.2 mm) 4 (>= 2.0 mm) 3 (>= 20.0 mm)
Heat Base: 18.3 Cool Base: 18.3 Method: Integration