Select a Year or Month report
Report for 2020 Feb
Monthly Climatological Summary for Feb 2020
Name: Meteo Sarzana City: Sarzana State: Italy
Elevation: 21 m Lat: N 44� 06' 04" Lon: E 009� 59' 08"
Temperature (�C), Rain (mm), Wind Speed (km/h)
Heat Cool Avg
Mean Deg Deg Wind Dom
Day Temp High Time Low Time Days Days Rain Speed High Time Dir
----------------------------------------------------------------------------------
1 12.6 13.4 14:22 11.5 01:05 5.7 0.0 13.6 3.4 30.6 13:34 SSE
2 12.5 14.3 15:54 10.4 07:50 5.8 0.0 0.4 1.3 14.5 13:21 S
3 12.8 16.9 13:22 8.8 23:42 5.5 0.0 0.0 1.7 14.5 14:28 SSW
4 12.8 18.7 13:31 8.3 00:42 5.5 0.0 0.0 9.1 57.9 14:10 NNW
5 11.8 15.3 13:56 5.8 20:16 6.5 0.0 0.0 10.7 53.1 11:31 NNW
6 6.0 14.2 15:05 -0.9 07:31 12.3 0.0 0.0 2.3 17.7 12:25 SW
7 5.5 14.7 13:59 -0.7 07:13 12.8 0.0 0.0 1.7 17.7 14:11 WSW
8 6.9 13.9 15:35 2.2 01:34 11.4 0.0 0.0 1.7 14.5 03:17 SW
9 7.4 12.6 12:55 1.1 07:36 10.9 0.0 1.2 1.4 17.7 19:55 S
10 13.1 14.8 23:47 9.6 00:00 5.2 0.0 11.2 7.6 32.2 09:10 SSE
11 13.3 16.9 13:23 6.4 23:57 5.0 0.0 0.0 5.2 27.4 05:52 SE
12 8.4 16.3 13:41 2.7 07:19 9.9 0.0 0.2 2.5 19.3 12:06 S
13 9.5 14.4 12:21 4.5 00:00 8.8 0.0 9.2 5.0 45.1 22:54 SSE
14 11.1 16.8 14:58 5.1 23:53 7.2 0.0 5.0 4.5 43.5 00:02 SSW
15 8.5 18.8 15:06 2.2 07:00 9.8 0.0 0.2 1.8 16.1 16:11 SSE
16 8.7 16.3 12:38 1.4 06:55 9.6 0.0 0.0 2.0 19.3 13:31 SE
17 11.7 13.5 14:53 10.3 06:05 6.6 0.0 1.8 3.1 22.5 13:34 SE
18 11.7 16.0 15:07 5.7 23:56 6.6 0.0 8.4 2.4 17.7 08:20 ESE
19 8.2 15.9 13:53 2.8 05:57 10.1 0.0 0.2 2.6 20.9 13:07 WSW
20 8.1 16.4 15:36 1.2 07:37 10.2 0.0 0.0 2.8 19.3 00:37 S
21 7.3 16.3 12:52 0.3 03:19 11.0 0.0 0.0 2.2 17.7 14:31 SSE
22 9.1 18.1 13:31 3.3 07:29 9.2 0.0 0.2 1.7 16.1 13:34 SSE
23 9.0 14.9 13:40 3.4 03:23 9.3 0.0 0.0 1.9 12.9 11:09 W
24 11.7 15.4 16:31 9.6 20:00 6.6 0.0 0.0 1.6 14.5 14:23 S
25 12.7 15.5 15:34 10.6 00:00 5.6 0.0 1.2 4.7 27.4 23:43 SSE
26 11.7 15.9 12:24 7.6 22:22 6.6 0.0 0.0 7.7 53.1 14:55 W
27 8.5 12.8 10:57 -0.2 07:24 9.8 0.0 20.0 6.1 41.8 19:44 SSW
28 10.8 18.8 15:23 2.5 23:58 7.5 0.0 0.0 5.5 37.0 02:44 NNW
29 8.3 13.1 11:54 2.1 01:22 9.9 0.0 0.8 3.5 27.4 19:42 SSE
----------------------------------------------------------------------------------
10.0 18.8 15 -0.9 6 240.9 0.0 73.6 3.7 57.9 4 SSW
Max >= 27.0: 0
Max <= 0.0: 0
Min <= 0.0: 3
Min <= -18.0: 0
Max Rain: 20.0 on day 27
Days of Rain: 15 (>= 0.2 mm) 6 (>= 2.0 mm) 1 (>= 20.0 mm)
Heat Base: 18.3 Cool Base: 18.3 Method: Integration