Select a Year or Month report
Report for 2019 Aug
Monthly Climatological Summary for Aug 2019
Name: Meteo Sarzana City: Sarzana State: Italy
Elevation: 21 m Lat: N 44� 06' 04" Lon: E 009� 59' 08"
Temperature (�C), Rain (mm), Wind Speed (km/h)
Heat Cool Avg
Mean Deg Deg Wind Dom
Day Temp High Time Low Time Days Days Rain Speed High Time Dir
----------------------------------------------------------------------------------
1 24.4 30.6 17:44 18.9 23:56 0.0 6.1 0.0 1.7 20.9 11:40 S
2 23.9 29.8 14:56 17.7 02:01 0.1 5.7 0.0 3.1 25.7 14:17 SSW
3 23.5 31.5 12:32 15.3 05:52 0.6 5.8 0.0 2.6 24.1 16:05 SW
4 23.9 32.1 13:43 15.9 06:43 0.4 5.9 0.0 1.7 17.7 18:59 SSE
5 23.2 29.6 13:27 16.2 06:38 0.4 5.3 0.0 1.9 22.5 15:00 SSE
6 24.6 31.0 15:44 18.1 06:19 0.0 6.3 0.0 1.6 16.1 12:38 SSE
7 25.2 30.1 12:26 18.5 07:01 0.0 6.9 0.0 3.4 27.4 13:58 SSE
8 26.1 30.6 16:30 21.8 07:24 0.0 7.8 17.4 2.1 20.9 06:57 SW
9 26.1 32.7 13:12 20.1 06:10 0.0 7.8 0.0 1.0 17.7 14:25 S
10 25.5 32.8 14:58 19.2 06:29 0.0 7.2 0.0 1.4 17.7 13:19 SE
11 25.8 35.1 14:50 17.2 06:04 0.1 7.6 0.0 0.4 12.9 15:08 SSE
12 24.4 32.9 15:45 18.9 04:42 0.0 6.1 0.2 2.1 22.5 13:26 WSW
13 24.1 30.6 13:53 18.7 03:58 0.0 5.8 0.0 1.8 22.5 14:14 S
14 22.9 30.2 15:32 15.8 06:51 0.4 5.0 0.0 1.2 24.1 17:30 SW
15 22.9 29.1 14:54 16.7 06:20 0.2 4.8 0.0 1.9 20.9 15:54 SSW
16 23.4 30.4 14:39 16.7 05:55 0.2 5.4 0.0 1.1 19.3 14:40 SSW
17 23.2 29.8 15:00 16.7 06:08 0.3 5.1 0.0 1.7 19.3 15:10 SW
18 23.4 29.7 16:56 17.1 06:11 0.1 5.2 0.0 1.7 20.9 14:37 SSW
19 23.3 30.6 13:44 16.0 06:41 0.4 5.5 0.0 1.6 19.3 12:17 SSE
20 24.3 33.3 14:01 16.4 06:44 0.2 6.2 0.0 1.0 14.5 14:22 SSE
21 24.1 32.8 13:43 16.3 05:09 0.4 6.2 0.0 1.3 17.7 14:01 SSE
22 25.7 33.6 14:30 18.4 06:35 0.0 7.4 0.0 2.8 22.5 11:29 NE
24 25.0 30.6 14:13 20.7 23:59 0.0 7.8 0.0 5.8 33.8 18:33 NW
25 23.7 32.7 14:29 18.4 06:22 0.0 5.4 0.0 3.0 33.8 16:32 W
26 24.7 34.3 14:04 16.8 07:07 0.2 6.6 0.0 2.1 24.1 16:59 WNW
27 25.6 33.3 15:43 18.1 06:38 0.0 7.3 0.0 1.4 19.3 14:41 SSW
28 25.6 32.5 14:03 21.3 04:09 0.0 7.3 0.0 3.4 33.8 18:05 NNW
29 25.3 32.4 16:59 18.2 06:36 0.0 7.0 0.0 1.9 17.7 00:29 SSW
30 26.2 34.1 15:09 18.7 07:08 0.0 7.9 0.0 1.5 19.3 15:14 SW
31 26.3 34.2 13:15 19.1 07:01 0.0 8.0 0.0 2.5 19.3 13:26 WSW
----------------------------------------------------------------------------------
24.5 35.1 11 15.3 3 4.0 192.4 17.6 1.9 33.8 24 SW
Max >= 27.0: 30
Max <= 0.0: 0
Min <= 0.0: 0
Min <= -18.0: 0
Max Rain: 17.4 on day 8
Days of Rain: 2 (>= 0.2 mm) 1 (>= 2.0 mm) 0 (>= 20.0 mm)
Heat Base: 18.3 Cool Base: 18.3 Method: Integration