Select a Year or Month report
Report for 2019 Jul
Monthly Climatological Summary for Jul 2019
Name: Meteo Sarzana City: Sarzana State: Italy
Elevation: 21 m Lat: N 44� 06' 04" Lon: E 009� 59' 08"
Temperature (�C), Rain (mm), Wind Speed (km/h)
Heat Cool Avg
Mean Deg Deg Wind Dom
Day Temp High Time Low Time Days Days Rain Speed High Time Dir
----------------------------------------------------------------------------------
1 26.8 32.6 16:02 20.5 05:59 0.0 8.5 0.0 2.1 20.9 13:24 SE
2 26.2 33.3 14:52 18.3 05:51 0.0 7.9 0.0 2.0 20.9 16:07 SE
3 27.1 34.1 16:08 19.7 05:50 0.0 8.8 0.0 2.1 24.1 22:47 ESE
4 27.5 33.2 15:36 20.1 05:54 0.0 9.2 0.0 2.3 20.9 00:06 S
5 26.5 33.0 13:48 19.6 06:03 0.0 8.2 0.0 2.2 20.9 13:02 SSE
6 26.0 31.9 15:40 19.4 05:18 0.0 7.7 0.0 2.3 22.5 14:42 S
7 24.4 30.9 15:48 19.1 11:13 0.0 6.1 28.8 2.3 32.2 11:04 SW
8 26.0 31.5 15:43 21.6 04:36 0.0 7.7 0.0 2.5 22.5 14:11 SSE
9 26.0 31.4 13:09 21.3 23:59 0.0 7.7 0.0 3.0 24.1 10:32 SSE
10 25.6 31.0 17:54 19.7 05:55 0.0 7.3 0.0 5.2 40.2 14:19 NNE
11 23.9 28.8 12:45 18.2 05:25 0.0 5.6 0.0 1.0 17.7 13:10 S
12 25.1 30.8 11:38 18.9 05:13 0.0 6.8 0.0 2.1 24.1 12:12 SSW
13 26.0 33.2 16:46 19.8 05:01 0.0 7.7 0.0 2.9 25.7 18:19 NNE
14 24.2 32.0 14:45 17.7 06:08 0.0 6.0 0.0 4.3 40.2 16:50 NNE
15 18.8 23.6 00:00 16.6 13:17 0.3 0.8 13.6 5.9 40.2 12:12 N
16 24.4 30.4 14:54 18.7 23:57 0.0 6.1 0.0 5.0 25.7 00:20 NNW
17 22.8 30.7 15:47 14.6 06:16 0.7 5.2 0.0 1.4 16.1 13:09 S
18 22.4 29.9 14:29 14.9 05:18 0.8 4.9 0.0 1.7 17.7 15:06 SSW
19 23.4 30.6 15:04 15.7 06:25 0.4 5.5 0.0 1.7 19.3 15:20 SSW
20 23.8 31.7 15:32 15.8 06:17 0.4 6.0 0.0 1.8 17.7 14:36 SE
21 23.7 30.7 12:50 15.9 05:48 0.4 5.8 0.0 1.9 19.3 15:30 SE
22 25.2 33.2 14:32 17.0 06:06 0.1 7.1 0.0 1.2 16.1 15:54 SE
23 28.3 37.0 14:37 20.0 06:16 0.0 10.0 0.0 1.3 16.1 15:21 SW
24 29.2 37.0 14:36 20.7 06:15 0.0 10.9 0.0 1.1 17.7 15:54 SW
25 29.1 36.3 13:55 21.3 06:04 0.0 10.8 0.0 1.4 17.7 16:59 SE
26 27.3 33.8 16:08 20.7 06:27 0.0 9.0 0.0 1.9 19.3 13:51 SSE
27 24.3 31.5 15:01 18.9 23:27 0.0 6.0 24.4 4.0 37.0 18:09 S
28 21.5 26.8 15:15 18.5 07:34 0.0 3.0 18.2 2.9 20.9 18:30 WSW
29 22.5 28.3 15:35 17.2 04:11 0.2 4.4 0.0 1.7 19.3 13:18 S
30 23.2 29.2 11:56 17.3 06:08 0.1 5.0 0.0 1.8 22.5 17:50 S
31 24.0 29.2 14:32 18.8 06:24 0.0 5.7 0.0 2.0 20.9 14:34 S
----------------------------------------------------------------------------------
25.0 37.0 23 14.6 17 3.4 211.4 85.0 2.4 40.2 10 SSE
Max >= 27.0: 29
Max <= 0.0: 0
Min <= 0.0: 0
Min <= -18.0: 0
Max Rain: 28.8 on day 7
Days of Rain: 4 (>= 0.2 mm) 4 (>= 2.0 mm) 2 (>= 20.0 mm)
Heat Base: 18.3 Cool Base: 18.3 Method: Integration