Select a Year or Month report
Report for 2018 Dec
Monthly Climatological Summary for Dec 2018
Name: Meteo Sarzana City: Sarzana State: Italy
Elevation: 21 m Lat: N 44� 06' 04" Lon: E 009� 59' 08"
Temperature (�C), Rain (mm), Wind Speed (km/h)
Heat Cool Avg
Mean Deg Deg Wind Dom
Day Temp High Time Low Time Days Days Rain Speed High Time Dir
----------------------------------------------------------------------------------
1 10.0 16.6 14:39 5.0 22:57 8.3 0.0 0.0 3.0 25.7 01:54 W
2 6.8 12.7 23:57 3.1 06:27 11.5 0.0 6.4 0.9 14.5 13:06 WSW
3 13.3 14.6 14:57 11.4 00:41 5.0 0.0 4.0 1.5 20.9 04:07 SSE
4 11.2 19.3 14:46 6.0 23:48 7.1 0.1 0.2 1.8 17.7 09:47 WSW
5 8.6 18.6 13:43 3.2 07:20 9.7 0.0 0.2 0.5 9.7 14:56 S
6 9.9 13.7 15:50 6.1 23:57 8.4 0.0 3.8 3.1 20.9 14:03 WNW
7 9.3 15.7 13:22 3.4 06:53 9.0 0.0 5.4 2.4 35.4 22:33 SSW
8 12.5 17.7 13:44 3.5 23:56 5.8 0.0 2.8 8.0 43.5 12:38 NNW
9 8.6 17.4 14:38 3.3 00:08 9.7 0.0 0.0 2.0 25.7 13:40 S
10 11.8 17.1 13:52 2.4 03:30 6.5 0.0 0.2 11.0 53.1 09:23 NNW
11 7.4 15.0 14:13 0.1 23:53 10.9 0.0 0.0 4.2 35.4 13:07 NNW
12 3.2 6.2 13:33 -1.4 03:23 15.1 0.0 0.0 1.8 14.5 14:04 WSW
13 6.7 10.9 13:37 4.2 07:41 11.6 0.0 0.8 4.9 37.0 21:52 NNE
14 7.2 10.2 13:06 4.8 23:41 11.1 0.0 0.0 11.3 40.2 16:28 N
15 4.4 11.2 13:27 -1.0 23:48 13.9 0.0 0.0 4.0 27.4 03:24 N
16 2.9 6.8 23:59 -1.3 00:55 15.4 0.0 5.8 1.9 22.5 22:51 W
17 6.1 10.7 15:27 0.8 23:49 12.2 0.0 3.4 4.8 30.6 11:11 NNW
18 4.0 13.3 14:46 -1.1 07:44 14.3 0.0 0.2 1.0 11.3 11:37 WSW
19 4.9 7.9 14:34 0.9 00:00 13.4 0.0 10.6 1.2 17.7 23:42 WSW
20 6.5 8.5 15:23 3.6 21:45 11.8 0.0 3.2 3.2 32.2 04:30 NW
21 7.9 14.4 20:06 1.4 04:52 10.4 0.0 4.2 3.7 33.8 20:48 S
22 13.0 15.3 14:58 9.3 20:28 5.3 0.0 4.2 4.1 33.8 01:21 SSE
23 11.4 15.3 14:08 9.2 06:10 6.9 0.0 0.0 0.9 11.3 07:02 WSW
24 11.3 16.3 13:59 7.4 22:41 7.0 0.0 0.2 1.4 25.7 23:38 NNW
25 7.6 14.3 14:12 1.8 08:23 10.8 0.0 0.0 2.4 25.7 00:20 E
26 5.6 13.7 13:38 0.9 07:05 12.7 0.0 0.0 1.2 11.3 14:00 SW
27 8.1 14.4 13:54 4.2 00:27 10.2 0.0 0.0 0.8 11.3 14:32 S
28 6.4 12.2 14:45 3.4 01:49 11.9 0.0 0.2 0.4 8.0 09:48 SW
29 7.6 14.6 13:37 3.2 08:38 10.6 0.0 0.0 1.2 14.5 14:41 SSE
30 9.1 15.3 13:05 5.7 21:44 9.2 0.0 0.0 2.7 25.7 14:02 S
31 6.6 15.9 14:27 1.3 06:48 11.7 0.0 0.0 1.9 16.1 00:05 SSE
----------------------------------------------------------------------------------
8.1 19.3 4 -1.4 12 317.4 0.1 55.8 3.0 53.1 10 NW
Max >= 27.0: 0
Max <= 0.0: 0
Min <= 0.0: 4
Min <= -18.0: 0
Max Rain: 10.6 on day 19
Days of Rain: 18 (>= 0.2 mm) 11 (>= 2.0 mm) 0 (>= 20.0 mm)
Heat Base: 18.3 Cool Base: 18.3 Method: Integration