Select a Year or Month report
Report for 2018 Sep
Monthly Climatological Summary for Sep 2018
Name: Meteo Sarzana City: Sarzana State: Italy
Elevation: 21 m Lat: N 44� 06' 04" Lon: E 009� 59' 08"
Temperature (�C), Rain (mm), Wind Speed (km/h)
Heat Cool Avg
Mean Deg Deg Wind Dom
Day Temp High Time Low Time Days Days Rain Speed High Time Dir
----------------------------------------------------------------------------------
1 20.5 26.8 15:51 15.7 06:47 0.5 2.7 6.8 0.0 0.0 00:00 ---
2 19.7 26.7 13:09 15.1 06:26 0.7 2.0 19.2 0.0 0.0 00:00 ---
3 19.0 24.8 16:06 15.7 04:40 0.8 1.5 3.0 0.0 0.0 00:00 ---
4 20.2 26.7 16:30 14.2 06:00 1.2 3.1 0.0 0.0 0.0 00:00 ---
5 21.5 28.2 14:25 15.2 07:03 0.7 3.8 0.0 0.0 0.0 00:00 ---
6 21.4 28.7 14:11 15.1 06:45 0.7 3.9 0.0 0.0 0.0 00:00 ---
7 20.7 27.2 15:57 16.4 02:10 0.4 2.9 12.2 0.0 1.6 08:03 ---
8 21.9 28.2 14:51 15.8 06:35 0.5 4.1 0.0 0.0 0.0 00:00 ---
9 22.4 30.1 13:02 15.8 07:23 0.5 4.5 0.0 0.0 0.0 00:00 ---
10 22.3 31.1 16:21 15.1 06:59 0.6 4.7 0.0 0.0 0.0 00:00 ---
11 22.6 31.6 12:56 14.4 07:18 1.0 5.3 0.0 0.0 0.0 00:00 ---
12 21.9 30.7 13:39 14.6 07:16 0.9 4.6 0.0 0.0 0.0 00:00 ---
13 21.8 27.3 17:05 16.6 05:44 0.4 3.9 0.0 0.0 0.0 00:00 ---
14 22.8 28.8 15:08 17.2 07:21 0.1 4.5 0.0 0.0 0.0 00:00 ---
15 22.7 28.8 14:26 17.8 04:49 0.1 4.5 0.0 0.0 0.0 00:00 ---
16 22.6 29.2 14:56 16.6 07:20 0.2 4.5 0.0 0.0 0.0 00:00 ---
17 22.8 29.6 15:53 18.5 07:24 0.0 4.5 1.0 0.0 0.0 00:00 ---
18 22.7 28.7 14:28 17.0 07:20 0.1 4.6 0.0 0.0 0.0 00:00 ---
19 23.0 30.9 16:18 16.7 06:54 0.2 4.9 0.0 0.0 0.0 00:00 ---
20 23.7 31.8 16:50 16.8 06:58 0.2 5.6 0.0 0.0 0.0 00:00 ---
21 23.0 30.7 15:54 16.8 06:34 0.2 5.0 0.0 0.0 0.0 00:00 ---
22 22.3 28.8 15:46 17.3 06:28 0.2 4.2 0.0 0.0 0.0 00:00 ---
23 22.0 28.6 15:10 15.4 07:02 0.6 4.2 0.0 0.0 0.0 00:00 ---
24 23.7 29.8 15:29 20.2 02:55 0.0 5.4 0.6 0.0 0.0 00:00 ---
25 20.2 24.4 14:41 16.7 23:56 0.2 2.2 0.4 6.0 35.4 15:27 NNE
26 17.8 23.7 14:36 11.1 23:57 1.8 1.3 0.0 5.7 32.2 08:54 NNE
27 16.0 26.6 15:02 5.8 07:25 4.7 2.4 0.0 1.3 16.1 13:15 S
28 17.6 28.4 13:51 8.3 07:06 3.6 2.9 0.0 1.6 19.3 14:18 SSE
29 19.5 28.9 14:57 9.7 07:41 2.7 3.9 0.0 2.3 24.1 20:00 NW
30 18.7 25.7 14:16 11.9 07:19 2.0 2.5 0.0 1.7 20.9 13:15 SSE
----------------------------------------------------------------------------------
21.2 31.8 20 5.8 27 25.8 114.1 43.2 0.6 35.4 25 NNE
Max >= 27.0: 22
Max <= 0.0: 0
Min <= 0.0: 0
Min <= -18.0: 0
Max Rain: 19.2 on day 2
Days of Rain: 7 (>= 0.2 mm) 4 (>= 2.0 mm) 0 (>= 20.0 mm)
Heat Base: 18.3 Cool Base: 18.3 Method: Integration