Select a Year or Month report
Report for 2018 Aug
Monthly Climatological Summary for Aug 2018
Name: Meteo Sarzana City: Sarzana State: Italy
Elevation: 21 m Lat: N 44� 06' 04" Lon: E 009� 59' 08"
Temperature (�C), Rain (mm), Wind Speed (km/h)
Heat Cool Avg
Mean Deg Deg Wind Dom
Day Temp High Time Low Time Days Days Rain Speed High Time Dir
----------------------------------------------------------------------------------
1 29.2 36.6 14:32 21.4 06:24 0.0 10.9 0.0 0.0 0.0 00:00 ---
2 27.8 34.8 13:52 21.3 06:18 0.0 9.5 0.0 0.0 0.0 00:00 ---
3 28.6 34.9 16:47 21.8 05:53 0.0 10.3 0.0 0.0 0.0 00:00 ---
4 30.9 36.9 16:24 25.3 07:04 0.0 12.6 0.0 0.0 0.0 00:00 ---
5 29.4 35.9 12:43 21.3 06:46 0.0 11.1 0.0 0.0 0.0 00:00 ---
6 28.4 35.8 17:22 20.9 06:45 0.0 10.1 0.0 0.0 0.0 00:00 ---
7 27.3 34.8 16:22 21.1 06:17 0.0 9.0 0.0 0.0 0.0 00:00 ---
8 27.1 33.0 15:02 21.0 06:37 0.0 8.8 0.0 0.0 0.0 00:00 ---
9 26.5 33.4 15:48 20.1 06:56 0.0 8.2 0.0 0.0 0.0 00:00 ---
10 26.1 31.3 14:10 20.8 06:49 0.0 7.8 0.0 0.0 0.0 00:00 ---
11 25.3 30.8 13:25 19.9 06:35 0.0 7.0 0.0 0.0 0.0 00:00 ---
12 24.5 30.5 14:01 17.7 06:40 0.0 6.3 0.0 0.0 0.0 00:00 ---
13 22.8 30.1 12:58 17.1 05:52 0.2 4.7 3.6 0.0 0.0 00:00 ---
14 22.3 28.8 14:57 18.2 02:30 0.0 4.0 14.8 0.0 1.6 02:16 ---
15 26.3 31.7 14:04 20.2 01:02 0.0 8.0 0.0 0.0 0.0 00:00 ---
16 25.2 31.8 14:09 17.5 06:19 0.1 6.9 0.0 0.0 0.0 00:00 ---
17 24.4 31.4 16:13 17.3 06:12 0.1 6.3 0.0 0.0 0.0 00:00 ---
18 25.6 32.7 13:27 18.6 06:34 0.0 7.3 0.0 0.0 0.0 00:00 ---
19 27.6 34.9 14:37 19.1 06:31 0.0 9.3 0.0 0.0 0.0 00:00 ---
20 27.9 36.0 16:06 19.1 06:52 0.0 9.6 0.0 0.0 0.0 00:00 ---
21 27.9 36.1 14:49 18.6 05:37 0.0 9.6 0.0 0.0 0.0 00:00 ---
22 25.7 36.3 12:25 18.2 07:01 0.0 7.4 0.4 0.0 1.6 16:56 ---
23 24.4 32.8 12:55 17.2 06:48 0.1 6.2 0.0 0.0 0.0 00:00 ---
24 24.7 31.7 13:35 17.8 06:42 0.0 6.4 0.0 0.0 0.0 00:00 ---
25 24.4 28.5 12:24 20.8 06:29 0.0 6.1 3.2 0.0 0.0 00:00 ---
26 23.7 29.0 15:55 18.3 23:47 0.0 5.4 0.0 0.0 0.0 00:00 ---
27 21.1 27.9 14:58 13.0 07:28 1.1 3.9 0.0 0.0 0.0 00:00 ---
28 23.0 32.3 15:27 14.3 06:59 0.8 5.4 0.0 0.0 0.0 00:00 ---
29 23.3 31.7 15:32 15.6 07:01 0.5 5.5 0.0 0.0 0.0 00:00 ---
30 22.0 29.8 15:03 17.7 05:27 0.1 3.8 0.4 0.0 0.0 00:00 ---
31 21.6 26.5 14:39 18.4 05:20 0.0 3.3 0.8 0.0 0.0 00:00 ---
----------------------------------------------------------------------------------
25.6 36.9 4 13.0 27 3.0 230.7 23.2 0.0 1.6 14 ---
Max >= 27.0: 30
Max <= 0.0: 0
Min <= 0.0: 0
Min <= -18.0: 0
Max Rain: 14.8 on day 14
Days of Rain: 6 (>= 0.2 mm) 3 (>= 2.0 mm) 0 (>= 20.0 mm)
Heat Base: 18.3 Cool Base: 18.3 Method: Integration