Select a Year or Month report
Report for 2018 Jun
Monthly Climatological Summary for Jun 2018
Name: Meteo Sarzana City: Sarzana State: Italy
Elevation: 21 m Lat: N 44� 06' 04" Lon: E 009� 59' 08"
Temperature (�C), Rain (mm), Wind Speed (km/h)
Heat Cool Avg
Mean Deg Deg Wind Dom
Day Temp High Time Low Time Days Days Rain Speed High Time Dir
----------------------------------------------------------------------------------
1 20.0 24.8 10:37 14.7 03:51 1.0 2.7 0.0 2.5 27.4 14:37 SW
2 20.0 26.2 13:52 13.8 04:05 1.3 3.0 0.0 0.0 0.0 00:00 ---
3 21.9 29.8 16:08 13.7 05:57 1.1 4.7 0.0 0.0 6.4 07:46 SSW
4 20.3 26.4 11:03 16.3 06:05 0.2 2.2 1.4 0.4 12.9 00:43 SSE
5 20.5 26.2 14:14 15.1 05:54 0.7 2.9 0.0 0.6 19.3 17:10 S
6 20.6 26.2 12:20 15.1 05:09 0.7 3.0 0.0 1.2 22.5 13:55 SSW
7 21.3 28.1 14:04 14.3 05:59 0.9 3.9 0.6 0.6 27.4 23:21 N
8 21.7 27.6 14:40 16.9 06:21 0.2 3.6 0.6 0.4 17.7 01:04 WNW
9 20.4 25.3 16:47 16.3 05:57 0.4 2.5 0.0 2.6 25.7 13:08 SW
10 21.2 26.9 12:53 16.2 04:33 0.4 3.3 0.0 0.8 22.5 13:22 SSE
11 22.1 28.8 11:03 15.6 05:34 0.6 4.4 0.0 0.6 24.1 12:31 SW
12 21.0 26.4 12:14 16.7 04:13 0.3 3.0 9.4 1.9 32.2 19:09 S
13 20.8 25.0 15:33 17.0 23:57 0.0 2.5 2.8 0.9 30.6 13:07 SW
14 21.7 28.1 15:42 15.6 03:48 0.7 4.0 1.0 3.2 32.2 11:39 N
15 22.7 29.0 14:17 15.5 06:20 0.4 4.8 0.0 0.0 8.0 00:20 WSW
16 22.3 29.0 14:01 14.6 04:53 0.7 4.6 0.0 1.1 20.9 17:44 SE
17 23.1 30.4 17:20 15.4 05:49 0.5 5.3 0.0 0.0 0.0 00:00 ---
18 23.7 30.3 12:47 16.9 04:29 0.2 5.6 0.0 0.9 24.1 15:49 SE
19 24.9 32.4 13:28 16.5 05:28 0.2 6.8 0.0 0.6 17.7 15:03 SE
20 26.2 33.9 15:22 18.0 04:41 0.0 7.9 0.0 1.2 20.9 05:01 SW
21 24.6 31.1 15:29 17.7 05:52 0.0 6.3 0.0 0.0 14.5 17:56 ESE
22 23.7 30.0 15:23 19.7 05:58 0.0 5.4 1.4 1.1 24.1 22:00 NNE
23 24.3 29.0 14:14 17.8 23:46 0.0 6.1 0.0 2.5 35.4 02:47 NNE
24 21.6 28.2 13:19 13.9 05:31 0.9 4.1 0.0 0.4 24.1 20:22 NNW
25 21.7 28.0 15:35 14.3 04:31 0.8 4.3 0.0 1.9 29.0 21:38 NE
26 23.3 28.9 16:22 16.3 06:37 0.1 5.1 0.0 0.6 29.0 13:01 NNE
27 23.1 29.1 15:49 14.9 06:30 0.3 5.1 0.0 0.4 20.9 13:27 ESE
28 22.7 27.8 12:43 16.7 06:16 0.1 4.5 0.2 1.5 27.4 14:49 SW
29 23.1 29.4 12:20 15.1 05:50 0.4 5.3 0.0 0.0 0.0 00:00 ---
30 23.8 31.2 14:45 16.6 05:57 0.2 5.7 0.0 0.0 1.6 05:09 ---
----------------------------------------------------------------------------------
22.3 33.9 20 13.7 3 13.3 132.6 17.4 0.9 35.4 23 SW
Max >= 27.0: 21
Max <= 0.0: 0
Min <= 0.0: 0
Min <= -18.0: 0
Max Rain: 9.4 on day 12
Days of Rain: 8 (>= 0.2 mm) 2 (>= 2.0 mm) 0 (>= 20.0 mm)
Heat Base: 18.3 Cool Base: 18.3 Method: Integration